{"id":15704,"date":"2024-09-11T13:20:42","date_gmt":"2024-09-11T13:20:42","guid":{"rendered":"https:\/\/www.ne.se\/info\/?page_id=15704"},"modified":"2024-11-04T08:07:59","modified_gmt":"2024-11-04T08:07:59","slug":"haja2","status":"publish","type":"page","link":"https:\/\/www.ne.se\/info\/privatpersoner\/haja2\/","title":{"rendered":"Haja"},"content":{"rendered":"\n\n\n<section  class=\"header-big-pic\">\n    <div class=\"container\">\n        <div class=\"inner  teaching-padding\">\n                                        \n<h1 class=\"h1\"> Haja <\/h1>                                        <p class=\"ingress\">Ett sprillans nytt uppslagsverk med massor av l\u00e4ttl\u00e4sta faktatexter f\u00f6r de yngsta barnen.<\/p>\n            \n                            <ul class=\"usps\">\n            <li class=\"usp\">\n            <svg width=\"24\" height=\"24\" viewBox=\"0 0 24 24\" fill=\"none\" xmlns=\"http:\/\/www.w3.org\/2000\/svg\">\n    <path d=\"M9 16.17 5.53 12.7a.996.996 0 1 0-1.41 1.41l4.18 4.18c.39.39 1.02.39 1.41 0L20.29 7.71a.996.996 0 1 0-1.41-1.41L9 16.17z\" fill=\"#007DB8\"\/>\n<\/svg>\n            Skapad av experter.        <\/li>\n            <li class=\"usp\">\n            <svg width=\"24\" height=\"24\" viewBox=\"0 0 24 24\" fill=\"none\" xmlns=\"http:\/\/www.w3.org\/2000\/svg\">\n    <path d=\"M9 16.17 5.53 12.7a.996.996 0 1 0-1.41 1.41l4.18 4.18c.39.39 1.02.39 1.41 0L20.29 7.71a.996.996 0 1 0-1.41-1.41L9 16.17z\" fill=\"#007DB8\"\/>\n<\/svg>\n            Framtagen med elever och l\u00e4rare.        <\/li>\n            <li class=\"usp\">\n            <svg width=\"24\" height=\"24\" viewBox=\"0 0 24 24\" fill=\"none\" xmlns=\"http:\/\/www.w3.org\/2000\/svg\">\n    <path d=\"M9 16.17 5.53 12.7a.996.996 0 1 0-1.41 1.41l4.18 4.18c.39.39 1.02.39 1.41 0L20.29 7.71a.996.996 0 1 0-1.41-1.41L9 16.17z\" fill=\"#007DB8\"\/>\n<\/svg>\n            Flera v\u00e4gar till fakta.        <\/li>\n    <\/ul>                    <\/div>\n    <\/div>\n\n    <div class=\"background-image\">\n        <img decoding=\"async\" src=\"https:\/\/www.ne.se\/info\/wp-content\/uploads\/2024\/05\/Haja-1_header-pic-overlay.png\" srcset=\"https:\/\/www.ne.se\/info\/wp-content\/uploads\/2024\/05\/Haja-1_header-pic-overlay.png 3840w, https:\/\/www.ne.se\/info\/wp-content\/uploads\/2024\/05\/Haja-1_header-pic-overlay-300x88.png 300w, https:\/\/www.ne.se\/info\/wp-content\/uploads\/2024\/05\/Haja-1_header-pic-overlay-1024x299.png 1024w, https:\/\/www.ne.se\/info\/wp-content\/uploads\/2024\/05\/Haja-1_header-pic-overlay-768x224.png 768w, https:\/\/www.ne.se\/info\/wp-content\/uploads\/2024\/05\/Haja-1_header-pic-overlay-1536x448.png 1536w, https:\/\/www.ne.se\/info\/wp-content\/uploads\/2024\/05\/Haja-1_header-pic-overlay-2048x597.png 2048w, https:\/\/www.ne.se\/info\/wp-content\/uploads\/2024\/05\/Haja-1_header-pic-overlay-354x103.png 354w\" sizes=\"(max-width: 3840px) 100vw, 3840px\" alt=\"\" title=\"Haja 1_header pic overlay\" \/>\n    <\/div>\n\n    <div class=\"overlay-top\"><\/div>\n    <div class=\"overlay-bottom\"><\/div>\n<\/section>\n\n\n\n<section id=\"teaching_top\" class=\"left-right bg-white\">\n    <div class=\"container twelve-col\">\n        <div class=\"inner  pt-3 pb-3\">\n                            <div class=\"grid\">\n                    <div class=\"col col-2\">\n                        \n\n<div class=\"content\">\n\n            \n<p class=\"uptext\">\n    <span class=\"line\"><\/span>\n    L\u00e4tt att l\u00e4sa \u2013 l\u00e4tt att l\u00e4ra<\/p>    \n    \n            \n<h2 class=\"h2\"> Kunskap f\u00f6r de yngsta uppt\u00e4ckarna <\/h2>    \n            <p class=\"ingress\">Med Haja f\u00e5r du inspirerande  l\u00e4ttl\u00e4sta texter att lita p\u00e5. Filmer och h\u00e4rliga bilder kittlar nyfikenheten och ditt barn f\u00e5r l\u00e4str\u00e4ning och faktakunskap samtidigt, oavsett l\u00e4sniv\u00e5.<br \/>\r\n<br \/>\r\nS\u00f6k p\u00e5 valfritt ord eller dyk in i en av samlingarna d\u00e4r du hittar en massa rolig fakta inom ett \u00e4mne. Vilken samling tror du lockar ditt barn  mest \u2013 rymden, husdjur eller sagov\u00e4sen? L\u00e5t uppt\u00e4cktsresan b\u00f6rja!<\/p>\n    \n    \n            <div class=\"btn-container\">\n                            \n<a href=\"https:\/\/www.ne.se\/account\/create-account?product=familj&#038;interval=month\" target=\"\" aria-label=\"K\u00f6p Haja redan i dag\" class=\"button button-blue\">\n    K\u00f6p Haja redan i dag    <\/a>                                <\/div>\n    \n    \n\n<\/div>                    <\/div>\n                    <div class=\"col col-2 img-right\">\n                                                                                                                        <picture>\n                                        <source media=\"(min-width:767px)\" srcset=\"https:\/\/www.ne.se\/info\/wp-content\/uploads\/2024\/09\/Left-right-Haja_1-1240x992.png\">\n                                        <source media=\"(max-width:767px)\" srcset=\"https:\/\/www.ne.se\/info\/wp-content\/uploads\/2024\/09\/Left-right-Haja_1-1240x920.png\">\n                                        <img decoding=\"async\" src=\"https:\/\/www.ne.se\/info\/wp-content\/uploads\/2024\/09\/Left-right-Haja_1-1240x992.png\" srcset=\"https:\/\/www.ne.se\/info\/wp-content\/uploads\/2024\/09\/Left-right-Haja_1-1240x992.png 1240w, https:\/\/www.ne.se\/info\/wp-content\/uploads\/2024\/09\/Left-right-Haja_1-800x640.png 800w\" sizes=\"(max-width: 1240px) 100vw, 1240px\" alt=\"\" title=\"Left right Haja_1\"  \/>\n                                    <\/picture>\n                                                            \n                                            <\/div>\n                <\/div>\n                    <\/div>\n    <\/div>\n<\/section>\n\n\n\n\n\n\n<section  class=\"blog-header\">\n    <div class=\"container\">\n        <div class=\"inner  pt-0 pb-3\">\n        \n            <div class=\"content\">\n                \n                \n                \n                            <\/div>\n\n                            <img decoding=\"async\" src=\"https:\/\/www.ne.se\/info\/wp-content\/uploads\/2024\/09\/Haja_produktbild-1280x516.png\" srcset=\"https:\/\/www.ne.se\/info\/wp-content\/uploads\/2024\/09\/Haja_produktbild-1280x516.png 1280w, https:\/\/www.ne.se\/info\/wp-content\/uploads\/2024\/09\/Haja_produktbild-300x121.png 300w, https:\/\/www.ne.se\/info\/wp-content\/uploads\/2024\/09\/Haja_produktbild-1024x413.png 1024w, https:\/\/www.ne.se\/info\/wp-content\/uploads\/2024\/09\/Haja_produktbild-768x310.png 768w, https:\/\/www.ne.se\/info\/wp-content\/uploads\/2024\/09\/Haja_produktbild-1536x619.png 1536w, https:\/\/www.ne.se\/info\/wp-content\/uploads\/2024\/09\/Haja_produktbild-2048x826.png 2048w, https:\/\/www.ne.se\/info\/wp-content\/uploads\/2024\/09\/Haja_produktbild-354x143.png 354w\" sizes=\"(max-width: 1280px) 100vw, 1280px\" alt=\"\" title=\"Haja_produktbild\" \/>\n                                    <\/div>\n    <\/div>\n<\/section>\n\n\n\n<section  class=\"small-card-block \">\n    <div class=\"container\">\n        <div class=\"inner  pt-3 pb-4\">\n                            <div class=\"grid small-card-grid\">\n                                            <div class=\"col col-3\">\n                            \n<div class=\"small-card white\">\n    <div class=\"wrapper\">\n                    <img decoding=\"async\" class=\"icon-desktop\" src=\"https:\/\/www.ne.se\/info\/wp-content\/uploads\/2024\/05\/Sprakinlarning.png\" alt=\"\" title=\"Spra\u030akinla\u0308rning\">\n        \n                        <div class=\"heading-container\">\n                            <img decoding=\"async\" class=\"icon-mobile\" src=\"https:\/\/www.ne.se\/info\/wp-content\/uploads\/2024\/05\/Sprakinlarning.png\" alt=\"\" title=\"Spra\u030akinla\u0308rning\">\n                        <p class=\"card-heading\">Inspirerande temasamlingar<\/p>\n        <\/div>\n                            <p class=\"card-ingress\">I Haja kan eleverna s\u00f6ka p\u00e5 ett ord eller enkelt klicka sig till temasamlingar s\u00e5som L\u00e4nder, K\u00e4nda personer, Farliga djur, Godsaker och mycket mycket mer. Bilder och filmer g\u00f6r inneh\u00e5llet mer tillg\u00e4ngligt oavsett vilken l\u00e4sniv\u00e5 eleven befinner sig p\u00e5. <\/p>\n            <\/div>\n    <\/div>                        <\/div>\n                                            <div class=\"col col-3\">\n                            \n<div class=\"small-card white\">\n    <div class=\"wrapper\">\n                    <img decoding=\"async\" class=\"icon-desktop\" src=\"https:\/\/www.ne.se\/info\/wp-content\/uploads\/2024\/05\/Happy-smiley_blue.png\" alt=\"\" title=\"Happy smiley_blue\">\n        \n                        <div class=\"heading-container\">\n                            <img decoding=\"async\" class=\"icon-mobile\" src=\"https:\/\/www.ne.se\/info\/wp-content\/uploads\/2024\/05\/Happy-smiley_blue.png\" alt=\"\" title=\"Happy smiley_blue\">\n                        <p class=\"card-heading\">Framtaget tillsammans med elever<\/p>\n        <\/div>\n                            <p class=\"card-ingress\">Utseende och funktioner har utvecklats i samarbete med l\u00e5gstadieelever och deras l\u00e4rare. Urvalet av faktatexter \u00e4r baserat p\u00e5 elevers intresse samt skolans behov och kursplanernas inneh\u00e5ll f\u00f6r \u00e5rskurs 1\u20133.<\/p>\n            <\/div>\n    <\/div>                        <\/div>\n                                            <div class=\"col col-3\">\n                            \n<div class=\"small-card white\">\n    <div class=\"wrapper\">\n                    <img decoding=\"async\" class=\"icon-desktop\" src=\"https:\/\/www.ne.se\/info\/wp-content\/uploads\/2024\/05\/Livboj_blue.png\" alt=\"\" title=\"Livboj_blue\">\n        \n                        <div class=\"heading-container\">\n                            <img decoding=\"async\" class=\"icon-mobile\" src=\"https:\/\/www.ne.se\/info\/wp-content\/uploads\/2024\/05\/Livboj_blue.png\" alt=\"\" title=\"Livboj_blue\">\n                        <p class=\"card-heading\">Skapad av experter<\/p>\n        <\/div>\n                            <p class=\"card-ingress\">Texterna i Haja \u00e4r skapade av l\u00e4ttl\u00e4stexperter, \u00e4mnesexperter, barnboksf\u00f6rfattare och l\u00e4romedelsf\u00f6rfattare.<\/p>\n            <\/div>\n    <\/div>                        <\/div>\n                                    <\/div>\n                    <\/div>\n    <\/div>\n<\/section>\n\n\n\n<section  class=\"mini-header center\">\n    <div class=\"container\">\n        <div class=\"inner  pt-3 pb-1\">\n\n        \n                            <div class=\"heading-container\">\n                    \n<h2 class=\"h3\"> M\u00f6t n\u00e5gra av skaparna bakom Haja <\/h2>                                    <\/div>\n            \n            <div class=\"content-container\">\n\n                                    \n<p class=\"ample\">\n    Bakom Haja st\u00e5r \u00e4mnesexperter, barnboksf\u00f6rfattare, pedagoger, utvecklare och UX-designers. H\u00e4r tr\u00e4ffar du n\u00e5gra av dem och f\u00e5r titta in bakom kulisserna.<\/p>                \n\n                \n                \n            <\/div>\n\n        <\/div>\n    <\/div>\n<\/section>\n\n\n\n<section  class=\"card-row bg-white\">\n    <div class=\"container\">\n        <div class=\"inner   \">\n                            <div class=\"grid card-row-grid three\">\n                                                                    <div class=\"col col-3 card-row-item\">\n                            \n<div class=\"card-medium\">\n            <picture>\n            <source media=\"(min-width:767px)\" srcset=\"https:\/\/www.ne.se\/info\/wp-content\/uploads\/2023\/04\/ne-se-lattlast-portratt2-800x432.jpg\">\n            <source media=\"(max-width:767px)\" srcset=\"https:\/\/www.ne.se\/info\/wp-content\/uploads\/2023\/04\/ne-se-lattlast-portratt2-1454x678.jpg\">\n            <img decoding=\"async\" src=\"https:\/\/www.ne.se\/info\/wp-content\/uploads\/2023\/04\/ne-se-lattlast-portratt2-800x432.jpg\" srcset=\"\" sizes=\"(max-width: 800px) 100vw, 800px\" alt=\"\" title=\"ne-se-la\u0308ttla\u0308st-portra\u0308tt2\"  \/>\n        <\/picture>\n        <div class=\"wrapper\">\n                            <h4 class=\"heading\">Ulla Boman \u2013 l\u00e4ttl\u00e4st-expert och begriplighetskonsult<\/h4>\n                            <p class=\"text\">Ulla Boman har arbetat med faktatexterna i Haja f\u00f6r att garantera att de \u00e4r l\u00e4ttl\u00e4sta p\u00e5 riktigt. Hur hon arbetade med att g\u00f6ra l\u00e4ttl\u00e4sta versioner i NE:s l\u00e4romedel kan du l\u00e4sa h\u00e4r. <\/p>\n            <\/div>\n                                        \n<a href=\"https:\/\/www.ne.se\/info\/forskning-och-skolutveckling\/lattlast-laromedel\/\" class=\"link button-link\">\n    L\u00e4s mer    <svg width=\"16\" height=\"17\" viewBox=\"0 0 16 17\" fill=\"none\" xmlns=\"http:\/\/www.w3.org\/2000\/svg\">\n    <path d=\"M3.333 9.167h7.447L7.527 12.42a.672.672 0 0 0 0 .947c.26.26.68.26.94 0l4.393-4.394c.26-.26.26-.68 0-.94l-4.387-4.4a.664.664 0 1 0-.94.94l3.247 3.26H3.333c-.366 0-.666.3-.666.667 0 .367.3.667.666.667z\" fill=\"#007DB8\"\/>\n<\/svg>\n<\/a>                        <\/div>                        <\/div>\n\n                                                                    <div class=\"col col-3 card-row-item\">\n                            \n<div class=\"card-medium\">\n            <picture>\n            <source media=\"(min-width:767px)\" srcset=\"https:\/\/www.ne.se\/info\/wp-content\/uploads\/2024\/02\/Latta-Skogh-1-web-800x432.jpg\">\n            <source media=\"(max-width:767px)\" srcset=\"https:\/\/www.ne.se\/info\/wp-content\/uploads\/2024\/02\/Latta-Skogh-1-web-1454x678.jpg\">\n            <img decoding=\"async\" src=\"https:\/\/www.ne.se\/info\/wp-content\/uploads\/2024\/02\/Latta-Skogh-1-web-800x432.jpg\" srcset=\"\" sizes=\"(max-width: 800px) 100vw, 800px\" alt=\"L\u00e5tta p\u00e5 NE\" title=\"La\u030atta Skogh 1-web\"  \/>\n        <\/picture>\n        <div class=\"wrapper\">\n                            <h4 class=\"heading\">L\u00e5tta Skogh  \u2013 kan konsten att vara koncis<\/h4>\n                            <p class=\"text\">L\u00e5tta Skogh \u00e4r biolog, NE-redakt\u00f6r, l\u00e4romedelsf\u00f6rfattare och ser till att faktan i Haja \u00e4r korrekt. Hon menar att det g\u00e5r att skriva texter som \u00e4r kul att l\u00e4sa utan att g\u00f6ra avkall p\u00e5 kvaliteten.<\/p>\n            <\/div>\n                                        \n<a href=\"https:\/\/www.ne.se\/info\/nytt-fran-oss\/latta-pa-ne\/\" class=\"link button-link\">\n    L\u00e4s mer    <svg width=\"16\" height=\"17\" viewBox=\"0 0 16 17\" fill=\"none\" xmlns=\"http:\/\/www.w3.org\/2000\/svg\">\n    <path d=\"M3.333 9.167h7.447L7.527 12.42a.672.672 0 0 0 0 .947c.26.26.68.26.94 0l4.393-4.394c.26-.26.26-.68 0-.94l-4.387-4.4a.664.664 0 1 0-.94.94l3.247 3.26H3.333c-.366 0-.666.3-.666.667 0 .367.3.667.666.667z\" fill=\"#007DB8\"\/>\n<\/svg>\n<\/a>                        <\/div>                        <\/div>\n\n                                                                    <div class=\"col col-3 card-row-item\">\n                            \n<div class=\"card-medium\">\n            <picture>\n            <source media=\"(min-width:767px)\" srcset=\"https:\/\/www.ne.se\/info\/wp-content\/uploads\/2024\/02\/Martin2-800x432.jpg\">\n            <source media=\"(max-width:767px)\" srcset=\"https:\/\/www.ne.se\/info\/wp-content\/uploads\/2024\/02\/Martin2-1240x678.jpg\">\n            <img decoding=\"async\" src=\"https:\/\/www.ne.se\/info\/wp-content\/uploads\/2024\/02\/Martin2-800x432.jpg\" srcset=\"\" sizes=\"(max-width: 800px) 100vw, 800px\" alt=\"Martin p\u00e5 NE \u2013 ett ess p\u00e5 UX\" title=\"Martin2\"  \/>\n        <\/picture>\n        <div class=\"wrapper\">\n                            <h4 class=\"heading\">Martin Lindeborg \u2013 ett ess p\u00e5 anv\u00e4ndarupplevelse<\/h4>\n                            <p class=\"text\">F\u00f6r Martin Lindeborg har det varit sp\u00e4nnande att f\u00e5 testa designen av Haja och f\u00e5 feedback fr\u00e5n elever och l\u00e4rare. Med deras hj\u00e4lp har Haja blivit l\u00e4ttare att anv\u00e4nda. Design ska ge elever m\u00f6jlighet att l\u00e4ra sig p\u00e5 b\u00e4sta s\u00e4tt.<\/p>\n            <\/div>\n                                        \n<a href=\"https:\/\/www.ne.se\/info\/nytt-fran-oss\/martin-pa-ne-ett-ess-pa-ux\/\" class=\"link button-link\">\n    L\u00e4s mer    <svg width=\"16\" height=\"17\" viewBox=\"0 0 16 17\" fill=\"none\" xmlns=\"http:\/\/www.w3.org\/2000\/svg\">\n    <path d=\"M3.333 9.167h7.447L7.527 12.42a.672.672 0 0 0 0 .947c.26.26.68.26.94 0l4.393-4.394c.26-.26.26-.68 0-.94l-4.387-4.4a.664.664 0 1 0-.94.94l3.247 3.26H3.333c-.366 0-.666.3-.666.667 0 .367.3.667.666.667z\" fill=\"#007DB8\"\/>\n<\/svg>\n<\/a>                        <\/div>                        <\/div>\n\n                                    <\/div>\n                    <\/div>\n    <\/div>\n<\/section>\n\n\n\n<section id=\"teaching_top\" class=\"left-right bg-gradient-bottom\">\n    <div class=\"container twelve-col\">\n        <div class=\"inner  pt-3 pb-3\">\n                            <div class=\"grid\">\n                    <div class=\"col col-2\">\n                        \n\n<div class=\"content\">\n\n    \n    \n            \n<h2 class=\"h3\"> Obegr\u00e4nsat med kunskap <\/h2>    \n            <p class=\"ingress\">Skaffa inspirerande, faktasp\u00e4ckade och p\u00e5litliga kunskapstj\u00e4nster fr\u00e5n 59 kr\/m\u00e5nad. Du \u00e4r ig\u00e5ng p\u00e5 ett par minuter och f\u00e5r tillg\u00e5ng direkt. Avsluta n\u00e4r du vill.<\/p>\n    \n    \n            <div class=\"btn-container\">\n                            \n<a href=\"https:\/\/www.ne.se\/info\/privatpersoner\/#priser\" target=\"\" aria-label=\"Prova NE gratis i 7 dagar\" class=\"button button-blue\">\n    Prova NE gratis i 7 dagar    <\/a>                                <\/div>\n    \n    \n\n<\/div>                    <\/div>\n                    <div class=\"col col-2 img-right\">\n                                                                                                                        <picture>\n                                        <source media=\"(min-width:767px)\" srcset=\"https:\/\/www.ne.se\/info\/wp-content\/uploads\/2023\/04\/Cirklar-NE-1240x992.png\">\n                                        <source media=\"(max-width:767px)\" srcset=\"https:\/\/www.ne.se\/info\/wp-content\/uploads\/2023\/04\/Cirklar-NE-1240x920.png\">\n                                        <img decoding=\"async\" src=\"https:\/\/www.ne.se\/info\/wp-content\/uploads\/2023\/04\/Cirklar-NE-1240x992.png\" srcset=\"https:\/\/www.ne.se\/info\/wp-content\/uploads\/2023\/04\/Cirklar-NE-1240x992.png 1240w, https:\/\/www.ne.se\/info\/wp-content\/uploads\/2023\/04\/Cirklar-NE-800x640.png 800w\" sizes=\"(max-width: 1240px) 100vw, 1240px\" alt=\"\" title=\"Cirklar NE\"  \/>\n                                    <\/picture>\n                                                            \n                                            <\/div>\n                <\/div>\n                    <\/div>\n    <\/div>\n<\/section>\n\n\n","protected":false},"excerpt":{"rendered":"","protected":false},"author":8,"featured_media":0,"parent":1425,"menu_order":0,"comment_status":"closed","ping_status":"closed","template":"page-teaching-material.php","meta":{"inline_featured_image":false,"footnotes":""},"subject":[],"class_list":["post-15704","page","type-page","status-publish","hentry"],"acf":[],"_links":{"self":[{"href":"https:\/\/www.ne.se\/info\/wp-json\/wp\/v2\/pages\/15704","targetHints":{"allow":["GET"]}}],"collection":[{"href":"https:\/\/www.ne.se\/info\/wp-json\/wp\/v2\/pages"}],"about":[{"href":"https:\/\/www.ne.se\/info\/wp-json\/wp\/v2\/types\/page"}],"author":[{"embeddable":true,"href":"https:\/\/www.ne.se\/info\/wp-json\/wp\/v2\/users\/8"}],"replies":[{"embeddable":true,"href":"https:\/\/www.ne.se\/info\/wp-json\/wp\/v2\/comments?post=15704"}],"version-history":[{"count":54,"href":"https:\/\/www.ne.se\/info\/wp-json\/wp\/v2\/pages\/15704\/revisions"}],"predecessor-version":[{"id":16715,"href":"https:\/\/www.ne.se\/info\/wp-json\/wp\/v2\/pages\/15704\/revisions\/16715"}],"up":[{"embeddable":true,"href":"https:\/\/www.ne.se\/info\/wp-json\/wp\/v2\/pages\/1425"}],"wp:attachment":[{"href":"https:\/\/www.ne.se\/info\/wp-json\/wp\/v2\/media?parent=15704"}],"wp:term":[{"taxonomy":"subject","embeddable":true,"href":"https:\/\/www.ne.se\/info\/wp-json\/wp\/v2\/subject?post=15704"}],"curies":[{"name":"wp","href":"https:\/\/api.w.org\/{rel}","templated":true}]}}