{"id":15794,"date":"2024-09-17T08:36:45","date_gmt":"2024-09-17T08:36:45","guid":{"rendered":"https:\/\/www.ne.se\/info\/?page_id=15794"},"modified":"2025-10-09T14:12:09","modified_gmt":"2025-10-09T14:12:09","slug":"lastrana-med-hajafaktabocker","status":"publish","type":"page","link":"https:\/\/www.ne.se\/info\/skola\/lastrana-med-hajafaktabocker\/","title":{"rendered":"L\u00e4str\u00e4na med Haja faktab\u00f6cker"},"content":{"rendered":"\n\n<section  class=\"blog-header\">\n    <div class=\"container\">\n        <div class=\"inner  pt-5 pb-2\">\n        \n            <div class=\"content\">\n                \n                \n                \n                            <\/div>\n\n                            <img decoding=\"async\" src=\"https:\/\/www.ne.se\/info\/wp-content\/uploads\/2024\/09\/Header-lastraningsmallar-1280x516.png\" srcset=\"https:\/\/www.ne.se\/info\/wp-content\/uploads\/2024\/09\/Header-lastraningsmallar-1280x516.png 1280w, https:\/\/www.ne.se\/info\/wp-content\/uploads\/2024\/09\/Header-lastraningsmallar-300x121.png 300w, https:\/\/www.ne.se\/info\/wp-content\/uploads\/2024\/09\/Header-lastraningsmallar-1024x413.png 1024w, https:\/\/www.ne.se\/info\/wp-content\/uploads\/2024\/09\/Header-lastraningsmallar-768x310.png 768w, https:\/\/www.ne.se\/info\/wp-content\/uploads\/2024\/09\/Header-lastraningsmallar-1536x619.png 1536w, https:\/\/www.ne.se\/info\/wp-content\/uploads\/2024\/09\/Header-lastraningsmallar-2048x826.png 2048w, https:\/\/www.ne.se\/info\/wp-content\/uploads\/2024\/09\/Header-lastraningsmallar-354x143.png 354w\" sizes=\"(max-width: 1280px) 100vw, 1280px\" alt=\"\" title=\"\" \/>\n                                    <\/div>\n    <\/div>\n<\/section>\n\n\n\n<section  class=\"hubspot-form-block\">\n    <div class=\"container\">\n        <div class=\"inner  pt-3 pb-5\">\n                            <div class=\"grid\">\n                    <div class=\"col col-2\">\n                        \n\n<div class=\"content\">\n\n            \n<p class=\"uptext\">\n    <span class=\"line\"><\/span>\n    L\u00e4str\u00e4ning och faktakoll<\/p>    \n            \n<h2 class=\"\"> L\u00e4str\u00e4na med Haja faktab\u00f6cker <\/h2>    \n            <p class=\"ingress\">F\u00e5 tre uppgiftsmallar med anpassade fr\u00e5gor s\u00e5 att ni kan l\u00e4str\u00e4na och s\u00f6ka fakta om Sveriges landskap, sagov\u00e4sen och d\u00e4ggdjur i Sverige. Perfekt att anv\u00e4nda enskilt eller som utg\u00e5ngspunkt f\u00f6r ett grupparbete.\r\n\r\nFaktan hittar eleverna i de l\u00e4ttl\u00e4sta texterna i Haja. Fyll i formul\u00e4ret s\u00e5 f\u00e5r du mallarna direkt i din inkorg.\r\n<\/p>\n    \n            <ul class=\"usps\">\n            <li class=\"usp\">\n            <svg width=\"24\" height=\"24\" viewBox=\"0 0 24 24\" fill=\"none\" xmlns=\"http:\/\/www.w3.org\/2000\/svg\">\n    <path d=\"M9 16.17 5.53 12.7a.996.996 0 1 0-1.41 1.41l4.18 4.18c.39.39 1.02.39 1.41 0L20.29 7.71a.996.996 0 1 0-1.41-1.41L9 16.17z\" fill=\"#007DB8\"\/>\n<\/svg>\n            L\u00e4sfr\u00e4mjande aktivitet        <\/li>\n            <li class=\"usp\">\n            <svg width=\"24\" height=\"24\" viewBox=\"0 0 24 24\" fill=\"none\" xmlns=\"http:\/\/www.w3.org\/2000\/svg\">\n    <path d=\"M9 16.17 5.53 12.7a.996.996 0 1 0-1.41 1.41l4.18 4.18c.39.39 1.02.39 1.41 0L20.29 7.71a.996.996 0 1 0-1.41-1.41L9 16.17z\" fill=\"#007DB8\"\/>\n<\/svg>\n            Gratis att ladda ned        <\/li>\n            <li class=\"usp\">\n            <svg width=\"24\" height=\"24\" viewBox=\"0 0 24 24\" fill=\"none\" xmlns=\"http:\/\/www.w3.org\/2000\/svg\">\n    <path d=\"M9 16.17 5.53 12.7a.996.996 0 1 0-1.41 1.41l4.18 4.18c.39.39 1.02.39 1.41 0L20.29 7.71a.996.996 0 1 0-1.41-1.41L9 16.17z\" fill=\"#007DB8\"\/>\n<\/svg>\n            Anpassas efter de yngsta elevernas l\u00e4sniv\u00e5        <\/li>\n    <\/ul>    \n    \n<\/div>                    <\/div>\n                    <div class=\"col col-2 form-right\">\n                        <div class=\"hubspot-form\">\n                            <script charset=\"utf-8\" type=\"text\/javascript\" src=\"\/\/js.hsforms.net\/forms\/embed\/v2.js\"><\/script>\r\n<script>\r\n  hbspt.forms.create({\r\n    region: \"na1\",\r\n    portalId: \"4069921\",\r\n    formId: \"cc07b8d4-7564-43ea-bf68-f6ede3b55a69\"\r\n  });\r\n<\/script>                        <\/div>\n                    <\/div>\n                <\/div>\n                    <\/div>\n    <\/div>\n<\/section>\n\n\n\n<section  class=\"left-right bg-white\">\n    <div class=\"container twelve-col\">\n        <div class=\"inner  pt-3 pb-4\">\n                            <div class=\"grid\">\n                    <div class=\"col col-2\">\n                        \n\n<div class=\"content\">\n\n    \n    \n            \n<h2 class=\"h3\"> Ett komplett paket f\u00f6r hela klassen <\/h2>    \n            <p class=\"ingress\">F\u00e5 faktakoll, l\u00e4str\u00e4ning och tr\u00e4na enkelt de grundl\u00e4ggande f\u00e4rdigheterna i \u00e5rskurs F\u20133 i en lekfull, avgr\u00e4nsad och p\u00e5litlig milj\u00f6. <br>Med Haja klasspaket f\u00e5r du:<br \/>\r\n<\/p>\n    \n            <ul class=\"usps\">\n            <li class=\"usp\">\n            <svg width=\"24\" height=\"24\" viewBox=\"0 0 24 24\" fill=\"none\" xmlns=\"http:\/\/www.w3.org\/2000\/svg\">\n    <path d=\"M9 16.17 5.53 12.7a.996.996 0 1 0-1.41 1.41l4.18 4.18c.39.39 1.02.39 1.41 0L20.29 7.71a.996.996 0 1 0-1.41-1.41L9 16.17z\" fill=\"#007DB8\"\/>\n<\/svg>\n            30 l\u00e4ttl\u00e4sta faktab\u00f6cker        <\/li>\n            <li class=\"usp\">\n            <svg width=\"24\" height=\"24\" viewBox=\"0 0 24 24\" fill=\"none\" xmlns=\"http:\/\/www.w3.org\/2000\/svg\">\n    <path d=\"M9 16.17 5.53 12.7a.996.996 0 1 0-1.41 1.41l4.18 4.18c.39.39 1.02.39 1.41 0L20.29 7.71a.996.996 0 1 0-1.41-1.41L9 16.17z\" fill=\"#007DB8\"\/>\n<\/svg>\n             Haja uppslagsverk         <\/li>\n            <li class=\"usp\">\n            <svg width=\"24\" height=\"24\" viewBox=\"0 0 24 24\" fill=\"none\" xmlns=\"http:\/\/www.w3.org\/2000\/svg\">\n    <path d=\"M9 16.17 5.53 12.7a.996.996 0 1 0-1.41 1.41l4.18 4.18c.39.39 1.02.39 1.41 0L20.29 7.71a.996.996 0 1 0-1.41-1.41L9 16.17z\" fill=\"#007DB8\"\/>\n<\/svg>\n            Haja-appen \u2013 en ing\u00e5ng till fem pedagogiska appar: Stava, R\u00e4kna, Pussla, Spelling och Sortera        <\/li>\n    <\/ul>    \n            <div class=\"btn-container\">\n                            \n<a href=\"https:\/\/www.ne.se\/info\/skola\/haja\/\" target=\"_blank\" aria-label=\"Best\u00e4ll Haja klasspaket h\u00e4r\" class=\"button button-blue\">\n    Best\u00e4ll Haja klasspaket h\u00e4r            <svg width=\"16\" height=\"16\" viewBox=\"0 0 16 16\" fill=\"none\" xmlns=\"http:\/\/www.w3.org\/2000\/svg\">\n<path d=\"M14 6.00001L14 2.00001M14 2.00001H9.99999M14 2.00001L8 8M6.66667 2H5.2C4.0799 2 3.51984 2 3.09202 2.21799C2.71569 2.40973 2.40973 2.71569 2.21799 3.09202C2 3.51984 2 4.07989 2 5.2V10.8C2 11.9201 2 12.4802 2.21799 12.908C2.40973 13.2843 2.71569 13.5903 3.09202 13.782C3.51984 14 4.07989 14 5.2 14H10.8C11.9201 14 12.4802 14 12.908 13.782C13.2843 13.5903 13.5903 13.2843 13.782 12.908C14 12.4802 14 11.9201 14 10.8V9.33333\" stroke=\"#F2F5F8\" stroke-width=\"2\" stroke-linecap=\"round\" stroke-linejoin=\"round\"\/>\n<\/svg>\n    <\/a>                                <\/div>\n    \n    \n\n<\/div>                    <\/div>\n                    <div class=\"col col-2 img-right\">\n                                                                                                                        <picture>\n                                        <source media=\"(min-width:767px)\" srcset=\"https:\/\/www.ne.se\/info\/wp-content\/uploads\/2025\/10\/Haja-klasspaket-2-med-pris-mindre-1-1240x992.png\">\n                                        <source media=\"(max-width:767px)\" srcset=\"https:\/\/www.ne.se\/info\/wp-content\/uploads\/2025\/10\/Haja-klasspaket-2-med-pris-mindre-1-1460x920.png\">\n                                        <img decoding=\"async\" src=\"https:\/\/www.ne.se\/info\/wp-content\/uploads\/2025\/10\/Haja-klasspaket-2-med-pris-mindre-1-1240x992.png\" srcset=\"https:\/\/www.ne.se\/info\/wp-content\/uploads\/2025\/10\/Haja-klasspaket-2-med-pris-mindre-1-1240x992.png 1240w, https:\/\/www.ne.se\/info\/wp-content\/uploads\/2025\/10\/Haja-klasspaket-2-med-pris-mindre-1-800x640.png 800w\" sizes=\"(max-width: 1240px) 100vw, 1240px\" alt=\"\" title=\"\"  \/>\n                                    <\/picture>\n                                                            \n                                            <\/div>\n                <\/div>\n                    <\/div>\n    <\/div>\n<\/section>\n\n\n\n\n\n\n<section  class=\"left-right bg-white\">\n    <div class=\"container twelve-col\">\n        <div class=\"inner  pt-3 pb-4\">\n                            <div class=\"grid\">\n                    <div class=\"col col-2 img-left\">\n                                                                                                                        <picture>\n                                        <source media=\"(min-width:767px)\" srcset=\"https:\/\/www.ne.se\/info\/wp-content\/uploads\/2024\/06\/Haja_lasbocker-1240x992.png\">\n                                        <source media=\"(max-width:767px)\" srcset=\"https:\/\/www.ne.se\/info\/wp-content\/uploads\/2024\/06\/Haja_lasbocker-1240x920.png\">\n                                        <img decoding=\"async\" src=\"https:\/\/www.ne.se\/info\/wp-content\/uploads\/2024\/06\/Haja_lasbocker-1240x992.png\" srcset=\"https:\/\/www.ne.se\/info\/wp-content\/uploads\/2024\/06\/Haja_lasbocker-1240x992.png 1240w, https:\/\/www.ne.se\/info\/wp-content\/uploads\/2024\/06\/Haja_lasbocker-800x640.png 800w\" sizes=\"(max-width: 1240px) 100vw, 1240px\" alt=\"\" title=\"Haja_la\u0308sbo\u0308cker\"  \/>\n                                    <\/picture>\n                                                            \n                                            <\/div>\n                    <div class=\"col col-2\">\n                        \n\n<div class=\"content\">\n\n            \n<p class=\"uptext\">\n    <span class=\"line\"><\/span>\n    L\u00e4tt att l\u00e4sa \u2013 l\u00e4tt att l\u00e4ra<\/p>    \n    \n            \n<h2 class=\"h3\"> Hajas tryckta faktab\u00f6cker <\/h2>    \n            <p class=\"ingress\">Med Hajas tematiserade faktab\u00f6cker f\u00e5r du inspirerande faktatexter att lita p\u00e5.<br \/>\r\n<br \/>\r\nL\u00e4ttl\u00e4sta texter och h\u00e4rliga bilder skapar ett inbjudande och l\u00e4ttillg\u00e4ngligt material oavsett vilken l\u00e4sniv\u00e5 eleven befinner sig p\u00e5. Haja tr\u00e4nar l\u00e4sning och ger faktakunskap samtidigt!<\/p>\n    \n    \n            <div class=\"btn-container\">\n                            \n<a href=\"https:\/\/www.ne.se\/info\/skola\/haja\/faktabocker\/\" target=\"_blank\" aria-label=\"L\u00e4s mer om Haja faktab\u00f6cker\" class=\"button button-blue\">\n    L\u00e4s mer om Haja faktab\u00f6cker            <svg width=\"16\" height=\"16\" viewBox=\"0 0 16 16\" fill=\"none\" xmlns=\"http:\/\/www.w3.org\/2000\/svg\">\n<path d=\"M14 6.00001L14 2.00001M14 2.00001H9.99999M14 2.00001L8 8M6.66667 2H5.2C4.0799 2 3.51984 2 3.09202 2.21799C2.71569 2.40973 2.40973 2.71569 2.21799 3.09202C2 3.51984 2 4.07989 2 5.2V10.8C2 11.9201 2 12.4802 2.21799 12.908C2.40973 13.2843 2.71569 13.5903 3.09202 13.782C3.51984 14 4.07989 14 5.2 14H10.8C11.9201 14 12.4802 14 12.908 13.782C13.2843 13.5903 13.5903 13.2843 13.782 12.908C14 12.4802 14 11.9201 14 10.8V9.33333\" stroke=\"#F2F5F8\" stroke-width=\"2\" stroke-linecap=\"round\" stroke-linejoin=\"round\"\/>\n<\/svg>\n    <\/a>                                <\/div>\n    \n    \n\n<\/div>                    <\/div>\n                <\/div>\n                    <\/div>\n    <\/div>\n<\/section>\n\n\n","protected":false},"excerpt":{"rendered":"","protected":false},"author":8,"featured_media":0,"parent":751,"menu_order":0,"comment_status":"closed","ping_status":"closed","template":"","meta":{"inline_featured_image":false,"footnotes":""},"subject":[],"class_list":["post-15794","page","type-page","status-publish","hentry"],"acf":[],"_links":{"self":[{"href":"https:\/\/www.ne.se\/info\/wp-json\/wp\/v2\/pages\/15794","targetHints":{"allow":["GET"]}}],"collection":[{"href":"https:\/\/www.ne.se\/info\/wp-json\/wp\/v2\/pages"}],"about":[{"href":"https:\/\/www.ne.se\/info\/wp-json\/wp\/v2\/types\/page"}],"author":[{"embeddable":true,"href":"https:\/\/www.ne.se\/info\/wp-json\/wp\/v2\/users\/8"}],"replies":[{"embeddable":true,"href":"https:\/\/www.ne.se\/info\/wp-json\/wp\/v2\/comments?post=15794"}],"version-history":[{"count":29,"href":"https:\/\/www.ne.se\/info\/wp-json\/wp\/v2\/pages\/15794\/revisions"}],"predecessor-version":[{"id":23982,"href":"https:\/\/www.ne.se\/info\/wp-json\/wp\/v2\/pages\/15794\/revisions\/23982"}],"up":[{"embeddable":true,"href":"https:\/\/www.ne.se\/info\/wp-json\/wp\/v2\/pages\/751"}],"wp:attachment":[{"href":"https:\/\/www.ne.se\/info\/wp-json\/wp\/v2\/media?parent=15794"}],"wp:term":[{"taxonomy":"subject","embeddable":true,"href":"https:\/\/www.ne.se\/info\/wp-json\/wp\/v2\/subject?post=15794"}],"curies":[{"name":"wp","href":"https:\/\/api.w.org\/{rel}","templated":true}]}}