{"id":1756,"date":"2023-03-24T08:21:33","date_gmt":"2023-03-24T08:21:33","guid":{"rendered":"https:\/\/www.ne.se\/info\/?page_id=1756"},"modified":"2025-08-25T09:41:25","modified_gmt":"2025-08-25T09:41:25","slug":"gy","status":"publish","type":"page","link":"https:\/\/www.ne.se\/info\/skola\/digitala-laromedel\/gy\/","title":{"rendered":"Samlingssida Gy"},"content":{"rendered":"\n\n<section  class=\"big-header bg-white \">\n    <div class=\"container\">\n        <div class=\"inner first-block  \">\n\n            \n\n<div class=\"big-header-left-right\">\n    <div class=\"grid\">\n        <div class=\"col col-2 left\">\n                                        \n<h1 class=\"h1\"> Digitala l\u00e4romedel f\u00f6r gymnasiet <\/h1>                    <\/div>\n        <div class=\"col col-2 right\">\n                                        \n<p class=\"ample\">\n    NE:s l\u00e4romedel f\u00f6r gymnasiet hj\u00e4lper dig att f\u00f6rbereda dina elever f\u00f6r s\u00e5v\u00e4l universitet som yrkesliv. Du vet v\u00e4l att det \u00e4ven finns tryckta l\u00e4romedel f\u00f6r gymnasiet?<\/p>            \n            \n                            <div class=\"btn-container\">\n                                            \n<a href=\"https:\/\/www.ne.se\/info\/skola\/tryckta-laromedel\/gymnasiet\/\" target=\"_blank\" aria-label=\"Se alla tryckta l\u00e4romedel\" class=\"button button-blue\">\n    Se alla tryckta l\u00e4romedel            <svg width=\"16\" height=\"16\" viewBox=\"0 0 16 16\" fill=\"none\" xmlns=\"http:\/\/www.w3.org\/2000\/svg\">\n<path d=\"M14 6.00001L14 2.00001M14 2.00001H9.99999M14 2.00001L8 8M6.66667 2H5.2C4.0799 2 3.51984 2 3.09202 2.21799C2.71569 2.40973 2.40973 2.71569 2.21799 3.09202C2 3.51984 2 4.07989 2 5.2V10.8C2 11.9201 2 12.4802 2.21799 12.908C2.40973 13.2843 2.71569 13.5903 3.09202 13.782C3.51984 14 4.07989 14 5.2 14H10.8C11.9201 14 12.4802 14 12.908 13.782C13.2843 13.5903 13.5903 13.2843 13.782 12.908C14 12.4802 14 11.9201 14 10.8V9.33333\" stroke=\"#F2F5F8\" stroke-width=\"2\" stroke-linecap=\"round\" stroke-linejoin=\"round\"\/>\n<\/svg>\n    <\/a>                                                        <\/div>\n                    <\/div>\n    <\/div>\n   \n<\/div>\n        <\/div>\n    <\/div>\n<\/section>\n\n\n\n<section  class=\"teaching-material-grid bg-gray\">\n    <div class=\"container\">\n        <div class=\"inner   \">\n\n                            <div class=\"outer-grid\">      \n                \n                    <aside class=\"side-nav\" data-page_id=\"1756\">\n                        <nav>\n                            <ul class=\"side-nav-list\">\n                                <li class=\"side-nav-item\">\n                                    <span class=\"side-nav-link active\" data-term_id=\"0\">Alla<\/span>\n                                <\/li>\n\n                                                                    <li class=\"side-nav-item\">\n                                        <span class=\"side-nav-link\" data-term_id=\"5\">Matematik<\/span>\n                                    <\/li>\n                                                                    <li class=\"side-nav-item\">\n                                        <span class=\"side-nav-link\" data-term_id=\"8\">Naturvetenskap<\/span>\n                                    <\/li>\n                                                                    <li class=\"side-nav-item\">\n                                        <span class=\"side-nav-link\" data-term_id=\"7\">Praktisk-estetiska \u00e4mnen<\/span>\n                                    <\/li>\n                                                                    <li class=\"side-nav-item\">\n                                        <span class=\"side-nav-link\" data-term_id=\"9\">Samh\u00e4llsvetenskap<\/span>\n                                    <\/li>\n                                                                    <li class=\"side-nav-item\">\n                                        <span class=\"side-nav-link\" data-term_id=\"6\">Spr\u00e5k<\/span>\n                                    <\/li>\n                                \n                            <\/ul>\n                        <\/nav>\n                    <\/aside>\n\n                    <main class=\"grid material-grid\">\n                    \n                        \n                            \n                            \n    <a href=\"https:\/\/www.ne.se\/info\/skola\/digitala-laromedel\/gy\/biologi-1\/\" class=\"col col-3 teaching-material-item\">\n        <div class=\"wrapper\">\n            <img decoding=\"async\" src=\"https:\/\/www.ne.se\/info\/wp-content\/uploads\/2023\/03\/biologi1_omslag_GB-580x600.jpg\" alt=\"\">\n                            <p class=\"heading\">Biologi 1 gy<\/p>\n                        <div class=\"overlay\"><\/div>\n        <\/div>\n    <\/a>\n                            \n                        \n                            \n                            \n    <a href=\"https:\/\/www.ne.se\/info\/skola\/digitala-laromedel\/gy\/biologi-2\/\" class=\"col col-3 teaching-material-item\">\n        <div class=\"wrapper\">\n            <img decoding=\"async\" src=\"https:\/\/www.ne.se\/info\/wp-content\/uploads\/2023\/03\/biologi2_omslag_GB-580x600.jpg\" alt=\"\">\n                            <p class=\"heading\">Biologi 2 gy<\/p>\n                        <div class=\"overlay\"><\/div>\n        <\/div>\n    <\/a>\n                            \n                        \n                            \n                            \n    <a href=\"https:\/\/www.ne.se\/info\/skola\/digitala-laromedel\/gy\/engelska-5\/\" class=\"col col-3 teaching-material-item\">\n        <div class=\"wrapper\">\n            <img decoding=\"async\" src=\"https:\/\/www.ne.se\/info\/wp-content\/uploads\/2023\/03\/engelska-5-GYshutterstock_232560463-580x600.jpg\" alt=\"\">\n                            <p class=\"heading\">Engelska 5 gy<\/p>\n                        <div class=\"overlay\"><\/div>\n        <\/div>\n    <\/a>\n                            \n                        \n                            \n                            \n    <a href=\"https:\/\/www.ne.se\/info\/skola\/digitala-laromedel\/gy\/fysik-1\/\" class=\"col col-3 teaching-material-item\">\n        <div class=\"wrapper\">\n            <img decoding=\"async\" src=\"https:\/\/www.ne.se\/info\/wp-content\/uploads\/2023\/03\/fysik1_omslag_GB-580x600.jpg\" alt=\"\">\n                            <p class=\"heading\">Fysik 1 gy<\/p>\n                        <div class=\"overlay\"><\/div>\n        <\/div>\n    <\/a>\n                            \n                        \n                            \n                            \n    <a href=\"https:\/\/www.ne.se\/info\/skola\/digitala-laromedel\/gy\/fysik-2\/\" class=\"col col-3 teaching-material-item\">\n        <div class=\"wrapper\">\n            <img decoding=\"async\" src=\"https:\/\/www.ne.se\/info\/wp-content\/uploads\/2023\/03\/fysik2_omslag_GB-580x600.jpg\" alt=\"\">\n                            <p class=\"heading\">Fysik 2 gy<\/p>\n                        <div class=\"overlay\"><\/div>\n        <\/div>\n    <\/a>\n                            \n                        \n                            \n                            \n    <a href=\"https:\/\/www.ne.se\/info\/skola\/digitala-laromedel\/gy\/historia-1\/\" class=\"col col-3 teaching-material-item\">\n        <div class=\"wrapper\">\n            <img decoding=\"async\" src=\"https:\/\/www.ne.se\/info\/wp-content\/uploads\/2023\/03\/historia1_omslag-580x600.jpg\" alt=\"\">\n                            <p class=\"heading\">Historia 1 gy<\/p>\n                        <div class=\"overlay\"><\/div>\n        <\/div>\n    <\/a>\n                            \n                        \n                            \n                            \n    <a href=\"https:\/\/www.ne.se\/info\/skola\/digitala-laromedel\/gy\/idrott-och-halsa-1-och-2-gy\/\" class=\"col col-3 teaching-material-item\">\n        <div class=\"wrapper\">\n            <img decoding=\"async\" src=\"https:\/\/www.ne.se\/info\/wp-content\/uploads\/2023\/03\/idrott-och-halsa-GY-GettyImages-1140353574-580x600.jpg\" alt=\"\">\n                            <p class=\"heading\">Idrott och h\u00e4lsa 1 och 2 gy<\/p>\n                        <div class=\"overlay\"><\/div>\n        <\/div>\n    <\/a>\n                            \n                        \n                            \n                            \n    <a href=\"https:\/\/www.ne.se\/info\/skola\/digitala-laromedel\/gy\/kemi-1\/\" class=\"col col-3 teaching-material-item\">\n        <div class=\"wrapper\">\n            <img decoding=\"async\" src=\"https:\/\/www.ne.se\/info\/wp-content\/uploads\/2023\/03\/kemi1_omslag_GB-580x600.jpg\" alt=\"\">\n                            <p class=\"heading\">Kemi 1 gy<\/p>\n                        <div class=\"overlay\"><\/div>\n        <\/div>\n    <\/a>\n                            \n                        \n                            \n                            \n    <a href=\"https:\/\/www.ne.se\/info\/skola\/digitala-laromedel\/gy\/kemi-2\/\" class=\"col col-3 teaching-material-item\">\n        <div class=\"wrapper\">\n            <img decoding=\"async\" src=\"https:\/\/www.ne.se\/info\/wp-content\/uploads\/2023\/03\/kemi2_omslag_GB-580x600.jpg\" alt=\"\">\n                            <p class=\"heading\">Kemi 2 gy<\/p>\n                        <div class=\"overlay\"><\/div>\n        <\/div>\n    <\/a>\n                            \n                        \n                            \n                            \n    <a href=\"https:\/\/www.ne.se\/info\/skola\/digitala-laromedel\/gy\/matematik-1\/\" class=\"col col-3 teaching-material-item\">\n        <div class=\"wrapper\">\n            <img decoding=\"async\" src=\"https:\/\/www.ne.se\/info\/wp-content\/uploads\/2023\/03\/matematik1_omslag_GB-580x600.jpg\" alt=\"\">\n                            <p class=\"heading\">Matematik 1 gy<\/p>\n                        <div class=\"overlay\"><\/div>\n        <\/div>\n    <\/a>\n                            \n                        \n                            \n                            \n    <a href=\"https:\/\/www.ne.se\/info\/skola\/digitala-laromedel\/gy\/matematik-2\/\" class=\"col col-3 teaching-material-item\">\n        <div class=\"wrapper\">\n            <img decoding=\"async\" src=\"https:\/\/www.ne.se\/info\/wp-content\/uploads\/2023\/03\/matte2_omslag_GB-580x600.jpg\" alt=\"\">\n                            <p class=\"heading\">Matematik 2 gy<\/p>\n                        <div class=\"overlay\"><\/div>\n        <\/div>\n    <\/a>\n                            \n                        \n                            \n                            \n    <a href=\"https:\/\/www.ne.se\/info\/skola\/digitala-laromedel\/gy\/matematik-3\/\" class=\"col col-3 teaching-material-item\">\n        <div class=\"wrapper\">\n            <img decoding=\"async\" src=\"https:\/\/www.ne.se\/info\/wp-content\/uploads\/2023\/05\/matte3gy-580x600.jpg\" alt=\"\">\n                            <p class=\"heading\">Matematik 3 gy<\/p>\n                        <div class=\"overlay\"><\/div>\n        <\/div>\n    <\/a>\n                            \n                        \n                            \n                            \n    <a href=\"https:\/\/www.ne.se\/info\/skola\/digitala-laromedel\/gy\/matematik-4\/\" class=\"col col-3 teaching-material-item\">\n        <div class=\"wrapper\">\n            <img decoding=\"async\" src=\"https:\/\/www.ne.se\/info\/wp-content\/uploads\/2023\/05\/matte4-580x600.jpg\" alt=\"\">\n                            <p class=\"heading\">Matematik 4 gy<\/p>\n                        <div class=\"overlay\"><\/div>\n        <\/div>\n    <\/a>\n                            \n                        \n                            \n                            \n    <a href=\"https:\/\/www.ne.se\/info\/skola\/digitala-laromedel\/gy\/matematik-5\/\" class=\"col col-3 teaching-material-item\">\n        <div class=\"wrapper\">\n            <img decoding=\"async\" src=\"https:\/\/www.ne.se\/info\/wp-content\/uploads\/2023\/05\/matte5-580x600.jpg\" alt=\"\">\n                            <p class=\"heading\">Matematik 5 gy<\/p>\n                        <div class=\"overlay\"><\/div>\n        <\/div>\n    <\/a>\n                            \n                        \n                            \n                            \n    <a href=\"https:\/\/www.ne.se\/info\/skola\/digitala-laromedel\/gy\/naturkunskap-1\/\" class=\"col col-3 teaching-material-item\">\n        <div class=\"wrapper\">\n            <img decoding=\"async\" src=\"https:\/\/www.ne.se\/info\/wp-content\/uploads\/2023\/03\/naturkunskap1_omslag_GB-580x600.jpg\" alt=\"\">\n                            <p class=\"heading\">Naturkunskap 1 gy<\/p>\n                        <div class=\"overlay\"><\/div>\n        <\/div>\n    <\/a>\n                            \n                        \n                            \n                            \n    <a href=\"https:\/\/www.ne.se\/info\/skola\/digitala-laromedel\/gy\/naturkunskap-2\/\" class=\"col col-3 teaching-material-item\">\n        <div class=\"wrapper\">\n            <img decoding=\"async\" src=\"https:\/\/www.ne.se\/info\/wp-content\/uploads\/2023\/03\/shutterstock_100109174-1-580x600.jpg\" alt=\"\">\n                            <p class=\"heading\">Naturkunskap 2 gy<\/p>\n                        <div class=\"overlay\"><\/div>\n        <\/div>\n    <\/a>\n                            \n                        \n                            \n                            \n    <a href=\"https:\/\/www.ne.se\/info\/skola\/digitala-laromedel\/gy\/religionskunskap\/\" class=\"col col-3 teaching-material-item\">\n        <div class=\"wrapper\">\n            <img decoding=\"async\" src=\"https:\/\/www.ne.se\/info\/wp-content\/uploads\/2023\/03\/religion1_omslag_GB-580x600.jpg\" alt=\"\">\n                            <p class=\"heading\">Religionskunskap 1 gy<\/p>\n                        <div class=\"overlay\"><\/div>\n        <\/div>\n    <\/a>\n                            \n                        \n                            \n                            \n    <a href=\"https:\/\/www.ne.se\/info\/skola\/digitala-laromedel\/gy\/samhallskunskap\/\" class=\"col col-3 teaching-material-item\">\n        <div class=\"wrapper\">\n            <img decoding=\"async\" src=\"https:\/\/www.ne.se\/info\/wp-content\/uploads\/2023\/03\/sam1_omslag_ej_aktuell.GB_-580x600.jpg\" alt=\"\">\n                            <p class=\"heading\">Samh\u00e4llskunskap 1, 2 och 3 gy<\/p>\n                        <div class=\"overlay\"><\/div>\n        <\/div>\n    <\/a>\n                            \n                        \n                            \n                            \n    <a href=\"https:\/\/www.ne.se\/info\/skola\/digitala-laromedel\/gy\/svenska-1-och-2-gy-litteraturen-2\/\" class=\"col col-3 teaching-material-item\">\n        <div class=\"wrapper\">\n            <img decoding=\"async\" src=\"https:\/\/www.ne.se\/info\/wp-content\/uploads\/2023\/04\/GettyImages-641058839-580x600.jpg\" alt=\"\">\n                            <p class=\"heading\">Svenska 1, 2 och 3 gy \u2013 Litteraturen<\/p>\n                        <div class=\"overlay\"><\/div>\n        <\/div>\n    <\/a>\n                            \n                        \n                            \n                            \n    <a href=\"https:\/\/www.ne.se\/info\/skola\/digitala-laromedel\/gy\/svenska-1-och-2-spraket\/\" class=\"col col-3 teaching-material-item\">\n        <div class=\"wrapper\">\n            <img decoding=\"async\" src=\"https:\/\/www.ne.se\/info\/wp-content\/uploads\/2023\/03\/Svenska-GY-580x600.jpg\" alt=\"\">\n                            <p class=\"heading\">Svenska 1, 2 och 3 gy \u2013 Spr\u00e5ket<\/p>\n                        <div class=\"overlay\"><\/div>\n        <\/div>\n    <\/a>\n                            \n                        \n                            \n                            \n    <a href=\"https:\/\/www.ne.se\/info\/skola\/digitala-laromedel\/gy\/svenska-1-och-2-gy-texter-och-tal\/\" class=\"col col-3 teaching-material-item\">\n        <div class=\"wrapper\">\n            <img decoding=\"async\" src=\"https:\/\/www.ne.se\/info\/wp-content\/uploads\/2023\/04\/GettyImages-1271537202-580x600.jpg\" alt=\"\">\n                            <p class=\"heading\">Svenska 1, 2 och 3 gy \u2013 Texter och tal<\/p>\n                        <div class=\"overlay\"><\/div>\n        <\/div>\n    <\/a>\n                            \n                        \n                    <\/main>        \n\n                <\/div>\n\n                    <\/div>\n    <\/div>\n<\/section>","protected":false},"excerpt":{"rendered":"","protected":false},"author":6,"featured_media":0,"parent":20623,"menu_order":0,"comment_status":"closed","ping_status":"closed","template":"","meta":{"inline_featured_image":false,"footnotes":""},"subject":[],"class_list":["post-1756","page","type-page","status-publish","hentry"],"acf":[],"_links":{"self":[{"href":"https:\/\/www.ne.se\/info\/wp-json\/wp\/v2\/pages\/1756","targetHints":{"allow":["GET"]}}],"collection":[{"href":"https:\/\/www.ne.se\/info\/wp-json\/wp\/v2\/pages"}],"about":[{"href":"https:\/\/www.ne.se\/info\/wp-json\/wp\/v2\/types\/page"}],"author":[{"embeddable":true,"href":"https:\/\/www.ne.se\/info\/wp-json\/wp\/v2\/users\/6"}],"replies":[{"embeddable":true,"href":"https:\/\/www.ne.se\/info\/wp-json\/wp\/v2\/comments?post=1756"}],"version-history":[{"count":9,"href":"https:\/\/www.ne.se\/info\/wp-json\/wp\/v2\/pages\/1756\/revisions"}],"predecessor-version":[{"id":22496,"href":"https:\/\/www.ne.se\/info\/wp-json\/wp\/v2\/pages\/1756\/revisions\/22496"}],"up":[{"embeddable":true,"href":"https:\/\/www.ne.se\/info\/wp-json\/wp\/v2\/pages\/20623"}],"wp:attachment":[{"href":"https:\/\/www.ne.se\/info\/wp-json\/wp\/v2\/media?parent=1756"}],"wp:term":[{"taxonomy":"subject","embeddable":true,"href":"https:\/\/www.ne.se\/info\/wp-json\/wp\/v2\/subject?post=1756"}],"curies":[{"name":"wp","href":"https:\/\/api.w.org\/{rel}","templated":true}]}}