{"id":2180,"date":"2023-04-04T13:02:51","date_gmt":"2023-04-04T13:02:51","guid":{"rendered":"https:\/\/www.ne.se\/info\/?page_id=2180"},"modified":"2025-05-19T07:38:35","modified_gmt":"2025-05-19T07:38:35","slug":"foretag-och-myndigheter","status":"publish","type":"page","link":"https:\/\/www.ne.se\/info\/foretag-och-myndigheter\/","title":{"rendered":"F\u00f6retag och myndigheter"},"content":{"rendered":"\n\n    <section  class=\"header-pic overlay\">\n        <div class=\"container\">\n            <div class=\"inner\">\n                <div class=\"content\">\n                                            \n<h1 class=\"h1\"> NE f\u00f6r f\u00f6retag och myndigheter <\/h1>                                                                \n<p class=\"ample\">\n    Du som har h\u00f6ga krav p\u00e5 tillf\u00f6rlitliga fakta i din yrkesvardag har alltid stor nytta av NE. Bakom Sveriges nationella uppslagsverk st\u00e5r \u00f6ver <br \/>\r\n4 500 \u00e4mnesexperter och NE:s sakkunniga redaktion.<\/p>                    \n                                    <\/div>\n            <\/div>\n        <\/div>\n\n                    <div class=\"background-media\">\n                <img decoding=\"async\" src=\"https:\/\/www.ne.se\/info\/wp-content\/uploads\/2023\/03\/ima165271-scaled.jpg\" srcset=\"\" sizes=\"(max-width: 3600px) 100vw, 3600px\" alt=\"\" title=\"Kollegor i m\u00f6te med dator\" \/>\n            <\/div>\n        \n        <div class=\"overlay-top\"><\/div>\n        <div class=\"overlay-bottom\"><\/div>\n    <\/section>\n\n\n\n\n<section  class=\"small-card-block \">\n    <div class=\"container\">\n        <div class=\"inner  pt-4 pb-4\">\n                            <div class=\"grid small-card-grid\">\n                                            <div class=\"col col-3\">\n                            \n<div class=\"small-card white\">\n    <div class=\"wrapper\">\n                    <img decoding=\"async\" class=\"icon-desktop\" src=\"https:\/\/www.ne.se\/info\/wp-content\/uploads\/2023\/04\/Palitligt-innehall-1.png\" alt=\"\" title=\"Pa\u030alitligt inneha\u030all-1\">\n        \n                        <div class=\"heading-container\">\n                            <img decoding=\"async\" class=\"icon-mobile\" src=\"https:\/\/www.ne.se\/info\/wp-content\/uploads\/2023\/04\/Palitligt-innehall-1.png\" alt=\"\" title=\"Pa\u030alitligt inneha\u030all-1\">\n                        <p class=\"card-heading\">P\u00e5litligt inneh\u00e5ll<\/p>\n        <\/div>\n                            <p class=\"card-ingress\">S\u00f6k bland faktagranskat och objektivt material i alla \u00e4mnen. En tillf\u00f6rlitlig k\u00e4lla med artiklar f\u00f6rfattade av en sakkunnig redaktion och ett stort n\u00e4tverk av experter.<\/p>\n            <\/div>\n    <\/div>                        <\/div>\n                                            <div class=\"col col-3\">\n                            \n<div class=\"small-card white\">\n    <div class=\"wrapper\">\n                    <img decoding=\"async\" class=\"icon-desktop\" src=\"https:\/\/www.ne.se\/info\/wp-content\/uploads\/2023\/04\/icon3.png\" alt=\"\" title=\"icon3\">\n        \n                        <div class=\"heading-container\">\n                            <img decoding=\"async\" class=\"icon-mobile\" src=\"https:\/\/www.ne.se\/info\/wp-content\/uploads\/2023\/04\/icon3.png\" alt=\"\" title=\"icon3\">\n                        <p class=\"card-heading\">Modernt och uppdaterat<\/p>\n        <\/div>\n                            <p class=\"card-ingress\">N\u00e4r regeringar skiftar g\u00f6r texten det ocks\u00e5. F\u00e5 tillg\u00e5ng till en aktuell och faktasp\u00e4ckad kunskapsk\u00e4lla. <\/p>\n            <\/div>\n    <\/div>                        <\/div>\n                                            <div class=\"col col-3\">\n                            \n<div class=\"small-card white\">\n    <div class=\"wrapper\">\n                    <img decoding=\"async\" class=\"icon-desktop\" src=\"https:\/\/www.ne.se\/info\/wp-content\/uploads\/2023\/04\/icon2.png\" alt=\"\" title=\"icon2\">\n        \n                        <div class=\"heading-container\">\n                            <img decoding=\"async\" class=\"icon-mobile\" src=\"https:\/\/www.ne.se\/info\/wp-content\/uploads\/2023\/04\/icon2.png\" alt=\"\" title=\"icon2\">\n                        <p class=\"card-heading\">Sveriges mest popul\u00e4ra<\/p>\n        <\/div>\n                            <p class=\"card-ingress\">Hundratusentals l\u00e4rare, elever, yrkesverksamma och privatpersoner anv\u00e4nder i dag NE som kunskapsleverant\u00f6r och k\u00e4llkritiskt verktyg.<\/p>\n            <\/div>\n    <\/div>                        <\/div>\n                                    <\/div>\n                    <\/div>\n    <\/div>\n<\/section>\n\n\n\n<section  class=\"big-header bg-gray \">\n    <div class=\"container\">\n        <div class=\"inner  pt-4 pb-4\">\n\n            \n\n<div class=\"big-header-center\">\n                \n<h2 class=\"h3\"> Information till dig som varit f\u00f6retagskund p\u00e5 Ord.se <\/h2>                \n<p class=\"ample\">\n    Fr\u00e5n 7 maj 2022 hittar du den digitala ordbokstj\u00e4nsten p\u00e5 NE.se. Du som tidigare varit kund ska ha f\u00e5tt information med inloggningsinstruktioner f\u00f6r tillg\u00e5ng till dina nya ordb\u00f6cker.  Har du inte f\u00e5tt ett s\u00e5dant mejl ber vi dig h\u00f6ra av dig till oss p\u00e5 kundsupport s\u00e5 hj\u00e4lper vi dig.<\/p>    \n    \n            <div class=\"btn-container\">\n                            \n<a href=\"https:\/\/www.ne.se\/info\/skola\/kunskapstjanster\/nes-digitala-ordbocker\/\" target=\"\" aria-label=\"L\u00e4s mer om digitala ordb\u00f6cker\" class=\"button button-blue\">\n    L\u00e4s mer om digitala ordb\u00f6cker    <\/a>                                <\/div>\n    <\/div>\n        <\/div>\n    <\/div>\n<\/section>\n\n\n\n<section  class=\"price-cards bg-white \">\n    <div class=\"container\">\n        <div class=\"inner   \">\n                            \n<h3 class=\"h3\"> V\u00e4lj det paket som passar dig b\u00e4st <\/h3>                                                                        <div class=\"grid price-card-grid\">\n                                                    <div class=\"col col-3\">\n                                <div class=\"card-price \">\n    <div class=\"top\">\n                                            <p class=\"price-card-heading\">Fakta<\/p>\n                            <p class=\"price-card-text\">Ett paket fyllt med aktuell och kvalitetss\u00e4krad fakta f\u00f6r dig och dina kollegor. <\/p>\n                            <\/div>\n    <div class=\"bottom\">\n                    <div class=\"price-card-usps\">\n                                    <div class=\"usp-item\">\n                        <svg width=\"24\" height=\"24\" viewBox=\"0 0 24 24\" fill=\"none\" xmlns=\"http:\/\/www.w3.org\/2000\/svg\">\n    <path d=\"M9 16.17 5.53 12.7a.996.996 0 1 0-1.41 1.41l4.18 4.18c.39.39 1.02.39 1.41 0L20.29 7.71a.996.996 0 1 0-1.41-1.41L9 16.17z\" fill=\"#007DB8\"\/>\n<\/svg>\n                        <span>Nationalencyklopedin<\/span>\n                    <\/div>\n                                    <div class=\"usp-item\">\n                        <svg width=\"24\" height=\"24\" viewBox=\"0 0 24 24\" fill=\"none\" xmlns=\"http:\/\/www.w3.org\/2000\/svg\">\n    <path d=\"M9 16.17 5.53 12.7a.996.996 0 1 0-1.41 1.41l4.18 4.18c.39.39 1.02.39 1.41 0L20.29 7.71a.996.996 0 1 0-1.41-1.41L9 16.17z\" fill=\"#007DB8\"\/>\n<\/svg>\n                        <span>Svenska ordboken<\/span>\n                    <\/div>\n                                    <div class=\"usp-item\">\n                        <svg width=\"24\" height=\"24\" viewBox=\"0 0 24 24\" fill=\"none\" xmlns=\"http:\/\/www.w3.org\/2000\/svg\">\n    <path d=\"M9 16.17 5.53 12.7a.996.996 0 1 0-1.41 1.41l4.18 4.18c.39.39 1.02.39 1.41 0L20.29 7.71a.996.996 0 1 0-1.41-1.41L9 16.17z\" fill=\"#007DB8\"\/>\n<\/svg>\n                        <span>Engelska ordboken<\/span>\n                    <\/div>\n                            <\/div>\n        \n            <\/div>\n<\/div>                            <\/div>\n                                                    <div class=\"col col-3\">\n                                <div class=\"card-price \">\n    <div class=\"top\">\n                                            <p class=\"price-card-heading\">Ord<\/p>\n                            <p class=\"price-card-text\">Omfattande ordb\u00f6cker som underl\u00e4ttar ditt arbetsliv. V\u00e4lj de spr\u00e5k du \u00f6nskar.<\/p>\n                            <\/div>\n    <div class=\"bottom\">\n                    <div class=\"price-card-usps\">\n                                    <div class=\"usp-item\">\n                        <svg width=\"24\" height=\"24\" viewBox=\"0 0 24 24\" fill=\"none\" xmlns=\"http:\/\/www.w3.org\/2000\/svg\">\n    <path d=\"M9 16.17 5.53 12.7a.996.996 0 1 0-1.41 1.41l4.18 4.18c.39.39 1.02.39 1.41 0L20.29 7.71a.996.996 0 1 0-1.41-1.41L9 16.17z\" fill=\"#007DB8\"\/>\n<\/svg>\n                        <span>Svenska ordboken<\/span>\n                    <\/div>\n                                    <div class=\"usp-item\">\n                        <svg width=\"24\" height=\"24\" viewBox=\"0 0 24 24\" fill=\"none\" xmlns=\"http:\/\/www.w3.org\/2000\/svg\">\n    <path d=\"M9 16.17 5.53 12.7a.996.996 0 1 0-1.41 1.41l4.18 4.18c.39.39 1.02.39 1.41 0L20.29 7.71a.996.996 0 1 0-1.41-1.41L9 16.17z\" fill=\"#007DB8\"\/>\n<\/svg>\n                        <span>Engelska ordb\u00f6cker<\/span>\n                    <\/div>\n                                    <div class=\"usp-item\">\n                        <svg width=\"24\" height=\"24\" viewBox=\"0 0 24 24\" fill=\"none\" xmlns=\"http:\/\/www.w3.org\/2000\/svg\">\n    <path d=\"M9 16.17 5.53 12.7a.996.996 0 1 0-1.41 1.41l4.18 4.18c.39.39 1.02.39 1.41 0L20.29 7.71a.996.996 0 1 0-1.41-1.41L9 16.17z\" fill=\"#007DB8\"\/>\n<\/svg>\n                        <span>Spanska, franska, tyska, italienska, danska, norska, portugisiska samt ryska ordboken<\/span>\n                    <\/div>\n                                    <div class=\"usp-item\">\n                        <svg width=\"24\" height=\"24\" viewBox=\"0 0 24 24\" fill=\"none\" xmlns=\"http:\/\/www.w3.org\/2000\/svg\">\n    <path d=\"M9 16.17 5.53 12.7a.996.996 0 1 0-1.41 1.41l4.18 4.18c.39.39 1.02.39 1.41 0L20.29 7.71a.996.996 0 1 0-1.41-1.41L9 16.17z\" fill=\"#007DB8\"\/>\n<\/svg>\n                        <span>17 stycken ordb\u00f6cker fr\u00e5n Lexin<\/span>\n                    <\/div>\n                            <\/div>\n        \n            <\/div>\n<\/div>                            <\/div>\n                                            <\/div>\n                \n                    <\/div>\n    <\/div>\n<\/section>\n\n\n\n<section  class=\"big-header bg-white \">\n    <div class=\"container\">\n        <div class=\"inner  pt-4 pb-1\">\n\n            \n\n<div class=\"big-header-center\">\n                \n<h3 class=\"h3\"> Kontakta oss <\/h3>                \n<p class=\"ample\">\n    Varmt v\u00e4lkommen att h\u00f6ra av dig till oss om du har n\u00e5gra fr\u00e5gor eller \u00f6nskar en offert. Vid offertf\u00f6rfr\u00e5gan \u00f6nskar vi att du anger f\u00f6rv\u00e4ntat anv\u00e4ndarantal och vilka tj\u00e4nster ni \u00e4r intresserade av.<\/p>    \n    \n    <\/div>\n        <\/div>\n    <\/div>\n<\/section>\n\n\n\n<section  class=\"contact-person-grid bg-white\">\n    <div class=\"container\">\n        <div class=\"inner   \">\n                            <div class=\"grid contact-person-grid\">\n                                            <div class=\"col col-2 contact-person-col\">\n                            \n\n\n<div class=\"content small-center\">\n    <div class=\"image\">\n        <img decoding=\"async\" src=\"https:\/\/www.ne.se\/info\/wp-content\/uploads\/2023\/03\/gustaf_olsson-360x360.jpg\" alt=\"\">\n    <\/div>\n    <div class=\"info\"> \n        <div class=\"top\"> \n                            <p class=\"name\">Gustaf Olsson<\/p>\n                                        <p class=\"title\">F\u00f6rs\u00e4ljningschef f\u00f6retag och skola <br> Omr\u00e5de syd<\/p>\n                                        <a href=\"tel:073-036 06 64\" title=\"Ring Gustaf Olsson\" class=\"phone\">073-036 06 64<\/a>\n                                        <a href=\"mailto:gustaf.olsson@ne.se\" title=\"Skicka ett mail till Gustaf Olsson\" class=\"email\">gustaf.olsson@ne.se<\/a>\n                    <\/div>\n                    <div class=\"sales-link\" data-block-id=\"618\">\n                <svg width=\"16\" height=\"17\" viewBox=\"0 0 16 17\" fill=\"none\" xmlns=\"http:\/\/www.w3.org\/2000\/svg\">\n    <path d=\"M13.332 2.5h-.667v-.667c0-.366-.3-.666-.666-.666-.367 0-.667.3-.667.666V2.5H4.665v-.667c0-.366-.3-.666-.666-.666-.367 0-.667.3-.667.666V2.5h-.667c-.733 0-1.333.6-1.333 1.333V14.5c0 .733.6 1.333 1.333 1.333h10.667c.733 0 1.333-.6 1.333-1.333V3.833c0-.733-.6-1.333-1.333-1.333zm-.667 12H3.332a.669.669 0 0 1-.667-.667v-8h10.667v8c0 .367-.3.667-.667.667z\" fill=\"#007DB8\"\/>\n<\/svg>\n                <span>Boka m\u00f6te<\/span>\n            <\/div>\n            <\/div>\n\n<\/div>                        <\/div>\n\n                        \n                                                    <div class=\"modal modal-form\" data-modal-id=\"618\">\n\n  <div class=\"modal-content\">\n    <div class=\"grid\">\n      <div class=\"col col-2 info\">\n                  <img decoding=\"async\" src=\"https:\/\/www.ne.se\/info\/wp-content\/uploads\/2023\/03\/ima165271-1044x610.jpg\" srcset=\"\" sizes=\"(max-width: 1044px) 100vw, 1044px\" alt=\"\" title=\"Kollegor i m\u00f6te med dator\"  \/>\n                          <p class=\"heading\">Boka m\u00f6te<\/p>\n                          <p class=\"text\">Vi kommer g\u00e4rna ut till din skola och visar hur NE:s digitala l\u00e4romedel och kunskapstj\u00e4nster kan tillf\u00f6ra merv\u00e4rde till din skola och din undervisning. Boka din tid i kalendern.<\/p>\n              <\/div>\n      <div class=\"col col-2 form\">\n        <!-- Start of Meetings Embed Script -->\r\n    <div class=\"meetings-iframe-container\" data-src=\"https:\/\/meetings.hubspot.com\/gustaf-olsson\/mote-med-gustaf-pa-ne?embed=true\"><\/div>\r\n    <script type=\"text\/javascript\" src=\"https:\/\/static.hsappstatic.net\/MeetingsEmbed\/ex\/MeetingsEmbedCode.js\"><\/script>\r\n  <!-- End of Meetings Embed Script -->      <\/div>\n    <\/div>\n    \n  <\/div>\n\n<\/div>                                                                    <div class=\"col col-2 contact-person-col\">\n                            \n\n\n<div class=\"content small-center\">\n    <div class=\"image\">\n        <img decoding=\"async\" src=\"https:\/\/www.ne.se\/info\/wp-content\/uploads\/2023\/03\/Namnlos-9-360x360.png\" alt=\"\">\n    <\/div>\n    <div class=\"info\"> \n        <div class=\"top\"> \n                            <p class=\"name\">Erica Sleipner<\/p>\n                                        <p class=\"title\">Kundsupport<\/p>\n                                        <a href=\"tel:040 665 47 00\" title=\"Ring Erica Sleipner\" class=\"phone\">040 665 47 00<\/a>\n                                        <a href=\"mailto:support@ne.se\" title=\"Skicka ett mail till Erica Sleipner\" class=\"email\">support@ne.se<\/a>\n                    <\/div>\n            <\/div>\n\n<\/div>                        <\/div>\n\n                        \n                                                            <\/div>\n                    <\/div>\n    <\/div>\n<\/section>","protected":false},"excerpt":{"rendered":"","protected":false},"author":6,"featured_media":0,"parent":0,"menu_order":0,"comment_status":"closed","ping_status":"closed","template":"","meta":{"inline_featured_image":false,"footnotes":""},"subject":[],"class_list":["post-2180","page","type-page","status-publish","hentry"],"acf":[],"_links":{"self":[{"href":"https:\/\/www.ne.se\/info\/wp-json\/wp\/v2\/pages\/2180","targetHints":{"allow":["GET"]}}],"collection":[{"href":"https:\/\/www.ne.se\/info\/wp-json\/wp\/v2\/pages"}],"about":[{"href":"https:\/\/www.ne.se\/info\/wp-json\/wp\/v2\/types\/page"}],"author":[{"embeddable":true,"href":"https:\/\/www.ne.se\/info\/wp-json\/wp\/v2\/users\/6"}],"replies":[{"embeddable":true,"href":"https:\/\/www.ne.se\/info\/wp-json\/wp\/v2\/comments?post=2180"}],"version-history":[{"count":45,"href":"https:\/\/www.ne.se\/info\/wp-json\/wp\/v2\/pages\/2180\/revisions"}],"predecessor-version":[{"id":12891,"href":"https:\/\/www.ne.se\/info\/wp-json\/wp\/v2\/pages\/2180\/revisions\/12891"}],"wp:attachment":[{"href":"https:\/\/www.ne.se\/info\/wp-json\/wp\/v2\/media?parent=2180"}],"wp:term":[{"taxonomy":"subject","embeddable":true,"href":"https:\/\/www.ne.se\/info\/wp-json\/wp\/v2\/subject?post=2180"}],"curies":[{"name":"wp","href":"https:\/\/api.w.org\/{rel}","templated":true}]}}