{"id":2187,"date":"2023-03-28T08:55:28","date_gmt":"2023-03-28T08:55:28","guid":{"rendered":"https:\/\/www.ne.se\/info\/?page_id=2187"},"modified":"2025-05-14T10:17:51","modified_gmt":"2025-05-14T10:17:51","slug":"prov","status":"publish","type":"page","link":"https:\/\/www.ne.se\/info\/skola\/prov\/","title":{"rendered":"NE Prov"},"content":{"rendered":"\n\n\n<section  class=\"header-big-pic\">\n    <div class=\"container\">\n        <div class=\"inner  teaching-padding\">\n                                        \n<h1 class=\"h1\"> NE Prov <\/h1>                                        <p class=\"ingress\">K\u00e4nner du ibland att dina prov och \u00f6vningar tar f\u00f6r mycket tid att producera? K\u00e4mpar du med bed\u00f6mningskriterierna? NE Prov l\u00f6ser n\u00e5gra av dina tidsknutar.<\/p>\n            \n                            <ul class=\"usps\">\n            <li class=\"usp\">\n            <svg width=\"24\" height=\"24\" viewBox=\"0 0 24 24\" fill=\"none\" xmlns=\"http:\/\/www.w3.org\/2000\/svg\">\n    <path d=\"M9 16.17 5.53 12.7a.996.996 0 1 0-1.41 1.41l4.18 4.18c.39.39 1.02.39 1.41 0L20.29 7.71a.996.996 0 1 0-1.41-1.41L9 16.17z\" fill=\"#007DB8\"\/>\n<\/svg>\n            1000-tals fr\u00e5gor i SO- och NO-\u00e4mnen samt i svenska och engelska        <\/li>\n            <li class=\"usp\">\n            <svg width=\"24\" height=\"24\" viewBox=\"0 0 24 24\" fill=\"none\" xmlns=\"http:\/\/www.w3.org\/2000\/svg\">\n    <path d=\"M9 16.17 5.53 12.7a.996.996 0 1 0-1.41 1.41l4.18 4.18c.39.39 1.02.39 1.41 0L20.29 7.71a.996.996 0 1 0-1.41-1.41L9 16.17z\" fill=\"#007DB8\"\/>\n<\/svg>\n            Baserade p\u00e5 centralt inneh\u00e5ll och kunskapskrav        <\/li>\n            <li class=\"usp\">\n            <svg width=\"24\" height=\"24\" viewBox=\"0 0 24 24\" fill=\"none\" xmlns=\"http:\/\/www.w3.org\/2000\/svg\">\n    <path d=\"M9 16.17 5.53 12.7a.996.996 0 1 0-1.41 1.41l4.18 4.18c.39.39 1.02.39 1.41 0L20.29 7.71a.996.996 0 1 0-1.41-1.41L9 16.17z\" fill=\"#007DB8\"\/>\n<\/svg>\n            Stor variation av fr\u00e5gor        <\/li>\n    <\/ul>                    <\/div>\n    <\/div>\n\n    <div class=\"background-image\">\n        <img decoding=\"async\" src=\"https:\/\/www.ne.se\/info\/wp-content\/uploads\/2023\/04\/Mockup-Prov.png\" srcset=\"https:\/\/www.ne.se\/info\/wp-content\/uploads\/2023\/04\/Mockup-Prov.png 5472w, https:\/\/www.ne.se\/info\/wp-content\/uploads\/2023\/04\/Mockup-Prov-354x236.png 354w, https:\/\/www.ne.se\/info\/wp-content\/uploads\/2023\/04\/Mockup-Prov-300x200.png 300w, https:\/\/www.ne.se\/info\/wp-content\/uploads\/2023\/04\/Mockup-Prov-768x512.png 768w, https:\/\/www.ne.se\/info\/wp-content\/uploads\/2023\/04\/Mockup-Prov-1024x683.png 1024w, https:\/\/www.ne.se\/info\/wp-content\/uploads\/2023\/04\/Mockup-Prov-1536x1024.png 1536w, https:\/\/www.ne.se\/info\/wp-content\/uploads\/2023\/04\/Mockup-Prov-2048x1365.png 2048w\" sizes=\"(max-width: 5472px) 100vw, 5472px\" alt=\"\" title=\"Mockup Prov\" \/>\n    <\/div>\n\n    <div class=\"overlay-top\"><\/div>\n    <div class=\"overlay-bottom\"><\/div>\n<\/section>\n\n\n\n<section id=\"teaching_top\" class=\"left-right bg-white\">\n    <div class=\"container twelve-col\">\n        <div class=\"inner   \">\n                            <div class=\"grid\">\n                    <div class=\"col col-2\">\n                        \n\n<div class=\"content\">\n\n    \n    \n            \n<h2 class=\"h3\"> Kompletta bed\u00f6mningsanvisningar <\/h2>    \n            <p class=\"ingress\">Att k\u00e4nna sig s\u00e4ker med r\u00e4ttning och bed\u00f6mning \u00e4r givet f\u00f6r alla l\u00e4rare. NE Prov \u00e4r utrustat med det st\u00f6d du beh\u00f6ver.<br \/>\r\n<\/p>\n    \n            <ul class=\"usps\">\n            <li class=\"usp\">\n            <svg width=\"24\" height=\"24\" viewBox=\"0 0 24 24\" fill=\"none\" xmlns=\"http:\/\/www.w3.org\/2000\/svg\">\n    <path d=\"M9 16.17 5.53 12.7a.996.996 0 1 0-1.41 1.41l4.18 4.18c.39.39 1.02.39 1.41 0L20.29 7.71a.996.996 0 1 0-1.41-1.41L9 16.17z\" fill=\"#007DB8\"\/>\n<\/svg>\n            Kompletta bed\u00f6mningsanvisningar till varje prov        <\/li>\n            <li class=\"usp\">\n            <svg width=\"24\" height=\"24\" viewBox=\"0 0 24 24\" fill=\"none\" xmlns=\"http:\/\/www.w3.org\/2000\/svg\">\n    <path d=\"M9 16.17 5.53 12.7a.996.996 0 1 0-1.41 1.41l4.18 4.18c.39.39 1.02.39 1.41 0L20.29 7.71a.996.996 0 1 0-1.41-1.41L9 16.17z\" fill=\"#007DB8\"\/>\n<\/svg>\n            Bed\u00f6mningsst\u00f6d f\u00f6r fritextfr\u00e5gor        <\/li>\n            <li class=\"usp\">\n            <svg width=\"24\" height=\"24\" viewBox=\"0 0 24 24\" fill=\"none\" xmlns=\"http:\/\/www.w3.org\/2000\/svg\">\n    <path d=\"M9 16.17 5.53 12.7a.996.996 0 1 0-1.41 1.41l4.18 4.18c.39.39 1.02.39 1.41 0L20.29 7.71a.996.996 0 1 0-1.41-1.41L9 16.17z\" fill=\"#007DB8\"\/>\n<\/svg>\n            M\u00f6jlighet till dokumentation av resultat        <\/li>\n    <\/ul>    \n    \n    \n\n<\/div>                    <\/div>\n                    <div class=\"col col-2 img-right\">\n                                                                                                                        <picture>\n                                        <source media=\"(min-width:767px)\" srcset=\"https:\/\/www.ne.se\/info\/wp-content\/uploads\/2023\/03\/prov1-1240x949.jpeg\">\n                                        <source media=\"(max-width:767px)\" srcset=\"https:\/\/www.ne.se\/info\/wp-content\/uploads\/2023\/03\/prov1-1460x920.jpeg\">\n                                        <img decoding=\"async\" src=\"https:\/\/www.ne.se\/info\/wp-content\/uploads\/2023\/03\/prov1-1240x949.jpeg\" srcset=\"\" sizes=\"(max-width: 1240px) 100vw, 1240px\" alt=\"\" title=\"prov1\"  \/>\n                                    <\/picture>\n                                                            \n                                            <\/div>\n                <\/div>\n                    <\/div>\n    <\/div>\n<\/section>\n\n\n\n\n\n\n<section  class=\"left-right bg-white\">\n    <div class=\"container twelve-col\">\n        <div class=\"inner   \">\n                            <div class=\"grid\">\n                    <div class=\"col col-2 img-left\">\n                                                                                                                        <picture>\n                                        <source media=\"(min-width:767px)\" srcset=\"https:\/\/www.ne.se\/info\/wp-content\/uploads\/2023\/03\/prov2-1240x948.jpeg\">\n                                        <source media=\"(max-width:767px)\" srcset=\"https:\/\/www.ne.se\/info\/wp-content\/uploads\/2023\/03\/prov2-1460x920.jpeg\">\n                                        <img decoding=\"async\" src=\"https:\/\/www.ne.se\/info\/wp-content\/uploads\/2023\/03\/prov2-1240x948.jpeg\" srcset=\"\" sizes=\"(max-width: 1240px) 100vw, 1240px\" alt=\"\" title=\"prov2\"  \/>\n                                    <\/picture>\n                                                            \n                                            <\/div>\n                    <div class=\"col col-2\">\n                        \n\n<div class=\"content\">\n\n    \n    \n            \n<h2 class=\"h3\"> Tryggt, s\u00e4kert och r\u00e4ttvist <\/h2>    \n            <p class=\"ingress\">Du ska kunna lita p\u00e5 att dina prov \u00e4r s\u00e4kra och r\u00e4ttvisa. Med NE Prov kan du det. Det g\u00e5r ocks\u00e5 bra att skriva ut proven f\u00f6re eller efter provtillf\u00e4llet, tillsammans med resultat och omd\u00f6me.<\/p>\n    \n            <ul class=\"usps\">\n            <li class=\"usp\">\n            <svg width=\"24\" height=\"24\" viewBox=\"0 0 24 24\" fill=\"none\" xmlns=\"http:\/\/www.w3.org\/2000\/svg\">\n    <path d=\"M9 16.17 5.53 12.7a.996.996 0 1 0-1.41 1.41l4.18 4.18c.39.39 1.02.39 1.41 0L20.29 7.71a.996.996 0 1 0-1.41-1.41L9 16.17z\" fill=\"#007DB8\"\/>\n<\/svg>\n            Spara tid med kvalitetss\u00e4krade prov        <\/li>\n            <li class=\"usp\">\n            <svg width=\"24\" height=\"24\" viewBox=\"0 0 24 24\" fill=\"none\" xmlns=\"http:\/\/www.w3.org\/2000\/svg\">\n    <path d=\"M9 16.17 5.53 12.7a.996.996 0 1 0-1.41 1.41l4.18 4.18c.39.39 1.02.39 1.41 0L20.29 7.71a.996.996 0 1 0-1.41-1.41L9 16.17z\" fill=\"#007DB8\"\/>\n<\/svg>\n            Utskrivbara prov och uppgifter f\u00f6r de elever som beh\u00f6ver        <\/li>\n    <\/ul>    \n    \n    \n\n<\/div>                    <\/div>\n                <\/div>\n                    <\/div>\n    <\/div>\n<\/section>\n\n\n\n\n\n\n<section  class=\"mini-header center\">\n    <div class=\"container\">\n        <div class=\"inner   \">\n\n        \n                            <div class=\"heading-container\">\n                    \n<h2 class=\"h3\"> F\u00e5 b\u00e4ttre \u00f6verblick. Och mer tid \u00f6ver. <\/h2>                                    <\/div>\n            \n            <div class=\"content-container\">\n\n                                    \n<p class=\"ample\">\n    NE Prov ger ett helikopterperspektiv \u00f6ver prov och bed\u00f6mningskriterier s\u00e5v\u00e4l som f\u00f6r elevernas resultat och utveckling. F\u00f6r dig som v\u00e4ljer att arbeta med de helt f\u00e4rdiga kvalitetsproven finns m\u00e4ngder av tid att spara. Testa sj\u00e4lv och uppt\u00e4ck alla nya m\u00f6jligheter som tj\u00e4nsten kan erbjuda just dig.\r\n\r\n<\/p>                \n\n                \n                                    <div class=\"btn-container\">\n                                                    \n<a href=\"https:\/\/www.ne.se\/info\/prova-ne-kostnadsfritt-i-30-dagar\/\" target=\"\" aria-label=\"Prova gratis i 30 dagar\" class=\"button button-blue\">\n    Prova gratis i 30 dagar    <\/a>                                                                    <\/div>\n                \n            <\/div>\n\n        <\/div>\n    <\/div>\n<\/section>","protected":false},"excerpt":{"rendered":"","protected":false},"author":6,"featured_media":0,"parent":751,"menu_order":0,"comment_status":"closed","ping_status":"closed","template":"page-teaching-material.php","meta":{"inline_featured_image":false,"footnotes":""},"subject":[],"class_list":["post-2187","page","type-page","status-publish","hentry"],"acf":[],"_links":{"self":[{"href":"https:\/\/www.ne.se\/info\/wp-json\/wp\/v2\/pages\/2187","targetHints":{"allow":["GET"]}}],"collection":[{"href":"https:\/\/www.ne.se\/info\/wp-json\/wp\/v2\/pages"}],"about":[{"href":"https:\/\/www.ne.se\/info\/wp-json\/wp\/v2\/types\/page"}],"author":[{"embeddable":true,"href":"https:\/\/www.ne.se\/info\/wp-json\/wp\/v2\/users\/6"}],"replies":[{"embeddable":true,"href":"https:\/\/www.ne.se\/info\/wp-json\/wp\/v2\/comments?post=2187"}],"version-history":[{"count":32,"href":"https:\/\/www.ne.se\/info\/wp-json\/wp\/v2\/pages\/2187\/revisions"}],"predecessor-version":[{"id":7187,"href":"https:\/\/www.ne.se\/info\/wp-json\/wp\/v2\/pages\/2187\/revisions\/7187"}],"up":[{"embeddable":true,"href":"https:\/\/www.ne.se\/info\/wp-json\/wp\/v2\/pages\/751"}],"wp:attachment":[{"href":"https:\/\/www.ne.se\/info\/wp-json\/wp\/v2\/media?parent=2187"}],"wp:term":[{"taxonomy":"subject","embeddable":true,"href":"https:\/\/www.ne.se\/info\/wp-json\/wp\/v2\/subject?post=2187"}],"curies":[{"name":"wp","href":"https:\/\/api.w.org\/{rel}","templated":true}]}}