{"id":23881,"date":"2025-10-09T13:16:02","date_gmt":"2025-10-09T13:16:02","guid":{"rendered":"https:\/\/www.ne.se\/info\/?page_id=23881"},"modified":"2025-12-02T13:21:57","modified_gmt":"2025-12-02T13:21:57","slug":"webbinarium-ne-laromedel-och-ne-fakta","status":"publish","type":"page","link":"https:\/\/www.ne.se\/info\/webbinarium-ne-laromedel-och-ne-fakta\/","title":{"rendered":"Gratis webbinarium"},"content":{"rendered":"\n\n<section  class=\"mini-header center\">\n    <div class=\"container\">\n        <div class=\"inner first-block  \">\n\n        \n                            <div class=\"heading-container\">\n                    \n<h1 class=\"h3\"> Webbinarium \u2013 NE:s digitala l\u00e4romedel och NE Fakta  <\/h1>                                    <\/div>\n            \n            <div class=\"content-container\">\n\n                                    \n<p class=\"ample\">\n    En utm\u00e4rkt m\u00f6jlighet f\u00f6r dig och dina kollegor att f\u00f6rdjupa er i NE:s digitala l\u00e4romedel och NE Fakta.<br><br>\r\n<\/p>                \n\n                \n                \n            <\/div>\n\n        <\/div>\n    <\/div>\n<\/section>\n\n\n\n<section id=\"\" class=\"blog-images\">\n    <div class=\"container\">\n        <div class=\"inner  pt-2 pb-3\">\n                            <img decoding=\"async\" src=\"https:\/\/www.ne.se\/info\/wp-content\/uploads\/2025\/10\/masma51994-1680x848.jpg\" srcset=\"\" sizes=\"(max-width: 1680px) 100vw, 1680px\" alt=\"\" title=\"masma51994\" \/>\n                                    <\/div>\n    <\/div>\n<\/section>\n\n\n\n<section  class=\"hubspot-form-block\">\n    <div class=\"container\">\n        <div class=\"inner   \">\n                            <div class=\"grid\">\n                    <div class=\"col col-2\">\n                        \n\n<div class=\"content\">\n\n    \n            \n<h3 class=\"\"> Anm\u00e4l dig till ett kostnadsfritt webbinarium under terminsuppstart <\/h3>    \n            <p class=\"ingress\"><br>\r\n<strong>Anm\u00e4lan och praktisk information<\/strong>\r\n<br>Fyll i formul\u00e4ret och v\u00e4lj det tillf\u00e4lle som passar dig b\u00e4st. N\u00e4r du \u00e4r anm\u00e4ld skickar vi en l\u00e4nk till utbildningen till din inkorg.\r\nDu kan anm\u00e4la dig till flera tillf\u00e4llen eller anm\u00e4la ett helt l\u00e4rarlag\/skola om ni vill delta via samma l\u00e4nk.\r\n<br><br>\r\n<strong>Utbildningarnas l\u00e4ngd<\/strong>\r\n<br>En utbildning som endast fokuserar p\u00e5 NE Fakta varar 40 minuter. Omfattar utbildningen b\u00e5de digitala l\u00e4romedel och NE Fakta varar den i 50 minuter.\r\n\r\n\r\n<br><br>Har du fr\u00e5gor \u00e4r du v\u00e4lkommen att kontakta v\u00e5r utbildare Gustaf<br>p\u00e5 076-765 26 41 eller mejla gustaf.svensson@ne.se.\r\n<\/p>\n    \n    \n    \n<\/div>                    <\/div>\n                    <div class=\"col col-2 form-right\">\n                        <div class=\"hubspot-form\">\n                            <script charset=\"utf-8\" type=\"text\/javascript\" src=\"\/\/js.hsforms.net\/forms\/embed\/v2.js\"><\/script>\r\n<script>\r\n  hbspt.forms.create({\r\n    portalId: \"4069921\",\r\n    formId: \"7db0459e-390a-41fc-87cf-3fbd4f252183\",\r\n    region: \"na1\"\r\n  });\r\n<\/script>                        <\/div>\n                    <\/div>\n                <\/div>\n                    <\/div>\n    <\/div>\n<\/section>","protected":false},"excerpt":{"rendered":"","protected":false},"author":8,"featured_media":0,"parent":0,"menu_order":0,"comment_status":"closed","ping_status":"closed","template":"","meta":{"inline_featured_image":false,"footnotes":""},"subject":[],"class_list":["post-23881","page","type-page","status-publish","hentry"],"acf":[],"_links":{"self":[{"href":"https:\/\/www.ne.se\/info\/wp-json\/wp\/v2\/pages\/23881","targetHints":{"allow":["GET"]}}],"collection":[{"href":"https:\/\/www.ne.se\/info\/wp-json\/wp\/v2\/pages"}],"about":[{"href":"https:\/\/www.ne.se\/info\/wp-json\/wp\/v2\/types\/page"}],"author":[{"embeddable":true,"href":"https:\/\/www.ne.se\/info\/wp-json\/wp\/v2\/users\/8"}],"replies":[{"embeddable":true,"href":"https:\/\/www.ne.se\/info\/wp-json\/wp\/v2\/comments?post=23881"}],"version-history":[{"count":60,"href":"https:\/\/www.ne.se\/info\/wp-json\/wp\/v2\/pages\/23881\/revisions"}],"predecessor-version":[{"id":24672,"href":"https:\/\/www.ne.se\/info\/wp-json\/wp\/v2\/pages\/23881\/revisions\/24672"}],"wp:attachment":[{"href":"https:\/\/www.ne.se\/info\/wp-json\/wp\/v2\/media?parent=23881"}],"wp:term":[{"taxonomy":"subject","embeddable":true,"href":"https:\/\/www.ne.se\/info\/wp-json\/wp\/v2\/subject?post=23881"}],"curies":[{"name":"wp","href":"https:\/\/api.w.org\/{rel}","templated":true}]}}