{"id":5498,"date":"2023-04-27T19:07:30","date_gmt":"2023-04-27T19:07:30","guid":{"rendered":"https:\/\/www.ne.se\/info\/?page_id=5498"},"modified":"2023-04-27T19:07:32","modified_gmt":"2023-04-27T19:07:32","slug":"biologi","status":"publish","type":"page","link":"https:\/\/www.ne.se\/info\/experter-och-skribenter\/biologi\/","title":{"rendered":"Biologi"},"content":{"rendered":"\n\n<section  class=\"big-header bg-gradient-top \">\n    <div class=\"container\">\n        <div class=\"inner   \">\n\n            \n\n<div class=\"big-header-center\">\n            \n<p class=\"uptext center\">\n    Experter och skribenter    <span class=\"line\"><\/span>\n<\/p>                \n<h2 class=\"h2\"> Biologi <\/h2>        \n    \n    <\/div>\n        <\/div>\n    <\/div>\n<\/section>\n\n\n\n<section  class=\"blog-text\">\n    <div class=\"container\">\n        <div class=\"inner  pt-0 pb-5\">\n                            \n<h3 class=\"h3\"> Redakt\u00f6rer: L\u00e5tta Skogh och Olof Ollerstam <\/h3>                                        <h4>Botanik<\/h4>\n<h4>A<\/h4>\n<ul>\n<li>Anderberg, Arne, docent (systematisk botanik)<\/li>\n<\/ul>\n<h4>B<\/h4>\n<ul>\n<li>Bj\u00f6rn, Lars Olof, professor (v\u00e4xtanatomi, v\u00e4xtfysiologi, v\u00e4xtpatologi)<\/li>\n<\/ul>\n<h4>D<\/h4>\n<ul>\n<li>Dahlgren, Gertrud, universitetslektor<\/li>\n<\/ul>\n<h4>E<\/h4>\n<ul>\n<li>Engstrand, Lennart, universitetslektor<\/li>\n<li>Eriksson, Gunnar, professor<\/li>\n<\/ul>\n<h4>F<\/h4>\n<ul>\n<li>Friis, Else Marie, professor (paleobotanik)<\/li>\n<\/ul>\n<h4>H<\/h4>\n<ul>\n<li>Heden\u00e4s, Lars, fil.dr (mossor)<\/li>\n<li>Hertz, Birgit, professor<\/li>\n<li>Hysing, Shu-Chin, agr.dr<\/li>\n<\/ul>\n<h4>J<\/h4>\n<ul>\n<li>Johanson, Ulf, fil.dr<\/li>\n<li>Johansson, Jan Thomas, docent<\/li>\n<li>Johnsson, Anders, professor (biofysik)<\/li>\n<li>Jonsell, Bengt, professor<\/li>\n<li>Jonsson, Lars, fil.dr (systematisk botanik)<\/li>\n<\/ul>\n<h4>K<\/h4>\n<ul>\n<li>Karlsson, Thomas, intendent (geografi)<\/li>\n<li>Kroeker, G\u00f6ran H., agronom (v\u00e4xtpatologi)<\/li>\n<\/ul>\n<h4>L<\/h4>\n<ul>\n<li>Lassen, Per, museiintendent (geografi)<\/li>\n<li>Lundqvist, Nils, professor (svampar)<\/li>\n<\/ul>\n<h4>M<\/h4>\n<ul>\n<li>Moberg, Roland, docent (lavar)<\/li>\n<\/ul>\n<h4>N<\/h4>\n<ul>\n<li>Nord\u00e9n, Bj\u00f6rn, docent (svampar)<\/li>\n<\/ul>\n<h4>O<\/h4>\n<ul>\n<li>Olsson, Olle G., universitetslektor (systematisk botanik, v\u00e4xtmorfologi, v\u00e4xtekologi)<\/li>\n<\/ul>\n<h4>S<\/h4>\n<ul>\n<li>Samuelsson, Gunnar, professor (farmakognosi)<\/li>\n<li>Sandelius, Anna-Stina, docent (v\u00e4xtfysiologi)<\/li>\n<li>S\u00e4ll, Torbj\u00f6rn, docent (v\u00e4xtf\u00f6r\u00e4dling)<\/li>\n<\/ul>\n<h4>Ekologi med natur- och milj\u00f6v\u00e5rd<\/h4>\n<h4>A<\/h4>\n<ul>\n<li>Ackefors, Hans, professor (marinekologi)<\/li>\n<li>Ahl\u00e9n, Ingemar, professor (viltekologi)<\/li>\n<li>Andersson, Folke O., professor (ekologi)<\/li>\n<li>Andersson, Magnus, fil.kand. (milj\u00f6v\u00e5rd)<\/li>\n<li>Angelstam, Per (landskapsekologi)<\/li>\n<\/ul>\n<h4>B<\/h4>\n<ul>\n<li>Bj\u00f6rklund, Gunilla, fil.dr (naturv\u00e5rd)<\/li>\n<\/ul>\n<h4>E<\/h4>\n<ul>\n<li>Eklund, Ragnhild, fil.mag. (biologi och kemi)<\/li>\n<li>Elvingson, Per (milj\u00f6v\u00e5rd)<\/li>\n<li>Eriksson, Mats O.G. (naturv\u00e5rd)<\/li>\n<li>Esping, Lars-Erik, avdelningschef (nationalparker)<\/li>\n<\/ul>\n<h4>F<\/h4>\n<ul>\n<li>Fagerstr\u00f6m, Torbj\u00f6rn, professor (teoretisk ekologi)<\/li>\n<\/ul>\n<h4>G<\/h4>\n<ul>\n<li>Gillberg, Bj\u00f6rn O., fil.lic. (milj\u00f6v\u00e5rd)<\/li>\n<li>Grundsten, Claes (naturv\u00e5rd)<\/li>\n<li>Gr\u00f6nqvist, Gurli, fil.lic. (marinekologi)<\/li>\n<\/ul>\n<h4>H<\/h4>\n<ul>\n<li>Hagbarth, Ulrika, avdelningsdirekt\u00f6r (naturv\u00e5rd)<\/li>\n<li>Hubendick, Bengt, professor (humanekologi)<\/li>\n<\/ul>\n<h4>I<\/h4>\n<ul>\n<li>Ingel\u00f6g, Torleif (florav\u00e5rd)<\/li>\n<li>Irberger, Sture, kanslir\u00e5d (milj\u00f6v\u00e5rd)<\/li>\n<\/ul>\n<h4>K<\/h4>\n<ul>\n<li>Kenamets, Henry, fil.kand. (milj\u00f6v\u00e5rd)<\/li>\n<\/ul>\n<h4>L<\/h4>\n<ul>\n<li>Lethenstr\u00f6m, Birgitta (milj\u00f6konventioner)<\/li>\n<li>L\u00f6fgren, Rolf, avdelningsdirekt\u00f6r (nationalparker)<\/li>\n<li>L\u00f6nnroth, M\u00e5ns, statssekreterare (milj\u00f6v\u00e5rd)<\/li>\n<\/ul>\n<h4>M<\/h4>\n<ul>\n<li>Malmberg, Torsten, professor (humanekologi)<\/li>\n<li>Markgren, Gunnar, fil.dr (viltekologi)<\/li>\n<\/ul>\n<h4>N<\/h4>\n<ul>\n<li>Nilsson, Sven G., professor<\/li>\n<li>Nystedt-Ringborg, Catharina, direkt\u00f6r (milj\u00f6teknik)<\/li>\n<\/ul>\n<h4>O<\/h4>\n<ul>\n<li>Olsson, Bengt-Erik, civilingenj\u00f6r (milj\u00f6v\u00e5rd)<\/li>\n<li>Olsson, Olle G., universitetslektor (v\u00e4xtekologi)<\/li>\n<\/ul>\n<h4>P<\/h4>\n<ul>\n<li>Persson, Reidar, professor (skogsbruk)<\/li>\n<li>Pettersson, Kurt, fil.dr (limnologi)<\/li>\n<\/ul>\n<h4>S<\/h4>\n<ul>\n<li>Schlyter, Fredrik, fil.dr (zooekologi)<\/li>\n<li>Segnestam, Mats, milj\u00f6r\u00e5dgivare (nationalparker)<\/li>\n<li>Selin Lindgren, Eva, professor (milj\u00f6vetenskap)<\/li>\n<li>Sj\u00f6gren \u00d6hrn, Maria (markekologi)<\/li>\n<li>Sj\u00f6rs, Hugo, professor (v\u00e4xtekologi, v\u00e4xtgeografi)<\/li>\n<li>Strid, Arne, professor (v\u00e4xtgeografi)<\/li>\n<li>von Sydow, Ulf (naturv\u00e5rd)<\/li>\n<li>Sylv\u00e9n, Magnus, fil.dr (naturv\u00e5rd)<\/li>\n<li>S\u00f6derqvist, Thomas, docent (vetenskapshistoria)<\/li>\n<li>S\u00f6derstr\u00f6m, Bengt, professor (mikrobiologisk ekologi)<\/li>\n<\/ul>\n<h4>T<\/h4>\n<ul>\n<li>Tunb\u00e4ck, Bj\u00f6rn, journalist (milj\u00f6v\u00e5rd)<\/li>\n<li>Tyler, Germund, professor (v\u00e4xtekologi)<\/li>\n<\/ul>\n<h4>U<\/h4>\n<ul>\n<li>Ulfstrand, Staffan, professor (zooekologi)<\/li>\n<\/ul>\n<h4>VW<\/h4>\n<ul>\n<li>Wiederholm, Torgny, docent (milj\u00f6analys)<\/li>\n<\/ul>\n<h4>Zoologi<\/h4>\n<h4>B<\/h4>\n<ul>\n<li>Bengtson, Sven-Axel, professor (geografi)<\/li>\n<li>Blom, Eva-Lotta, fil.mag (marinbiologi)<\/li>\n<\/ul>\n<h4>C<\/h4>\n<ul>\n<li>Cederholm, Lennart, intendent (biografier, tidskrifter)<\/li>\n<li>Cedhagen, Tomas, lektor (protozoer, parasitiska maskar)<\/li>\n<li>Claesson, Didrik, fil.mag. (groddjur, kr\u00e4ldjur)<\/li>\n<li>Coulianos, Carl-Cedric, fil.lic. (insekter)<\/li>\n<\/ul>\n<h4>D<\/h4>\n<ul>\n<li>Dacke, Marie, docent (funktionell zoologi)<\/li>\n<li>Dalhov, G\u00f6ran, arkitekt SAR (f\u00e5glar)<\/li>\n<li>Douwes, Per, universitetslektor (insekter)<\/li>\n<\/ul>\n<h4>E<\/h4>\n<ul>\n<li>Ebenhard, Torbj\u00f6rn, fil.dr (d\u00e4ggdjur)<\/li>\n<li>Edaman, Lennart, fil.dr (kr\u00e4ftor)<\/li>\n<li>Edstr\u00f6m, Anders, professor (zoofysiologi)<\/li>\n<li>Enckell, Pehr H., docent (kr\u00e4ftdjur)<\/li>\n<li>Eriksson, S\u00f6ren, lektor (groddjur, kr\u00e4ldjur)<\/li>\n<\/ul>\n<h4>F<\/h4>\n<ul>\n<li>Fernholm, Bo, professor (rundmunnar)<\/li>\n<li>Franz\u00e9n, \u00c5ke, professor (ryggradsl\u00f6sa djur)<\/li>\n<li>F\u00e4nge, Ragnar, professor (zoofysiologi)<\/li>\n<\/ul>\n<h4>G<\/h4>\n<ul>\n<li>Gerell, Rune, docent (fladderm\u00f6ss)<\/li>\n<li>Gr\u00f6ndahl, Fredrik, fil.dr (maneter)<\/li>\n<li>G\u00e4rdenfors, Ulf, professor (insekter, m\u00e5ngfotingar, bl\u00f6tdjur, allm\u00e4n zoologi; geografi)<\/li>\n<\/ul>\n<h4>H<\/h4>\n<ul>\n<li>Hall, Ragnar, fil.kand. (zoologi)<\/li>\n<li>Hansson, Hans G., intendent (marina ryggradsl\u00f6sa djur)<\/li>\n<li>Hansson, Mats, universitetsadjunkt (f\u00e5glar)<\/li>\n<li>Holm, Boris, docent<\/li>\n<\/ul>\n<h4>I<\/h4>\n<ul>\n<li>Irhammar, Christian, f.d. aphandlare (akvarium)<\/li>\n<\/ul>\n<h4>J<\/h4>\n<ul>\n<li>Johanson, Ulf, fil.dr (tidskrifter)<\/li>\n<\/ul>\n<h4>K<\/h4>\n<ul>\n<li>Karlsson, Johnny, fil.dr<\/li>\n<li>Kihlstr\u00f6m, Jan Erik, professor (biografier)<\/li>\n<li>Kronestedt, Torbj\u00f6rn, fil.lic. (spindeldjur utom kvalster; biografier)<\/li>\n<li>Kullander, Sven O., docent (fiskar)<\/li>\n<\/ul>\n<h4>L<\/h4>\n<ul>\n<li>Landin, Bengt-Olof, professor (vetenskapshistoria)<\/li>\n<li>Larsson, Ronny, docent (protozoer)<\/li>\n<li>Lindell, Lars (f\u00e5glar)<\/li>\n<li>Lundqvist, Anders, universitetslektor (zoofysiologi)<\/li>\n<li>Lundqvist, Lars, fil.dr (kvalster)<\/li>\n<\/ul>\n<h4>M<\/h4>\n<ul>\n<li>Madsen, Thomas, fil.dr (groddjur, kr\u00e4ldjur)<\/li>\n<li>Meurling, Patrick, docent (zooanatomi, zoofysiologi)<\/li>\n<\/ul>\n<h4>N<\/h4>\n<ul>\n<li>Nilsson, Dan-Eric, professor<\/li>\n<\/ul>\n<h4>R<\/h4>\n<ul>\n<li>Rohde, Anna, fil.kand.<\/li>\n<li>Ryrholm, Nils, fil. dr (ryggradsl\u00f6sa djur)<\/li>\n<\/ul>\n<h4>S<\/h4>\n<ul>\n<li>Stille, Bo, fil.dr (groddjur, kr\u00e4ldjur, fortplantningsbiologi)<\/li>\n<li>St\u00f6hr, Sabine, f\u00f6rsta intendent (marina evertebrater)<\/li>\n<\/ul>\n<h4>U<\/h4>\n<ul>\n<li>Uggla, Arvid, professor (parasitologi)<\/li>\n<\/ul>\n<h4>VW<\/h4>\n<ul>\n<li>Wallin Peterson, Margareta, docent (zoofysiologi)<\/li>\n<li>War\u00e9n, Anders, docent (marina bl\u00f6tdjur)<\/li>\n<li>Werdelin, Lars, docent (rovdjur)<\/li>\n<\/ul>\n<h4>\u00d6vrig biologi<\/h4>\n<h4>A<\/h4>\n<ul>\n<li>Ackefors, Hans, professor (marinbiologi)<\/li>\n<li>Afzelius, Bj\u00f6rn, professor (cellbiologi)<\/li>\n<\/ul>\n<h4>B<\/h4>\n<ul>\n<li>Baltscheffsky, Herrick, professor (bioenergetik)<\/li>\n<li>Bengtsson, Bengt Olle, professor (genetik)<\/li>\n<li>Bjurholm, Per (naturv\u00e5rd)<\/li>\n<li>Bj\u00f6rk, Sven, professor (limnologi)<\/li>\n<\/ul>\n<h4>E<\/h4>\n<ul>\n<li>Eriksson, Gunnar, professor (biografier)<\/li>\n<li>Everitt, Einar, professor (virologi)<\/li>\n<\/ul>\n<h4>F<\/h4>\n<ul>\n<li>Fagerstr\u00f6m, Torbj\u00f6rn, professor (teoretisk ekologi)<\/li>\n<\/ul>\n<h4>H<\/h4>\n<ul>\n<li>Helander, Hans, bitr. professor (vetenskapliga namn)<\/li>\n<\/ul>\n<h4>J<\/h4>\n<ul>\n<li>Jansson, Bengt-Owe, professor (marinbiologi)<\/li>\n<li>Johnsson, Anders, professor (biofysik)<\/li>\n<\/ul>\n<h4>K<\/h4>\n<ul>\n<li>Krook, Hans, fil.lic. (biografier)<\/li>\n<li>Kullberg, Anders, fil.dr (limnologi)<\/li>\n<\/ul>\n<h4>L<\/h4>\n<ul>\n<li>Liljas, Anders, professor (molekyl\u00e4rgenetik)<\/li>\n<\/ul>\n<h4>M<\/h4>\n<ul>\n<li>Mandahl, Nils, professor (genetik)<\/li>\n<li>Merker, Arnulf, professor (genetik)<\/li>\n<\/ul>\n<h4>N<\/h4>\n<ul>\n<li>Nyholm, Tord, docent (vetenskapliga namn)<\/li>\n<\/ul>\n<h4>P<\/h4>\n<ul>\n<li>Parmar, Malin, docent (neurovetenskap)<\/li>\n<li>Pedersen, Karsten, professor (allm\u00e4n mikrobiologi)<\/li>\n<\/ul>\n<h4>R<\/h4>\n<ul>\n<li>Rasmuson, Marianne, professor (genetik)<\/li>\n<li>Rutberg, Lars, professor (mikrobiologi)<\/li>\n<li>Ryd\u00e9n, Lars, professor (biokemi)<\/li>\n<\/ul>\n<h4>S<\/h4>\n<ul>\n<li>Sj\u00f6lander, Sverre, professor (etologi)<\/li>\n<li>Str\u00f6mberg, Jarl-Ove, professor (marinbiologi)<\/li>\n<li>S\u00f6dergren, Anders, professor (ekotoxikologi)<\/li>\n<\/ul>\n<h4>VW<\/h4>\n<ul>\n<li>Wieslander, Lars, professor (cellbiologi)<\/li>\n<li>Wiktelius, Staffan, fil.dr (aerobiologi)<\/li>\n<li>Vought, Lena, fil.dr (limnologi)<\/li>\n<\/ul>\n                    <\/div>\n    <\/div>\n<\/section>\n\n\n\n\n\n\n<section  class=\"big-header bg-gray \">\n    <div class=\"container\">\n        <div class=\"inner  pt-5 pb-5\">\n\n            \n\n<div class=\"big-header-center\">\n                \n<h3 class=\"h3\"> Redaktionen <\/h3>                \n<p class=\"ample\">\n    Har du en allm\u00e4n fr\u00e5ga eller synpunkt g\u00e4llande inneh\u00e5llet i v\u00e5ra tj\u00e4nster \u00e4r du v\u00e4lkommen att h\u00f6ra av dig till oss p\u00e5 redaktionen.<\/p>    \n    \n            <div class=\"btn-container\">\n                            \n<a href=\"https:\/\/www.ne.se\/info\/kontaktsida\/?tab=Redaktion\" target=\"_blank\" aria-label=\"Kontakta oss\" class=\"button button-blue\">\n    Kontakta oss            <svg width=\"16\" height=\"16\" viewBox=\"0 0 16 16\" fill=\"none\" xmlns=\"http:\/\/www.w3.org\/2000\/svg\">\n<path d=\"M14 6.00001L14 2.00001M14 2.00001H9.99999M14 2.00001L8 8M6.66667 2H5.2C4.0799 2 3.51984 2 3.09202 2.21799C2.71569 2.40973 2.40973 2.71569 2.21799 3.09202C2 3.51984 2 4.07989 2 5.2V10.8C2 11.9201 2 12.4802 2.21799 12.908C2.40973 13.2843 2.71569 13.5903 3.09202 13.782C3.51984 14 4.07989 14 5.2 14H10.8C11.9201 14 12.4802 14 12.908 13.782C13.2843 13.5903 13.5903 13.2843 13.782 12.908C14 12.4802 14 11.9201 14 10.8V9.33333\" stroke=\"#F2F5F8\" stroke-width=\"2\" stroke-linecap=\"round\" stroke-linejoin=\"round\"\/>\n<\/svg>\n    <\/a>                                <\/div>\n    <\/div>\n        <\/div>\n    <\/div>\n<\/section>","protected":false},"excerpt":{"rendered":"","protected":false},"author":6,"featured_media":0,"parent":5420,"menu_order":0,"comment_status":"closed","ping_status":"closed","template":"","meta":{"inline_featured_image":false,"footnotes":""},"subject":[],"class_list":["post-5498","page","type-page","status-publish","hentry"],"acf":[],"_links":{"self":[{"href":"https:\/\/www.ne.se\/info\/wp-json\/wp\/v2\/pages\/5498","targetHints":{"allow":["GET"]}}],"collection":[{"href":"https:\/\/www.ne.se\/info\/wp-json\/wp\/v2\/pages"}],"about":[{"href":"https:\/\/www.ne.se\/info\/wp-json\/wp\/v2\/types\/page"}],"author":[{"embeddable":true,"href":"https:\/\/www.ne.se\/info\/wp-json\/wp\/v2\/users\/6"}],"replies":[{"embeddable":true,"href":"https:\/\/www.ne.se\/info\/wp-json\/wp\/v2\/comments?post=5498"}],"version-history":[{"count":2,"href":"https:\/\/www.ne.se\/info\/wp-json\/wp\/v2\/pages\/5498\/revisions"}],"predecessor-version":[{"id":5500,"href":"https:\/\/www.ne.se\/info\/wp-json\/wp\/v2\/pages\/5498\/revisions\/5500"}],"up":[{"embeddable":true,"href":"https:\/\/www.ne.se\/info\/wp-json\/wp\/v2\/pages\/5420"}],"wp:attachment":[{"href":"https:\/\/www.ne.se\/info\/wp-json\/wp\/v2\/media?parent=5498"}],"wp:term":[{"taxonomy":"subject","embeddable":true,"href":"https:\/\/www.ne.se\/info\/wp-json\/wp\/v2\/subject?post=5498"}],"curies":[{"name":"wp","href":"https:\/\/api.w.org\/{rel}","templated":true}]}}