{"id":5578,"date":"2023-04-27T19:23:04","date_gmt":"2023-04-27T19:23:04","guid":{"rendered":"https:\/\/www.ne.se\/info\/?page_id=5578"},"modified":"2023-05-02T08:52:29","modified_gmt":"2023-05-02T08:52:29","slug":"historia","status":"publish","type":"page","link":"https:\/\/www.ne.se\/info\/experter-och-skribenter\/historia\/","title":{"rendered":"Historia"},"content":{"rendered":"\n\n<section  class=\"big-header bg-gradient-top \">\n    <div class=\"container\">\n        <div class=\"inner   \">\n\n            \n\n<div class=\"big-header-center\">\n            \n<p class=\"uptext center\">\n    Experter och skribenter    <span class=\"line\"><\/span>\n<\/p>                \n<h2 class=\"h2\"> Historia <\/h2>        \n    \n    <\/div>\n        <\/div>\n    <\/div>\n<\/section>\n\n\n\n<section  class=\"blog-text\">\n    <div class=\"container\">\n        <div class=\"inner  pt-0 pb-5\">\n                            \n<h3 class=\"h3\"> Redakt\u00f6r: Per S\u00f6derberg <\/h3>                                        <h3>A<\/h3>\n<ul>\n<li>Agrell, Wilhelm, professor<\/li>\n<li>Albinsson, Per, fil.dr<\/li>\n<li>Amer, Ramses, docent<\/li>\n<li>Anderberg, Stefan, fil.dr<\/li>\n<li>Andersson, Hans, professor<\/li>\n<li>Andr\u00e9n, Anders, docent<\/li>\n<li>Andr\u00e9n, Carl-Gustaf, f.d. universitetskansler<\/li>\n<li>Andr\u00e9n, Nils, professor<\/li>\n<li>Andr\u00e6, Carl G\u00f6ran, professor<\/li>\n<li>Ankarloo, Bengt, professor<\/li>\n<li>Antl\u00f6v, Hans, fil.dr<\/li>\n<li>Aringberg-Laanatza, Marianne, forskare, utredare<\/li>\n<li>Aronsson, Peter, professor<\/li>\n<li>Asker, Bj\u00f6rn, fil.dr<\/li>\n<li>Axelsson, Christina, universitetslektor<\/li>\n<\/ul>\n<h3>B<\/h3>\n<ul>\n<li>Babic-Odlander, Lidija, redakt\u00f6r<\/li>\n<li>Bachner, Henrik, fil.dr<\/li>\n<li>Beijbom, Ulf, professor<\/li>\n<li>Berglund, Bj\u00f6rn E., professor<\/li>\n<li>Bergner, Barbro, fil.kand.<\/li>\n<li>Bergroth, Tom C., 1:e intendent (ordensv\u00e4sen)<\/li>\n<li>Beskow, Per, docent<\/li>\n<li>Bj\u00f6rlin, Lars, fil.lic.<\/li>\n<li>Book, Tommy, docent<\/li>\n<li>Borgehammar, Stephan, teol.dr (korssymboler)<\/li>\n<li>Brandell, Inga, fil.dr<\/li>\n<li>Braw, Christian, docent<\/li>\n<li>Bunte, Rune, universitetslektor<\/li>\n<li>B\u00f6ttiger, Lars Erik, professor<\/li>\n<\/ul>\n<h3>C<\/h3>\n<ul>\n<li>Carlsson, Sten, professor<\/li>\n<\/ul>\n<h3>D<\/h3>\n<ul>\n<li>Dahlb\u00e4ck, G\u00f6ran, professor<\/li>\n<li>Dahlgren, Stellan, docent<\/li>\n<li>Dal\u00e9n, Uno, lexikograf<\/li>\n<\/ul>\n<h3>E<\/h3>\n<ul>\n<li>Edgren, Lars, docent<\/li>\n<li>Edstr\u00f6m, Bert, fil.dr<\/li>\n<li>Ehrencrona, Olof, planeringschef<\/li>\n<li>Ekholm, Curt, major, fil.dr<\/li>\n<li>Elgstr\u00f6m, Ole, docent<\/li>\n<li>Eliasson, Leif, universitetsadjunkt<\/li>\n<li>Engberg, Katarina, departementsr\u00e5d<\/li>\n<li>Englund, Peter, docent<\/li>\n<li>Engman, Max, professor<\/li>\n<li>Ericson, Lars, fil.dr<\/li>\n<li>Eriksson, Nils-Erik, rektor<\/li>\n<li>Eriksson, Torkel, museir\u00e5d<\/li>\n<li>Ersg\u00e5rd, Lars, docent<\/li>\n<\/ul>\n<h3>F<\/h3>\n<ul>\n<li>Falk, Maria, redakt\u00f6r<\/li>\n<li>Frandsen, Karl-Erik, dr.phil.<\/li>\n<li>Franz\u00e9n, Christer, fil.dr<\/li>\n<li>Fritz, Birgitta, docent (diplomatik)<\/li>\n<li>Frohnert, P\u00e4r, fil.dr<\/li>\n<li>Furubrant, Kerstin, redakt\u00f6r<\/li>\n<\/ul>\n<h3>G<\/h3>\n<ul>\n<li>Gardell, Mattias, fil.dr<\/li>\n<li>Gemzell, Carl-Axel, professor<\/li>\n<li>Gerner, Kristian, professor<\/li>\n<li>Gillingstam, Hans, fil.dr (genealogi)<\/li>\n<li>Gren-Eklund, Gunilla, professor<\/li>\n<li>Gr\u00e4slund, Bo, professor<\/li>\n<li>Gustafsson, Agne, universitetslektor<\/li>\n<li>Gustafsson, Harald, professor<\/li>\n<\/ul>\n<h3>H<\/h3>\n<ul>\n<li>H\u00e6llquist, Karl-Reinhold, fil.lic.<\/li>\n<li>Hallberg, G\u00f6ran, docent<\/li>\n<li>Harrison, Dick, professor<\/li>\n<li>Hart, Tom, professor<\/li>\n<li>Hedblom, Folke, professor<\/li>\n<li>Hejzlar, Zdenek, journalist<\/li>\n<li>Hellner, Anders, redakt\u00f6r<\/li>\n<li>Hellstr\u00f6m, Olle, fil.lic.<\/li>\n<li>Henriksson, Sten, fil.dr<\/li>\n<li>Hessulf, Vulf, \u00f6verste (ordensv\u00e4sen)<\/li>\n<li>Hettne, Bj\u00f6rn, professor<\/li>\n<li>Hj\u00e4rpe, Jan, professor<\/li>\n<li>Holmberg, \u00c5ke, professor<\/li>\n<li>Holmertz, Gert, utrikesreporter<\/li>\n<li>Horna, Hern\u00e1n<\/li>\n<li>Hornborg, Alf, professor<\/li>\n<li>Huldt, Bo, professor<\/li>\n<li>Huldt, Marianne, fil.kand.<\/li>\n<li>Hult, Christer, fil.kand.<\/li>\n<li>Hultkvist, Rudolf, adjunkt<\/li>\n<li>H\u00e4ger, Bengt \u00c5ke, lektor<\/li>\n<li>H\u00e4gerdal, Hans, fil.dr<\/li>\n<li>H\u00e4ggman, Bertil, jur.kand.<\/li>\n<li>H\u00f6glund, Lena, redakt\u00f6r<\/li>\n<\/ul>\n<h3>I<\/h3>\n<ul>\n<li>Illman, Karl-Johan, professor<\/li>\n<li>Inger, G\u00f6ran, professor<\/li>\n<li>Ivarsson, S\u00f8ren, cand.mag.<\/li>\n<\/ul>\n<h3>J<\/h3>\n<ul>\n<li>Jannisa, Gudmund, fil.dr.<\/li>\n<li>Jansdotter, Anna, fil.kand.<\/li>\n<li>Jansson, Ingmar, docent<\/li>\n<li>Jansson, Torkel, professor<\/li>\n<li>Jeppsson, Gert, universitetslektor<\/li>\n<li>Johansson, Alf W., docent<\/li>\n<li>Johansson, Roger, professor<\/li>\n<li>Johansson, Rune, professor<\/li>\n<li>Jonasson, Gustaf, docent<\/li>\n<li>Josefsson, G\u00f6ran, arkivchef<\/li>\n<\/ul>\n<h3>K<\/h3>\n<ul>\n<li>Karlsson, Klas-G\u00f6ran, professor<\/li>\n<li>Karlsson, Lena, journalist<\/li>\n<li>Killander, Magnus, jur.kand.<\/li>\n<li>von Konow, Jan, fil.lic. (heraldik m.m.)<\/li>\n<li>Korsfeldt, Thomas, generaldirekt\u00f6r<\/li>\n<li>Krokfors, Christer, universitetsadjunkt<\/li>\n<li>Kronholm, Tryggve, professor<\/li>\n<li>Kumm, Bj\u00f6rn, journalist<\/li>\n<li>K\u00fcng, Andres, f\u00f6rfattare<\/li>\n<\/ul>\n<h3>L<\/h3>\n<ul>\n<li>Lagerholm, Ingemar, fil.mag.<\/li>\n<li>Lagerqvist, Lars O., museidirekt\u00f6r<\/li>\n<li>Lammers, Karl Christian, universitetslektor<\/li>\n<li>Larsson, G\u00f6ran, arkivarie<\/li>\n<li>Larsson, Inga, adjunkt<\/li>\n<li>Larsson, Lars-Olof, professor<\/li>\n<li>Lavery, Donald, B.A. byr\u00e5direkt\u00f6r<\/li>\n<li>Liedman, Sven-Eric, professor<\/li>\n<li>Lilja, Sven, fil.dr<\/li>\n<li>Lindberg-Wada, Gunilla, professor<\/li>\n<li>Lindeberg, G\u00f6sta, docent<\/li>\n<li>Lindkvist, Thomas, professor<\/li>\n<li>Lundahl, Bertil, fil.dr<\/li>\n<li>Lundell, Jan, antikvarie<\/li>\n<li>Lundholm, Kjell, fil.lic.<\/li>\n<li>Lundin, Lars-Erik, fil.dr<\/li>\n<li>Lundmark, Lennart, docent<\/li>\n<li>Lundquist, Lennart, professor<\/li>\n<li>L\u00f6nnroth, Erik, professor<\/li>\n<li>L\u00f6nnroth, Louise, 1:e arkivarie<\/li>\n<\/ul>\n<h3>M<\/h3>\n<ul>\n<li>Magnusson, Kjell, fil.dr<\/li>\n<li>Magnusson, Thomas, fil.dr<\/li>\n<li>Malmqvist, G\u00f6ran, professor<\/li>\n<li>Moen, Jan, f\u00f6rfattare<\/li>\n<li>Molin, Bj\u00f6rn, landsh\u00f6vding, docent<\/li>\n<li>Myrdal, Janken, professor<\/li>\n<li>M\u00f6rner, Magnus, professor<\/li>\n<\/ul>\n<h3>N<\/h3>\n<ul>\n<li>Nev\u00e9us, Clara, statsheraldiker<\/li>\n<li>Nilson, Bengt, fil.dr<\/li>\n<li>Nilsson, Lars, professor<\/li>\n<li>Nobel, Peter, jur.dr<\/li>\n<li>Nolin, Bertil, docent<\/li>\n<li>Norborg, Knut, docent<\/li>\n<li>Norborg, Lars-Arne, docent<\/li>\n<li>Nordberg, Michael, docent<\/li>\n<li>Nordl\u00f6f-Lagercrantz, Ulla, redakt\u00f6r<\/li>\n<li>Nordmark, Dag, professor<\/li>\n<li>Nordstr\u00f6m, Marie, fil.dr<\/li>\n<li>Norman, Hans, docent<\/li>\n<li>Nyberg, Tore, lektor<\/li>\n<li>Nygren, Ingemar, docent<\/li>\n<li>Nystr\u00f6m, Kenneth, fil.mag.<\/li>\n<li>Nystr\u00f6m, Kerstin, universitetsadjunkt<\/li>\n<li>N\u00f8rlund, Irene, cand.mag.<\/li>\n<\/ul>\n<h3>O<\/h3>\n<ul>\n<li>Od\u00e9n, Birgitta, professor (historiografi)<\/li>\n<li>Olsson, Daniels Sven, 1:e antikvarie<\/li>\n<li>Olsson, Lars, professor<\/li>\n<li>Oredsson, Sverker, professor<\/li>\n<li>Ottosson, Ingemar, fil.dr<\/li>\n<li>Ottosson, Magnus, professor<\/li>\n<\/ul>\n<h3>P<\/h3>\n<ul>\n<li>Packal\u00e9n, Malgorzata Anna, professor<\/li>\n<li>Palmberg, Maj, pol.mag.<\/li>\n<li>Palmgren, Ingela, fil.kand.<\/li>\n<li>Person, Bengt-Arne, l\u00e4nsmuseichef<\/li>\n<li>Persson, Anders, fil.kand.<\/li>\n<li>Persson, Anders, 1:e statsmeteorolog<\/li>\n<li>Persson, Hans\u00e5ke, fil.dr<\/li>\n<li>Persson, Sune, docent<\/li>\n<li>Petersson, Bo, docent<\/li>\n<li>Petersson, Jan, docent<\/li>\n<li>Puig i Scotoni, Pau, fil.dr<\/li>\n<\/ul>\n<h3>R<\/h3>\n<ul>\n<li>Rahmqvist, Sigurd, fil.dr<\/li>\n<li>Ranstorp, Magnus, redakt\u00f6r<\/li>\n<li>Rebas, Hain, professor<\/li>\n<li>Rets\u00f6, Jan, professor<\/li>\n<li>Revera, Magareta, docent<\/li>\n<li>Rojas, Mauricio, fil.dr<\/li>\n<li>Rom\u00e1n, Mikael, fil.kand.<\/li>\n<li>Roos, Paavo, docent<\/li>\n<li>Ros\u00e9n, Staffan, professor<\/li>\n<li>Rubenson, Sven, professor<\/li>\n<li>Rudberg, Stig Y., professor<\/li>\n<li>Rudebeck, Lars, docent<\/li>\n<li>Ruin, Olof, professor<\/li>\n<li>Rundquist, Franz-Michael A., fil.dr<\/li>\n<li>Ryd\u00e9n, Lennart, professor<\/li>\n<li>Rystad, G\u00f6ran, professor<\/li>\n<\/ul>\n<h3>S<\/h3>\n<ul>\n<li>Salih, Khaled, fil.dr<\/li>\n<li>Salomon, Kim, professor<\/li>\n<li>Sandin, Bengt, professor<\/li>\n<li>Sandvik, Gudmund, professor<\/li>\n<li>Sannerstedt, Anders, docent<\/li>\n<li>Schalk, Peter, professor<\/li>\n<li>Schmidt, Anders, fil.lic.<\/li>\n<li>Sch\u00f6ldstr\u00f6m, Arne, kanslichef<\/li>\n<li>Sj\u00f6berg, Hans, fil.lic.<\/li>\n<li>Sj\u00f6berg, \u00c5ke G., lektor<\/li>\n<li>Sj\u00f6stedt, Lennart, docent<\/li>\n<li>Stensson, Gunnar, fil.mag.<\/li>\n<li>Stiansen, Endre, dr.philos.<\/li>\n<li>Stjernberg, Gustaf, direkt\u00f6r<\/li>\n<li>Sundstr\u00f6m, Hans, redaktionschef<\/li>\n<li>Swahn, Jan-\u00d6jvind, professor<\/li>\n<li>Svanberg, Ingvar, fil.lic.<\/li>\n<li>Svantesson, Jan-Olof, professor<\/li>\n<li>Svensson, Lars, docent<\/li>\n<li>Svensson, Per, redakt\u00f6r<\/li>\n<li>Svensson, Thommy, professor<\/li>\n<li>Swiecicki, Jakub, redakt\u00f6r<\/li>\n<li>S\u00f6derberg, Johan, professor<\/li>\n<li>S\u00f6derberg, Marie, fil.dr<\/li>\n<li>S\u00f6derpalm, Sven Anders, professor<\/li>\n<\/ul>\n<h3>T<\/h3>\n<ul>\n<li>\n<div>Thomasson, Fredrik, docent<\/div>\n<\/li>\n<li>Thullberg, Per, h\u00f6gskolerektor<\/li>\n<li>Thur\u00e9n, Torsten, universitetslektor<\/li>\n<li>Tj\u00e4der, Jan-Olof, professor (paleografi)<\/li>\n<li>Torstendahl, Rolf, professor<\/li>\n<li>Trankell, Ing-Britt, fil.dr<\/li>\n<li>T\u00e4gil, Sven, professor<\/li>\n<li>T\u00f8nnesson, Stein, dr. philos.<\/li>\n<\/ul>\n<h3>U<\/h3>\n<ul>\n<li>Ulfsparre, Anna Christina, professor<\/li>\n<li>Utas, Bo, professor<\/li>\n<\/ul>\n<h3>VW<\/h3>\n<ul>\n<li>Wachtmeister, Claes-Adam, redakt\u00f6r<\/li>\n<li>Wadensj\u00f6, Eskil, professor<\/li>\n<li>Wahlb\u00e4ck, Krister, professor<\/li>\n<li>Vallinder, Torbj\u00f6rn, docent<\/li>\n<li>Wanek, Alexander, fil.dr<\/li>\n<li>Varg\u00f6, Lars, fil.dr<\/li>\n<li>Weibull, J\u00f6rgen, professor<\/li>\n<li>Weise Olesen, Jens, cand.mag.<\/li>\n<li>Wirs\u00e9n, Claes, docent<\/li>\n<\/ul>\n<h3>Z<\/h3>\n<ul>\n<li>Zander, Ulf, professor<\/li>\n<li>Zeidler-Blomberg, Beatrice, redakt\u00f6r<\/li>\n<\/ul>\n<h3>\u00c5<\/h3>\n<ul>\n<li>\u00c5hlander, Lars, fil.lic.<\/li>\n<\/ul>\n<h3>\u00d6<\/h3>\n<ul>\n<li>\u00d6deen, Lennart, lektor<\/li>\n<li>\u00d6jendal, Joakim, fil.lic.<\/li>\n<li>\u00d6rnberg, Lena, fil.kand.<\/li>\n<li>\u00d6sterberg, Eva, professor<\/li>\n<\/ul>\n                    <\/div>\n    <\/div>\n<\/section>\n\n\n\n\n\n\n<section  class=\"big-header bg-gray \">\n    <div class=\"container\">\n        <div class=\"inner  pt-5 pb-5\">\n\n            \n\n<div class=\"big-header-center\">\n                \n<h3 class=\"h3\"> Redaktionen <\/h3>                \n<p class=\"ample\">\n    Har du en allm\u00e4n fr\u00e5ga eller synpunkt g\u00e4llande inneh\u00e5llet i v\u00e5ra tj\u00e4nster \u00e4r du v\u00e4lkommen att h\u00f6ra av dig till oss p\u00e5 redaktionen.<\/p>    \n    \n            <div class=\"btn-container\">\n                            \n<a href=\"https:\/\/www.ne.se\/info\/kontaktsida\/?tab=Redaktion\" target=\"_blank\" aria-label=\"Kontakta oss\" class=\"button button-blue\">\n    Kontakta oss            <svg width=\"16\" height=\"16\" viewBox=\"0 0 16 16\" fill=\"none\" xmlns=\"http:\/\/www.w3.org\/2000\/svg\">\n<path d=\"M14 6.00001L14 2.00001M14 2.00001H9.99999M14 2.00001L8 8M6.66667 2H5.2C4.0799 2 3.51984 2 3.09202 2.21799C2.71569 2.40973 2.40973 2.71569 2.21799 3.09202C2 3.51984 2 4.07989 2 5.2V10.8C2 11.9201 2 12.4802 2.21799 12.908C2.40973 13.2843 2.71569 13.5903 3.09202 13.782C3.51984 14 4.07989 14 5.2 14H10.8C11.9201 14 12.4802 14 12.908 13.782C13.2843 13.5903 13.5903 13.2843 13.782 12.908C14 12.4802 14 11.9201 14 10.8V9.33333\" stroke=\"#F2F5F8\" stroke-width=\"2\" stroke-linecap=\"round\" stroke-linejoin=\"round\"\/>\n<\/svg>\n    <\/a>                                <\/div>\n    <\/div>\n        <\/div>\n    <\/div>\n<\/section>","protected":false},"excerpt":{"rendered":"","protected":false},"author":6,"featured_media":0,"parent":5420,"menu_order":0,"comment_status":"closed","ping_status":"closed","template":"","meta":{"inline_featured_image":false,"footnotes":""},"subject":[],"class_list":["post-5578","page","type-page","status-publish","hentry"],"acf":[],"_links":{"self":[{"href":"https:\/\/www.ne.se\/info\/wp-json\/wp\/v2\/pages\/5578","targetHints":{"allow":["GET"]}}],"collection":[{"href":"https:\/\/www.ne.se\/info\/wp-json\/wp\/v2\/pages"}],"about":[{"href":"https:\/\/www.ne.se\/info\/wp-json\/wp\/v2\/types\/page"}],"author":[{"embeddable":true,"href":"https:\/\/www.ne.se\/info\/wp-json\/wp\/v2\/users\/6"}],"replies":[{"embeddable":true,"href":"https:\/\/www.ne.se\/info\/wp-json\/wp\/v2\/comments?post=5578"}],"version-history":[{"count":6,"href":"https:\/\/www.ne.se\/info\/wp-json\/wp\/v2\/pages\/5578\/revisions"}],"predecessor-version":[{"id":5935,"href":"https:\/\/www.ne.se\/info\/wp-json\/wp\/v2\/pages\/5578\/revisions\/5935"}],"up":[{"embeddable":true,"href":"https:\/\/www.ne.se\/info\/wp-json\/wp\/v2\/pages\/5420"}],"wp:attachment":[{"href":"https:\/\/www.ne.se\/info\/wp-json\/wp\/v2\/media?parent=5578"}],"wp:term":[{"taxonomy":"subject","embeddable":true,"href":"https:\/\/www.ne.se\/info\/wp-json\/wp\/v2\/subject?post=5578"}],"curies":[{"name":"wp","href":"https:\/\/api.w.org\/{rel}","templated":true}]}}