{"id":5597,"date":"2023-04-27T19:28:39","date_gmt":"2023-04-27T19:28:39","guid":{"rendered":"https:\/\/www.ne.se\/info\/?page_id=5597"},"modified":"2023-04-27T19:28:41","modified_gmt":"2023-04-27T19:28:41","slug":"internationell-migration-och-etniska-relationer","status":"publish","type":"page","link":"https:\/\/www.ne.se\/info\/experter-och-skribenter\/internationell-migration-och-etniska-relationer\/","title":{"rendered":"Internationell migration och etniska relationer"},"content":{"rendered":"\n\n<section  class=\"big-header bg-gradient-top \">\n    <div class=\"container\">\n        <div class=\"inner   \">\n\n            \n\n<div class=\"big-header-center\">\n            \n<p class=\"uptext center\">\n    Experter och skribenter    <span class=\"line\"><\/span>\n<\/p>                \n<h2 class=\"h2\"> Internationell migration och etniska relationer <\/h2>        \n    \n    <\/div>\n        <\/div>\n    <\/div>\n<\/section>\n\n\n\n<section  class=\"blog-text\">\n    <div class=\"container\">\n        <div class=\"inner  pt-0 pb-5\">\n                            \n<h3 class=\"h3\"> Redakt\u00f6r: Melina Solc\u00e0 <\/h3>                                        <h3>A<\/h3>\n<ul>\n<li>Alinder, Orvar, avdelningschef<\/li>\n<li>Alvarsson, Jan-\u00c5ke, docent<\/li>\n<li>Andersson, Hans E., doktorand<\/li>\n<li>Andr\u00e9n, Nils, professor<\/li>\n<\/ul>\n<h3>B<\/h3>\n<ul>\n<li>Bergman, Erland, kanslichef<\/li>\n<li>Boye-M\u00f8ller, Monica, f\u00f6rvaltningschef<\/li>\n<\/ul>\n<h3>C<\/h3>\n<ul>\n<li>Cederberg, Irka, journalist<\/li>\n<\/ul>\n<h3>E<\/h3>\n<ul>\n<li>Eliasson, Leif, universitetsadjunkt<\/li>\n<li>Eriksson, Lars-Gunnar, kanslir\u00e5d<\/li>\n<\/ul>\n<h3>F<\/h3>\n<ul>\n<li>Fredriksson, Ulla, kanslichef<\/li>\n<\/ul>\n<h3>H<\/h3>\n<ul>\n<li>Hammar, Tomas, professor<\/li>\n<li>Hyltenstam, Kenneth, professor<\/li>\n<\/ul>\n<h3>K<\/h3>\n<ul>\n<li>K\u00e4lvemark, Torsten, avdelningschef<\/li>\n<\/ul>\n<h3>L<\/h3>\n<ul>\n<li>Larsson, Inga, adjunkt<\/li>\n<li>Lindholm Schulz, Helena, fil.dr<\/li>\n<li>Lundstr\u00f6m, Stig, konsult<\/li>\n<li>Lyth, Einar, \u00f6verste 1:a graden<\/li>\n<\/ul>\n<h3>M<\/h3>\n<ul>\n<li>Melander, G\u00f6ran, professor<\/li>\n<\/ul>\n<h3>N<\/h3>\n<ul>\n<li>Nilson, Bengt, fil.dr<\/li>\n<li>Nobel, Peter, jur.dr<\/li>\n<\/ul>\n<h3>O<\/h3>\n<ul>\n<li>Ornbrant, Birgitta, avdelningschef<\/li>\n<li>Otterbeck, Jonas, fil.lic.<\/li>\n<\/ul>\n<h3>P<\/h3>\n<ul>\n<li>Pajunen, Viktor, ingenj\u00f6r<\/li>\n<li>P\u00e5hlsson, Lars, kanslir\u00e5d<\/li>\n<\/ul>\n<h3>R<\/h3>\n<ul>\n<li>Rubenson, Samuel, professor<\/li>\n<\/ul>\n<h3>S<\/h3>\n<ul>\n<li>Sch\u00f6ldstr\u00f6m, Arne, kanslichef<\/li>\n<li>Sj\u00f6berg, Tommie, fil.dr<\/li>\n<li>Sterzel, Fredrik, justitier\u00e5d<\/li>\n<li>Swahn, Jan-\u00d6jvind, professor<\/li>\n<\/ul>\n<h3>U<\/h3>\n<ul>\n<li>Upmark, Gunilla, jur.kand.<\/li>\n<\/ul>\n<h3>VW<\/h3>\n<ul>\n<li>Wennergren, Bertil, lagman<\/li>\n<li>Widgren, Kristina, avdelningsdirekt\u00f6r<\/li>\n<\/ul>\n<h3>Y<\/h3>\n<ul>\n<li>Yd\u00e9n, Nelly, f.d. byr\u00e5direkt\u00f6r<\/li>\n<\/ul>\n<h3>Z<\/h3>\n<ul>\n<li>Zander, Ulf, fil.kand.<\/li>\n<li>Zeidler-Blomberg, Beatrice, redakt\u00f6r<\/li>\n<\/ul>\n<h3>\u00c5<\/h3>\n<ul>\n<li>\u00c5hlander, Lars, fil.lic.<\/li>\n<\/ul>\n                    <\/div>\n    <\/div>\n<\/section>\n\n\n\n\n\n\n<section  class=\"big-header bg-gray \">\n    <div class=\"container\">\n        <div class=\"inner  pt-5 pb-5\">\n\n            \n\n<div class=\"big-header-center\">\n                \n<h3 class=\"h3\"> Redaktionen <\/h3>                \n<p class=\"ample\">\n    Har du en allm\u00e4n fr\u00e5ga eller synpunkt g\u00e4llande inneh\u00e5llet i v\u00e5ra tj\u00e4nster \u00e4r du v\u00e4lkommen att h\u00f6ra av dig till oss p\u00e5 redaktionen.<\/p>    \n    \n            <div class=\"btn-container\">\n                            \n<a href=\"https:\/\/www.ne.se\/info\/kontaktsida\/?tab=Redaktion\" target=\"_blank\" aria-label=\"Kontakta oss\" class=\"button button-blue\">\n    Kontakta oss            <svg width=\"16\" height=\"16\" viewBox=\"0 0 16 16\" fill=\"none\" xmlns=\"http:\/\/www.w3.org\/2000\/svg\">\n<path d=\"M14 6.00001L14 2.00001M14 2.00001H9.99999M14 2.00001L8 8M6.66667 2H5.2C4.0799 2 3.51984 2 3.09202 2.21799C2.71569 2.40973 2.40973 2.71569 2.21799 3.09202C2 3.51984 2 4.07989 2 5.2V10.8C2 11.9201 2 12.4802 2.21799 12.908C2.40973 13.2843 2.71569 13.5903 3.09202 13.782C3.51984 14 4.07989 14 5.2 14H10.8C11.9201 14 12.4802 14 12.908 13.782C13.2843 13.5903 13.5903 13.2843 13.782 12.908C14 12.4802 14 11.9201 14 10.8V9.33333\" stroke=\"#F2F5F8\" stroke-width=\"2\" stroke-linecap=\"round\" stroke-linejoin=\"round\"\/>\n<\/svg>\n    <\/a>                                <\/div>\n    <\/div>\n        <\/div>\n    <\/div>\n<\/section>","protected":false},"excerpt":{"rendered":"","protected":false},"author":6,"featured_media":0,"parent":5420,"menu_order":0,"comment_status":"closed","ping_status":"closed","template":"","meta":{"inline_featured_image":false,"footnotes":""},"subject":[],"class_list":["post-5597","page","type-page","status-publish","hentry"],"acf":[],"_links":{"self":[{"href":"https:\/\/www.ne.se\/info\/wp-json\/wp\/v2\/pages\/5597","targetHints":{"allow":["GET"]}}],"collection":[{"href":"https:\/\/www.ne.se\/info\/wp-json\/wp\/v2\/pages"}],"about":[{"href":"https:\/\/www.ne.se\/info\/wp-json\/wp\/v2\/types\/page"}],"author":[{"embeddable":true,"href":"https:\/\/www.ne.se\/info\/wp-json\/wp\/v2\/users\/6"}],"replies":[{"embeddable":true,"href":"https:\/\/www.ne.se\/info\/wp-json\/wp\/v2\/comments?post=5597"}],"version-history":[{"count":2,"href":"https:\/\/www.ne.se\/info\/wp-json\/wp\/v2\/pages\/5597\/revisions"}],"predecessor-version":[{"id":5599,"href":"https:\/\/www.ne.se\/info\/wp-json\/wp\/v2\/pages\/5597\/revisions\/5599"}],"up":[{"embeddable":true,"href":"https:\/\/www.ne.se\/info\/wp-json\/wp\/v2\/pages\/5420"}],"wp:attachment":[{"href":"https:\/\/www.ne.se\/info\/wp-json\/wp\/v2\/media?parent=5597"}],"wp:term":[{"taxonomy":"subject","embeddable":true,"href":"https:\/\/www.ne.se\/info\/wp-json\/wp\/v2\/subject?post=5597"}],"curies":[{"name":"wp","href":"https:\/\/api.w.org\/{rel}","templated":true}]}}