{"id":5612,"date":"2023-04-27T19:35:51","date_gmt":"2023-04-27T19:35:51","guid":{"rendered":"https:\/\/www.ne.se\/info\/?page_id=5612"},"modified":"2023-04-27T19:35:53","modified_gmt":"2023-04-27T19:35:53","slug":"konst","status":"publish","type":"page","link":"https:\/\/www.ne.se\/info\/experter-och-skribenter\/konst\/","title":{"rendered":"Konst"},"content":{"rendered":"\n\n<section  class=\"big-header bg-gradient-top \">\n    <div class=\"container\">\n        <div class=\"inner   \">\n\n            \n\n<div class=\"big-header-center\">\n            \n<p class=\"uptext center\">\n    Experter och skribenter    <span class=\"line\"><\/span>\n<\/p>                \n<h2 class=\"h2\"> Konst <\/h2>        \n    \n    <\/div>\n        <\/div>\n    <\/div>\n<\/section>\n\n\n\n<section  class=\"blog-text\">\n    <div class=\"container\">\n        <div class=\"inner  pt-0 pb-5\">\n                            \n<h3 class=\"h3\"> Redakt\u00f6r: Rebecka Randler <\/h3>                                        <h3>A<\/h3>\n<ul>\n<li>Abel, Ulf, fil.dr, 1:e intendent (rysk konst och ikonm\u00e5leri)<\/li>\n<li>Ahlstrand, Jan Torsten, fil.lic., f.d. museidirekt\u00f6r (nutida konst)<\/li>\n<li>Aleksandraviciute, Alexandra, konsthistoriker (Litauen)<\/li>\n<li>Altg\u00e5rd, Clemens, (nutida konst)<\/li>\n<li>Amaro, Fernando, fil.mag. (latinamerikansk konst)<\/li>\n<\/ul>\n<h3>B<\/h3>\n<ul>\n<li>Bengtsson, Eva-Lena, fil.kand. (1800-talskonst)<\/li>\n<li>Berefelt, Gunnar, professor (barnkultur)<\/li>\n<li>Berglund, Lars, fil.dr (utomeuropeisk konst)<\/li>\n<li>Bergman, Jan, professor (ankh)<\/li>\n<li>Bergman, Mats, fil.kand. (\u00e4ldre svensk konst)<\/li>\n<li>Beskow, Per, docent (kyrklig konst)<\/li>\n<li>Bostr\u00f6m, Hans-Olof, docent (\u00e4ldre konst)<\/li>\n<li>Brander Jonsson, Hedvig, fil.dr (1800-talskonst, konstmuseer)<\/li>\n<li>Brummer, Hans Henrik, \u00f6verintendent (svensk 1800-talskonst)<\/li>\n<li>Brunius, Staffan, intendent (fornamerikansk konst)<\/li>\n<li>Brunskog, Per, fil.mag<\/li>\n<li>Br\u00e5hammar, Gunnar, fil.lic. (nutida konst)<\/li>\n<\/ul>\n<h3>C<\/h3>\n<ul>\n<li>Cederl\u00f6f, Ulf, chefsintendent (grafik)<\/li>\n<li>Christensen, Charlotte, mag.art. (dansk konst)<\/li>\n<li>da Cruz, Pedro, fil.dr (latinamerikansk och sydeuropeisk konst)<\/li>\n<\/ul>\n<h3>D<\/h3>\n<ul>\n<li>Dahlb\u00e4ck, Helena, fil.kand. (nutida konst)<\/li>\n<\/ul>\n<h3>E<\/h3>\n<ul>\n<li>Ellenius, Allan, professor (konstteori och \u00e4ldre konst)<\/li>\n<li>Engellau-Gullander, Cecilia, fil.kand. (nederl\u00e4ndsk konst)<\/li>\n<li>Eriksson, Torkel, fil.lic., museir\u00e5d (medeltida konst)<\/li>\n<\/ul>\n<h3>F<\/h3>\n<ul>\n<li>Fax\u00e9n Sporrong, Karin, fil.mag.<\/li>\n<li>Frick, Bertil, journalist, teol. och fil.kand. (grafik)<\/li>\n<li>Frostman, Per, konsult (asfaltm\u00e5leri)<\/li>\n<\/ul>\n<h3>G<\/h3>\n<ul>\n<li>Gavel, Jonas, fil.dr (\u00e4ldre konst)<\/li>\n<li>Gottsk\u00e1lksd\u00f3tt\u00edr, J\u00fal\u00edana, fil.kand. (isl\u00e4ndsk konst)<\/li>\n<li>Granath, Mari, fil.kand. (afrikansk konst)<\/li>\n<li>Gromark, Sten, docent (Schweiz)<\/li>\n<li>Gyllensv\u00e4rd, Bo, professor (Thailand, Afghanistan)<\/li>\n<\/ul>\n<h3>H<\/h3>\n<ul>\n<li>Hedqvist, Hedvig, inredningsarkitekt, journalist<\/li>\n<li>Helperin, Silvia, fil.kand. (nutida konst)<\/li>\n<li>Holmquist, Kersti, \u00f6verintendent (biografi)<\/li>\n<li>Hornborg, Alf, fil.dr (fornamerikansk konst)<\/li>\n<li>H\u00e4gg, Tomas, professor (Nubien)<\/li>\n<li>H\u00f6kby, Nils-G\u00f6ran, fil.lic. (G\u00e4strikland)<\/li>\n<\/ul>\n<h3>I<\/h3>\n<ul>\n<li>Ingolfsson, Adalsteinn, kulturredakt\u00f6r (isl\u00e4ndsk konst)<\/li>\n<li>Isacsson, Arne, professor (nutida konstteknik)<\/li>\n<\/ul>\n<h3>J<\/h3>\n<ul>\n<li>Jacobson, Staffan, fil.dr (spraykonst)<\/li>\n<li>Johannesson, Hans-Erik, universitetslektor (Teddy Brunius)<\/li>\n<li>Johannesson, Lena, professor (affischkonst)<\/li>\n<li>Johansson, Hans, fil.kand. (\u00e4ldre och nutida konst)<\/li>\n<li>Jonsson, Rune, fotol\u00e4rare (nutida konst)<\/li>\n<\/ul>\n<h3>K<\/h3>\n<ul>\n<li>Karlholm, Dan, fil.kand. (nutida konst)<\/li>\n<li>Karlsson, Lennart, docent (medeltida konst)<\/li>\n<li>Kronholm, Tryggve, professor (Behzad)<\/li>\n<li>Kyander, Pontus, fil.lic. (nutida konst)<\/li>\n<\/ul>\n<h3>L<\/h3>\n<ul>\n<li>Lace, Mara, museichef (Lettland)<\/li>\n<li>Lagerl\u00f6f, Erland, docent (medeltida konst)<\/li>\n<li>Lalander, Folke, museiintendent (modern konst)<\/li>\n<li>Lepp, Hans, konsul (Estland)<\/li>\n<li>Levic, Enes, konstn\u00e4r (sydslavisk konst)<\/li>\n<li>Lindberg, Bo Ossian, docent (m\u00e5leriteknik)<\/li>\n<li>Lindgren, Mereth, docent (medeltida konst)<\/li>\n<li>Lindqvist, Gunnar, fil.dr (Sm\u00e5land)<\/li>\n<li>Lindwall, Bo, \u00f6verintendent (1600- 1700-talskonst)<\/li>\n<li>Lisshagen, Annika, fil.kand. (Indien)<\/li>\n<li>Lund, Hans, fil.dr (norsk konst)<\/li>\n<li>Lundberg, Bengt A., universitetslektor (Bulgarien)<\/li>\n<li>L\u00e5ng, Helmer, docent (nutida konst)<\/li>\n<\/ul>\n<h3>M<\/h3>\n<ul>\n<li>Mezei, Kristina, konsthistoriker<\/li>\n<\/ul>\n<h3>N<\/h3>\n<ul>\n<li>Nelson, Cecilia, intendent (nutida konst)<\/li>\n<li>Nilsson, Bo, intendent (modern konst)<\/li>\n<li>Nilsson, Sten \u00c5ke, professor (\u00e4ldre konst)<\/li>\n<li>Nordgren, Sune, konsthallschef (nutida konst)<\/li>\n<li>Numhauser-Henning, Ann, docent (chilensk konst)<\/li>\n<li>Nummelin, Rolf, lektor (finl\u00e4ndsk konst)<\/li>\n<\/ul>\n<h3>O<\/h3>\n<ul>\n<li>Oredsson, Lars-G\u00f6ran, fil.lic. (nutida konst)<\/li>\n<\/ul>\n<h3>P<\/h3>\n<ul>\n<li>Peterson, Bengt, fil.dr (Egypten)<\/li>\n<li>Pettersson, Hans, fil.kand. (nutida konst)<\/li>\n<\/ul>\n<h3>R<\/h3>\n<ul>\n<li>Ranung, Bj\u00f6rn, fil.lic. (Angola, Nya Zeeland)<\/li>\n<li>Romero, Mario, assistent (Argentina)<\/li>\n<li>Ros\u00e9n, Staffan, professor (Mongoliet)<\/li>\n<li>Rossholm-Lagerl\u00f6f, Margareta, docent<\/li>\n<li>Rudnert, Sune, fil.dr (\u00e4ldre konst)<\/li>\n<\/ul>\n<h3>S<\/h3>\n<ul>\n<li>Sahlstr\u00f6m, Berit, fil.dr (Sydafrika)<\/li>\n<li>Sandqvist, Tom, fil.dr (nutida konst)<\/li>\n<li>Sandstr\u00f6m, Birgitta, fil.dr, museidirekt\u00f6r (\u00e4ldre konst)<\/li>\n<li>Sandstr\u00f6m, Sven, professor (konstteori och nutida konst)<\/li>\n<li>Schalk, Peter, professor (Kambodja)<\/li>\n<li>Sisefsky, Jan, fil.kand (f\u00e4rgteknik)<\/li>\n<li>Sj\u00f6lin, Jan-Gunnar, docent (nutida konst)<\/li>\n<li>Stankovski, Miodrag, M.A. (sydslavisk konst)<\/li>\n<li>Streijffert, Bengt, avd.dir. (utomeuropeisk konst)<\/li>\n<li>Str\u00f6m, Emilia, fil.kand. (polsk konst)<\/li>\n<li>Sylvan, Bo, professor (nutida konst)<\/li>\n<\/ul>\n<h3>T<\/h3>\n<ul>\n<li>Teghammer, Jan L., fil.kand. (Nigeria)<\/li>\n<li>Telhammer, Ingrid, fil.dr (\u00e4ldre konst)<\/li>\n<\/ul>\n<h3>VW<\/h3>\n<ul>\n<li>Wahlstr\u00f6m, Bengt, civilekonom (modern konst)<\/li>\n<li>Weimarck, Ann-Charlotte, fil.dr (nutida konst)<\/li>\n<li>Weimarck, Torsten, fil.dr (konstteori, nutida konst)<\/li>\n<li>Werkm\u00e4ster, Barbro, professor, f\u00f6rfattare (nutida konst)<\/li>\n<li>Wikander, \u00d6rjan, docent (Armenien, konst och arkitektur)<\/li>\n<li>Wingren, Bo, 1:e antikvarie (\u00e4ldre konst)<\/li>\n<\/ul>\n<h3>\u00c5<\/h3>\n<ul>\n<li>\u00c5dahl, Karin, docent (islamisk konst)<\/li>\n<li>\u00c5man, Anders, professor (Rum\u00e4nien, Tjeckien och Ungern)<\/li>\n<\/ul>\n                    <\/div>\n    <\/div>\n<\/section>\n\n\n\n\n\n\n<section  class=\"big-header bg-gray \">\n    <div class=\"container\">\n        <div class=\"inner  pt-5 pb-5\">\n\n            \n\n<div class=\"big-header-center\">\n                \n<h3 class=\"h3\"> Redaktionen <\/h3>                \n<p class=\"ample\">\n    Har du en allm\u00e4n fr\u00e5ga eller synpunkt g\u00e4llande inneh\u00e5llet i v\u00e5ra tj\u00e4nster \u00e4r du v\u00e4lkommen att h\u00f6ra av dig till oss p\u00e5 redaktionen.<\/p>    \n    \n            <div class=\"btn-container\">\n                            \n<a href=\"https:\/\/www.ne.se\/info\/kontaktsida\/?tab=Redaktion\" target=\"_blank\" aria-label=\"Kontakta oss\" class=\"button button-blue\">\n    Kontakta oss            <svg width=\"16\" height=\"16\" viewBox=\"0 0 16 16\" fill=\"none\" xmlns=\"http:\/\/www.w3.org\/2000\/svg\">\n<path d=\"M14 6.00001L14 2.00001M14 2.00001H9.99999M14 2.00001L8 8M6.66667 2H5.2C4.0799 2 3.51984 2 3.09202 2.21799C2.71569 2.40973 2.40973 2.71569 2.21799 3.09202C2 3.51984 2 4.07989 2 5.2V10.8C2 11.9201 2 12.4802 2.21799 12.908C2.40973 13.2843 2.71569 13.5903 3.09202 13.782C3.51984 14 4.07989 14 5.2 14H10.8C11.9201 14 12.4802 14 12.908 13.782C13.2843 13.5903 13.5903 13.2843 13.782 12.908C14 12.4802 14 11.9201 14 10.8V9.33333\" stroke=\"#F2F5F8\" stroke-width=\"2\" stroke-linecap=\"round\" stroke-linejoin=\"round\"\/>\n<\/svg>\n    <\/a>                                <\/div>\n    <\/div>\n        <\/div>\n    <\/div>\n<\/section>","protected":false},"excerpt":{"rendered":"","protected":false},"author":6,"featured_media":0,"parent":5420,"menu_order":0,"comment_status":"closed","ping_status":"closed","template":"","meta":{"inline_featured_image":false,"footnotes":""},"subject":[],"class_list":["post-5612","page","type-page","status-publish","hentry"],"acf":[],"_links":{"self":[{"href":"https:\/\/www.ne.se\/info\/wp-json\/wp\/v2\/pages\/5612","targetHints":{"allow":["GET"]}}],"collection":[{"href":"https:\/\/www.ne.se\/info\/wp-json\/wp\/v2\/pages"}],"about":[{"href":"https:\/\/www.ne.se\/info\/wp-json\/wp\/v2\/types\/page"}],"author":[{"embeddable":true,"href":"https:\/\/www.ne.se\/info\/wp-json\/wp\/v2\/users\/6"}],"replies":[{"embeddable":true,"href":"https:\/\/www.ne.se\/info\/wp-json\/wp\/v2\/comments?post=5612"}],"version-history":[{"count":2,"href":"https:\/\/www.ne.se\/info\/wp-json\/wp\/v2\/pages\/5612\/revisions"}],"predecessor-version":[{"id":5614,"href":"https:\/\/www.ne.se\/info\/wp-json\/wp\/v2\/pages\/5612\/revisions\/5614"}],"up":[{"embeddable":true,"href":"https:\/\/www.ne.se\/info\/wp-json\/wp\/v2\/pages\/5420"}],"wp:attachment":[{"href":"https:\/\/www.ne.se\/info\/wp-json\/wp\/v2\/media?parent=5612"}],"wp:term":[{"taxonomy":"subject","embeddable":true,"href":"https:\/\/www.ne.se\/info\/wp-json\/wp\/v2\/subject?post=5612"}],"curies":[{"name":"wp","href":"https:\/\/api.w.org\/{rel}","templated":true}]}}

<section  class="big-header bg-gradient-top ">
    <div class="container">
        <div class="inner   ">

            

<div class="big-header-center">
            
<p class="uptext center">
    Experter och skribenter    <span class="line"></span>
</p>                
<h2 class="h2"> Konst </h2>        
    
    </div>
        </div>
    </div>
</section>



<section  class="blog-text">
    <div class="container">
        <div class="inner  pt-0 pb-5">
                            
<h3 class="h3"> Redaktör: Rebecka Randler </h3>                                        <h3>A</h3>
<ul>
<li>Abel, Ulf, fil.dr, 1:e intendent (rysk konst och ikonmåleri)</li>
<li>Ahlstrand, Jan Torsten, fil.lic., f.d. museidirektör (nutida konst)</li>
<li>Aleksandraviciute, Alexandra, konsthistoriker (Litauen)</li>
<li>Altgård, Clemens, (nutida konst)</li>
<li>Amaro, Fernando, fil.mag. (latinamerikansk konst)</li>
</ul>
<h3>B</h3>
<ul>
<li>Bengtsson, Eva-Lena, fil.kand. (1800-talskonst)</li>
<li>Berefelt, Gunnar, professor (barnkultur)</li>
<li>Berglund, Lars, fil.dr (utomeuropeisk konst)</li>
<li>Bergman, Jan, professor (ankh)</li>
<li>Bergman, Mats, fil.kand. (äldre svensk konst)</li>
<li>Beskow, Per, docent (kyrklig konst)</li>
<li>Boström, Hans-Olof, docent (äldre konst)</li>
<li>Brander Jonsson, Hedvig, fil.dr (1800-talskonst, konstmuseer)</li>
<li>Brummer, Hans Henrik, överintendent (svensk 1800-talskonst)</li>
<li>Brunius, Staffan, intendent (fornamerikansk konst)</li>
<li>Brunskog, Per, fil.mag</li>
<li>Bråhammar, Gunnar, fil.lic. (nutida konst)</li>
</ul>
<h3>C</h3>
<ul>
<li>Cederlöf, Ulf, chefsintendent (grafik)</li>
<li>Christensen, Charlotte, mag.art. (dansk konst)</li>
<li>da Cruz, Pedro, fil.dr (latinamerikansk och sydeuropeisk konst)</li>
</ul>
<h3>D</h3>
<ul>
<li>Dahlbäck, Helena, fil.kand. (nutida konst)</li>
</ul>
<h3>E</h3>
<ul>
<li>Ellenius, Allan, professor (konstteori och äldre konst)</li>
<li>Engellau-Gullander, Cecilia, fil.kand. (nederländsk konst)</li>
<li>Eriksson, Torkel, fil.lic., museiråd (medeltida konst)</li>
</ul>
<h3>F</h3>
<ul>
<li>Faxén Sporrong, Karin, fil.mag.</li>
<li>Frick, Bertil, journalist, teol. och fil.kand. (grafik)</li>
<li>Frostman, Per, konsult (asfaltmåleri)</li>
</ul>
<h3>G</h3>
<ul>
<li>Gavel, Jonas, fil.dr (äldre konst)</li>
<li>Gottskálksdóttír, Júlíana, fil.kand. (isländsk konst)</li>
<li>Granath, Mari, fil.kand. (afrikansk konst)</li>
<li>Gromark, Sten, docent (Schweiz)</li>
<li>Gyllensvärd, Bo, professor (Thailand, Afghanistan)</li>
</ul>
<h3>H</h3>
<ul>
<li>Hedqvist, Hedvig, inredningsarkitekt, journalist</li>
<li>Helperin, Silvia, fil.kand. (nutida konst)</li>
<li>Holmquist, Kersti, överintendent (biografi)</li>
<li>Hornborg, Alf, fil.dr (fornamerikansk konst)</li>
<li>Hägg, Tomas, professor (Nubien)</li>
<li>Hökby, Nils-Göran, fil.lic. (Gästrikland)</li>
</ul>
<h3>I</h3>
<ul>
<li>Ingolfsson, Adalsteinn, kulturredaktör (isländsk konst)</li>
<li>Isacsson, Arne, professor (nutida konstteknik)</li>
</ul>
<h3>J</h3>
<ul>
<li>Jacobson, Staffan, fil.dr (spraykonst)</li>
<li>Johannesson, Hans-Erik, universitetslektor (Teddy Brunius)</li>
<li>Johannesson, Lena, professor (affischkonst)</li>
<li>Johansson, Hans, fil.kand. (äldre och nutida konst)</li>
<li>Jonsson, Rune, fotolärare (nutida konst)</li>
</ul>
<h3>K</h3>
<ul>
<li>Karlholm, Dan, fil.kand. (nutida konst)</li>
<li>Karlsson, Lennart, docent (medeltida konst)</li>
<li>Kronholm, Tryggve, professor (Behzad)</li>
<li>Kyander, Pontus, fil.lic. (nutida konst)</li>
</ul>
<h3>L</h3>
<ul>
<li>Lace, Mara, museichef (Lettland)</li>
<li>Lagerlöf, Erland, docent (medeltida konst)</li>
<li>Lalander, Folke, museiintendent (modern konst)</li>
<li>Lepp, Hans, konsul (Estland)</li>
<li>Levic, Enes, konstnär (sydslavisk konst)</li>
<li>Lindberg, Bo Ossian, docent (måleriteknik)</li>
<li>Lindgren, Mereth, docent (medeltida konst)</li>
<li>Lindqvist, Gunnar, fil.dr (Småland)</li>
<li>Lindwall, Bo, överintendent (1600- 1700-talskonst)</li>
<li>Lisshagen, Annika, fil.kand. (Indien)</li>
<li>Lund, Hans, fil.dr (norsk konst)</li>
<li>Lundberg, Bengt A., universitetslektor (Bulgarien)</li>
<li>Lång, Helmer, docent (nutida konst)</li>
</ul>
<h3>M</h3>
<ul>
<li>Mezei, Kristina, konsthistoriker</li>
</ul>
<h3>N</h3>
<ul>
<li>Nelson, Cecilia, intendent (nutida konst)</li>
<li>Nilsson, Bo, intendent (modern konst)</li>
<li>Nilsson, Sten Åke, professor (äldre konst)</li>
<li>Nordgren, Sune, konsthallschef (nutida konst)</li>
<li>Numhauser-Henning, Ann, docent (chilensk konst)</li>
<li>Nummelin, Rolf, lektor (finländsk konst)</li>
</ul>
<h3>O</h3>
<ul>
<li>Oredsson, Lars-Göran, fil.lic. (nutida konst)</li>
</ul>
<h3>P</h3>
<ul>
<li>Peterson, Bengt, fil.dr (Egypten)</li>
<li>Pettersson, Hans, fil.kand. (nutida konst)</li>
</ul>
<h3>R</h3>
<ul>
<li>Ranung, Björn, fil.lic. (Angola, Nya Zeeland)</li>
<li>Romero, Mario, assistent (Argentina)</li>
<li>Rosén, Staffan, professor (Mongoliet)</li>
<li>Rossholm-Lagerlöf, Margareta, docent</li>
<li>Rudnert, Sune, fil.dr (äldre konst)</li>
</ul>
<h3>S</h3>
<ul>
<li>Sahlström, Berit, fil.dr (Sydafrika)</li>
<li>Sandqvist, Tom, fil.dr (nutida konst)</li>
<li>Sandström, Birgitta, fil.dr, museidirektör (äldre konst)</li>
<li>Sandström, Sven, professor (konstteori och nutida konst)</li>
<li>Schalk, Peter, professor (Kambodja)</li>
<li>Sisefsky, Jan, fil.kand (färgteknik)</li>
<li>Sjölin, Jan-Gunnar, docent (nutida konst)</li>
<li>Stankovski, Miodrag, M.A. (sydslavisk konst)</li>
<li>Streijffert, Bengt, avd.dir. (utomeuropeisk konst)</li>
<li>Ström, Emilia, fil.kand. (polsk konst)</li>
<li>Sylvan, Bo, professor (nutida konst)</li>
</ul>
<h3>T</h3>
<ul>
<li>Teghammer, Jan L., fil.kand. (Nigeria)</li>
<li>Telhammer, Ingrid, fil.dr (äldre konst)</li>
</ul>
<h3>VW</h3>
<ul>
<li>Wahlström, Bengt, civilekonom (modern konst)</li>
<li>Weimarck, Ann-Charlotte, fil.dr (nutida konst)</li>
<li>Weimarck, Torsten, fil.dr (konstteori, nutida konst)</li>
<li>Werkmäster, Barbro, professor, författare (nutida konst)</li>
<li>Wikander, Örjan, docent (Armenien, konst och arkitektur)</li>
<li>Wingren, Bo, 1:e antikvarie (äldre konst)</li>
</ul>
<h3>Å</h3>
<ul>
<li>Ådahl, Karin, docent (islamisk konst)</li>
<li>Åman, Anders, professor (Rumänien, Tjeckien och Ungern)</li>
</ul>
                    </div>
    </div>
</section>






<section  class="big-header bg-gray ">
    <div class="container">
        <div class="inner  pt-5 pb-5">

            

<div class="big-header-center">
                
<h3 class="h3"> Redaktionen </h3>                
<p class="ample">
    Har du en allmän fråga eller synpunkt gällande innehållet i våra tjänster är du välkommen att höra av dig till oss på redaktionen.</p>    
    
            <div class="btn-container">
                            
<a href="https://www.ne.se/info/kontaktsida/?tab=Redaktion" target="_blank" aria-label="Kontakta oss" class="button button-blue">
    Kontakta oss            <svg width="16" height="16" viewBox="0 0 16 16" fill="none" xmlns="http://www.w3.org/2000/svg">
<path d="M14 6.00001L14 2.00001M14 2.00001H9.99999M14 2.00001L8 8M6.66667 2H5.2C4.0799 2 3.51984 2 3.09202 2.21799C2.71569 2.40973 2.40973 2.71569 2.21799 3.09202C2 3.51984 2 4.07989 2 5.2V10.8C2 11.9201 2 12.4802 2.21799 12.908C2.40973 13.2843 2.71569 13.5903 3.09202 13.782C3.51984 14 4.07989 14 5.2 14H10.8C11.9201 14 12.4802 14 12.908 13.782C13.2843 13.5903 13.5903 13.2843 13.782 12.908C14 12.4802 14 11.9201 14 10.8V9.33333" stroke="#F2F5F8" stroke-width="2" stroke-linecap="round" stroke-linejoin="round"/>
</svg>
    </a>                                </div>
    </div>
        </div>
    </div>
</section>
