{"id":5627,"date":"2023-04-27T19:40:56","date_gmt":"2023-04-27T19:40:56","guid":{"rendered":"https:\/\/www.ne.se\/info\/?page_id=5627"},"modified":"2023-04-27T19:40:58","modified_gmt":"2023-04-27T19:40:58","slug":"litteratur","status":"publish","type":"page","link":"https:\/\/www.ne.se\/info\/experter-och-skribenter\/litteratur\/","title":{"rendered":"Litteratur"},"content":{"rendered":"\n\n<section  class=\"big-header bg-gradient-top \">\n    <div class=\"container\">\n        <div class=\"inner   \">\n\n            \n\n<div class=\"big-header-center\">\n            \n<p class=\"uptext center\">\n    Experter och skribenter    <span class=\"line\"><\/span>\n<\/p>                \n<h2 class=\"h2\"> Litteratur <\/h2>        \n    \n    <\/div>\n        <\/div>\n    <\/div>\n<\/section>\n\n\n\n<section  class=\"blog-text\">\n    <div class=\"container\">\n        <div class=\"inner  pt-0 pb-5\">\n                            \n<h3 class=\"h3\"> Redakt\u00f6r: Rebecka Randler <\/h3>                                        <h3>A<\/h3>\n<ul>\n<li>Aghed, Jan, journalist (thriller)<\/li>\n<li>Ahlstedt, Eva, fil.dr (fransk litteratur)<\/li>\n<li>Ahnlund, Knut, professor (dansk och spansk litteratur)<\/li>\n<li>Akalau, Aster, universitetslektor (etiopisk litteratur)<\/li>\n<li>Algulin, Ingemar, professor (svensk litteratur)<\/li>\n<li>Altg\u00e5rd, Clemens, redakt\u00f6r<\/li>\n<li>Almbladh, Karin, fil.dr (hebreisk litteratur)<\/li>\n<li>Ambj\u00f6rnsson, Ronny, professor<\/li>\n<li>Andersson, Barbro, fil.mag. (rum\u00e4nsk litteratur)<\/li>\n<li>Andersson, Lars Gustaf, docent (italiensk litteratur)<\/li>\n<\/ul>\n<h3>B<\/h3>\n<ul>\n<li>Bergh, Birger, professor (antiken)<\/li>\n<li>Berglund-Nilsson, Birgitta, fil.dr (fransk litteratur)<\/li>\n<li>Beyer, Edward, professor (Norge litteratur)<\/li>\n<li>Bj\u00f6rck, Staffan, professor<\/li>\n<li>Blom, K. Arne, f\u00f6rfattare (kriminallitteratur)<\/li>\n<li>Blomqvist, Jerker, professor (antiken)<\/li>\n<li>Blomqvist, Lars Erik, fil.lic. (rysk litteratur)<\/li>\n<li>Borup, Anne, cand.mag. (dansk litteratur)<\/li>\n<li>Bostr\u00f6m, Ingemar, professor (Dante)<\/li>\n<li>Bredsdorff, Elias, dr phil. (H.C. Andersen)<\/li>\n<li>Br\u00fcgge, Anne, fil.kand. (kvinnolitteratur)<\/li>\n<li>B\u00e4ckman, Sven, professor (brittisk litteratur)<\/li>\n<\/ul>\n<h3>C<\/h3>\n<ul>\n<li>Cullhed, Anders, professor (spansk litteratur)<\/li>\n<\/ul>\n<h3>D<\/h3>\n<ul>\n<li>Dahl, Adolf, universitetsadjunkt (slavisk litteratur)<\/li>\n<li>Dahlstr\u00f6m, Britt, litteraturhistoriker (litter\u00e4ra priser)<\/li>\n<li>Dug\u00e1ntsy, M\u00e1ria, fil.dr (ungersk litteratur)<\/li>\n<\/ul>\n<h3>E<\/h3>\n<ul>\n<li>Edstr\u00f6m, Vivi, professor (svensk litteratur)<\/li>\n<li>Ek, Sverker R., professor<\/li>\n<li>Eklund, Bo-Lennart, docent (nygrekisk litteratur)<\/li>\n<li>Eksell, Kerstin, professor (arabisk litteratur)<\/li>\n<li>Elleg\u00e5rd, Alvar, professor<\/li>\n<li>Ellerstr\u00f6m, Jonas, fil.kand.<\/li>\n<li>Eriksson, Lars-Gunnar, departementsekreterare<\/li>\n<li>Esmann Knudsen, Karin (dansk litteratur)<\/li>\n<\/ul>\n<h3>F<\/h3>\n<ul>\n<li>Fjeldstad, Anton, lektor (norsk litteratur)<\/li>\n<li>Fornell, Jan (japansk litteratur)<\/li>\n<li>Forsgren, Peter, fil.dr. (litter\u00e4ra gestalter)<\/li>\n<li>Freund, Peter B., fil.kand. (tjeckisk litteratur)<\/li>\n<li>Frykman, Erik, professor (brittisk litteratur)<\/li>\n<li>Fr\u00e4ngsmyr, Tore, professor<\/li>\n<li>Furuland, Lars, professor (svensk litteratur)<\/li>\n<\/ul>\n<h3>G<\/h3>\n<ul>\n<li>Granqvist, Rauol, fil.dr (afrikansk litteratur)<\/li>\n<li>Gren-Eklund, Gunilla, professor (indisk litteratur)<\/li>\n<li>G\u00f6trick, Kacke, fil.dr (afrikansk litteratur)<\/li>\n<\/ul>\n<h3>H<\/h3>\n<ul>\n<li>Hallberg, Peter, professor<\/li>\n<li>Hamberg, Lars, fil.mag. (\u00c5land litteratur)<\/li>\n<li>Hans\u00e9n, Iah, docent (fransk litteratur)<\/li>\n<li>Hansson, Gunnar D., docent<\/li>\n<li>Hansson, Karin, professor (australisk och nyzeel\u00e4ndsk litteratur)<\/li>\n<li>Hedlund, Tom, fil.dr<\/li>\n<li>Hedman, Dag, fil.dr<\/li>\n<li>Hellstr\u00f6m, Jan Arvid, professor (Franz\u00e9n)<\/li>\n<li>Helt Haarder, Jon, cand.mag. (dansk litteratur)<\/li>\n<li>Henrikson, Alf, professor<\/li>\n<li>Herslow-Fex, Anna, 1:e bibliotekarie<\/li>\n<li>Hillbom, Gunnar, fil.dr (Bellman)<\/li>\n<li>Hjert, Gunnar, fil.mag. (amerikansk litteratur)<\/li>\n<li>Holm, Birgitta, docent (kvinnolitteratur)<\/li>\n<li>Holmberg, Claes-G\u00f6ran, fil.dr (tidskrifter, amerikansk litteratur)<\/li>\n<li>Holmberg, John-Henri, bokf\u00f6rl\u00e4ggare (science fiction-litteratur, kriminallitteratur)<\/li>\n<li>Holmquist, G\u00f6ran, journalist<\/li>\n<li>Hult, Arne, fil.dr (slavisk litteratur)<\/li>\n<li>H\u00e5kansson, Gunilla, fil.mag. (franskspr\u00e5kig afrikansk litteratur)<\/li>\n<\/ul>\n<h3>J<\/h3>\n<ul>\n<li>Jahja, Rosman, redakt\u00f6r<\/li>\n<li>Jansson, Sven Bertil, docent<\/li>\n<li>Jersild, Margareta, docent (visor)<\/li>\n<li>Johannesson, Hans-Erik, universitetslektor<\/li>\n<li>J\u00f3hannesson, Kristinn, universitetslektor (isl\u00e4ndsk litteratur)<\/li>\n<li>Johanson-Thor, Gunnar (landskapet i litteraturen)<\/li>\n<li>Johansson, Kjell A., fil.kand. (spansk, portugisisk och latinamerikansk litteratur)<\/li>\n<li>Johnsen, G\u00f6sta, 1:e bibliotekarie (pakistansk litteratur)<\/li>\n<li>Jonsson, Bengt R., professor (visor)<\/li>\n<li>Jonsson, Inge, professor<\/li>\n<li>J\u00f3nsson, Steingr\u00edmur, cand.mag. (isl\u00e4ndsk litteratur)<\/li>\n<li>J\u00e4rv, Harry, fil.dr, f.d. biblioteksr\u00e5d<\/li>\n<\/ul>\n<h3>K<\/h3>\n<ul>\n<li>Karlsson, Johnny, fil.dr (Blekinge litteratur)<\/li>\n<li>Karlsson, Lennart, docent (medeltida litteratur)<\/li>\n<li>Kleberg, Lars, docent (polsk och rysk litteratur)<\/li>\n<li>Kleivan, Inge, lektor<\/li>\n<li>Kockum, Keiko, fil.dr (japansk litteratur)<\/li>\n<li>Korl\u00e9n, Gustav, professor (tysk litteratur)<\/li>\n<li>Krogh Hansen, Per, cand.mag. (dansk litteratur)<\/li>\n<li>Kronholm, Tryggve, professor (arabisk litteratur)<\/li>\n<li>K\u00e5reland, Lena, fil.dr (barnlitteratur)<\/li>\n<\/ul>\n<h3>L<\/h3>\n<ul>\n<li>Landqvist, Marianne, fil.kand.<\/li>\n<li>Langg\u00e5rd, Karen (gr\u00f6nl\u00e4ndsk litteratur)<\/li>\n<li>Larsen, Gorm, cand.mag. (dansk litteratur)<\/li>\n<li>Larsmo, Ola, f\u00f6rfattare<\/li>\n<li>Larsson, Lars-Gunnar, professor (samojedisk litteratur)<\/li>\n<li>Larsson, Lisbeth, professor<\/li>\n<li>Lewan, Bengt, docent (svensk litteratur)<\/li>\n<li>Lidin, Olof, professor (japansk litteratur)<\/li>\n<li>Lienhard, Siegfried, professor (indisk litteratur)<\/li>\n<li>Lindberg, Ulf, fil.lic.<\/li>\n<li>Lingis, Juozas, universitetslektor (litauisk litteratur)<\/li>\n<li>Linn\u00e9r, Sture, professor (grekisk litteratur)<\/li>\n<li>Littberger Caisou-Rousseau, Inger, docent (svensk litteratur)<\/li>\n<li>Ljung, Per Erik, docent (dansk litteratur)<\/li>\n<li>Lodhi, Abdulaziz, universitetslektor (swahili)<\/li>\n<li>Losman, Beata, docent (kvinnolitteratur)<\/li>\n<li>Lotass, Lotta, fil.mag. (litter\u00e4ra verk)<\/li>\n<li>Lund, Hans, docent (norsk litteratur)<\/li>\n<li>Lundberg, Bengt A., universitetslektor (balkanl\u00e4ndernas litteratur)<\/li>\n<li>Lund\u00e9n, Tomas, kulturvetare (Paul Auster)<\/li>\n<li>Lundgren, Arne, f\u00f6rfattare, \u00f6vers\u00e4ttare (latinamerikansk litteratur)<\/li>\n<li>Luthersson, Peter, fil.dr<\/li>\n<li>L\u00e5ng, Helmer, docent<\/li>\n<\/ul>\n<h3>M<\/h3>\n<ul>\n<li>Macek, Ivana, fil.kand. (sydslavisk litteratur)<\/li>\n<li>Malmqvist, G\u00f6ran, professor (kinesisk litteratur)<\/li>\n<li>Marainen, Johannes (samisk litteratur)<\/li>\n<li>Marnersd\u00f3ttir, Malan, lektor (f\u00e4r\u00f6isk litteratur)<\/li>\n<li>Meijling-B\u00e4ckman, Ingrid, fil.dr (Fogelklou)<\/li>\n<li>Mekki-Berranda, Tawfik, docent (fransk litteratur)<\/li>\n<li>Molander Beyer, Marianne, fil.dr (fransk litteratur)<\/li>\n<li>Mortensen, Anders, fil. dr (modern litteratur)<\/li>\n<li>M\u00fcssener, Helmut, docent (exillitteratur)<\/li>\n<li>M\u00e4gi, Arvo, fil.mag. (estnisk litteratur)<\/li>\n<\/ul>\n<h3>N<\/h3>\n<ul>\n<li>Nettervik, Ingrid, fil.dr (barnlitteratur)<\/li>\n<li>Nielsen, Erik A., docent, dr phil. (dansk litteratur)<\/li>\n<li>Nilsson, Nils \u00c5ke, professor (slavisk litteratur)<\/li>\n<li>Nolin, Bertil, docent<\/li>\n<li>Nordgren, Elisabeth, kulturjournalist (finsk litteratur)<\/li>\n<li>Nordin Hennel, Ingeborg, docent<\/li>\n<li>Nordlinder, Eva, fil.dr (barnlitteratur)<\/li>\n<li>Nordmark, Dag, professor<\/li>\n<li>Nordstr\u00f6m, Marie, fil.dr (kvinnolitteratur)<\/li>\n<\/ul>\n<h3>O<\/h3>\n<ul>\n<li>O\u2019Corr\u00e1in, Ailbhe, docent (keltisk litteratur)<\/li>\n<li>Ohlin, Barbro, fil.dr (fransk litteratur)<\/li>\n<li>Olinder, Britta, docent (engelskspr\u00e5kig litteratur)<\/li>\n<li>Olofsson, Tommy, fil.dr (svensk litteratur)<\/li>\n<li>Olsson, Bernt, professor<\/li>\n<li>Oscarsson, Ingemar, docent<\/li>\n<li>Ottosson, Astrid, teol. och fil.kand. (arabisk litteratur)<\/li>\n<li>Oxelqvist, Rune, fil.lic. (G\u00f6teborg litteratur)<\/li>\n<\/ul>\n<h3>P<\/h3>\n<ul>\n<li>Packal\u00e9n, Ma\u0142gorzata Anna, professor (polsk litteratur)<\/li>\n<li>Packal\u00e9n, Sture, professor (tyskspr\u00e5kig litteratur)<\/li>\n<li>Peterson, Kjell, bokf\u00f6rl\u00e4ggare<\/li>\n<li>Petersson, Margareta, docent (indisk litteratur)<\/li>\n<li>Pettersson, \u00c5ke, fil.dr<\/li>\n<li>Pien-Ampai, Bundhit, h\u00f6gskoleadjunkt (Thailand)<\/li>\n<li>Piltz, Anders, docent<\/li>\n<li>Priedite, Aija, fil.dr (lettisk litteratur)<\/li>\n<\/ul>\n<h3>R<\/h3>\n<ul>\n<li>Riad, Eva, docent (arabisk litteratur)<\/li>\n<li>Romberg, Bertil, docent (svensk litteratur)<\/li>\n<li>Roos, Paavo, docent (turkisk litteratur)<\/li>\n<li>Ros\u00e9n, Staffan, professor (koreansk litteratur)<\/li>\n<li>Rubenson, Samuel, teol.dr (koptisk litteratur)<\/li>\n<li>Rubenson, Sven, professor (etiopisk litteratur)<\/li>\n<li>Ryd\u00e9n, Lennart, professor (bysantinsk litteratur)<\/li>\n<li>Ryd\u00e9n, Per, professor<\/li>\n<li>R\u00f6hl, Magnus, docent (fransk litteratur)<\/li>\n<\/ul>\n<h3>S<\/h3>\n<ul>\n<li>Schalk, Peter, professor (Cambodja litteratur)<\/li>\n<li>af Schmidt, Frans, redakt\u00f6r<\/li>\n<li>Schmidt, Torbj\u00f6rn, redakt\u00f6r (svensk poesi)<\/li>\n<li>Selander, Inger, universitetslektor (andliga s\u00e5nger och visor)<\/li>\n<li>Shakely, Ferhad, universitetslektor (kurdisk litteratur)<\/li>\n<li>Sj\u00f6blad, Christina, docent (kvinnolitteratur)<\/li>\n<li>Sj\u00f6gren, Per A., bokf\u00f6rl\u00e4ggare<\/li>\n<li>Slav\u00ed\u010dkov\u00e1, Miloslava, universitetslektor, M.A. (tjeckisk och slovakisk litteratur)<\/li>\n<li>Smith, William, docent (indisk litteratur)<\/li>\n<li>Sohier, Guy, h\u00f6gskoleadjunkt (franskspr\u00e5kig litteratur)<\/li>\n<li>Sommar, Carl Olov, f\u00f6rfattare (landskapet i litteraturen)<\/li>\n<li>Stenson, Jacob, fil.kand.<\/li>\n<li>Stenstr\u00f6m, Thure, professor (Eyvind Johnson)<\/li>\n<li>Streijffert, Bengt, avdelningsdirekt\u00f6r (kanadensisk litteratur)<\/li>\n<li>Suneson, Carl, docent (indisk litteratur)<\/li>\n<li>Swahn, Jan-\u00d6jvind, professor<\/li>\n<li>Swahn, Sigbrit, docent (fransk litteratur)<\/li>\n<li>Svanberg, Birgitta, fil.mag. (kvinnolitteratur)<\/li>\n<li>Svantesson, Jan-Olof, docent (Cambodja litteratur)<\/li>\n<li>Svensson, Conny, docent<\/li>\n<li>Svensson, Lars-H\u00e5kan, professor (brittisk litteratur)<\/li>\n<li>Svensson, Sonja, docent (barnlitteratur)<\/li>\n<li>S\u00f6derberg, Per, redakt\u00f6r<\/li>\n<li>S\u00f6hrman, Ingmar, docent (rum\u00e4nsk litteratur)<\/li>\n<li>S\u00f6rbom, G\u00f6ran, docent<\/li>\n<\/ul>\n<h3>T<\/h3>\n<ul>\n<li>Taube, Agneta (norsk litteratur)<\/li>\n<li>Teghammer, Jan, fil.kand. (filippinsk litteratur)<\/li>\n<li>Thomasson, Lars, rektor (samisk litteratur)<\/li>\n<li>Torhell, Catta, bibliotekarie (kvinnolitteratur)<\/li>\n<li>Traunm\u00fcller, Hartmut, docent (esperantolitteratur)<\/li>\n<li>T\u00f6rnqvist, Lena, bibliotekarie (barnlitteratur)<\/li>\n<\/ul>\n<h3>U<\/h3>\n<ul>\n<li>Ulvros, Eva Helen, fil.dr (Sophie Elkan)<\/li>\n<li>Utas, Bo, professor (persisk litteratur)<\/li>\n<\/ul>\n<h3>VW<\/h3>\n<ul>\n<li>Vald\u00e9s, Ana L., kulturskribent<\/li>\n<li>Vamling, Karina, fil.dr (rysk litteratur)<\/li>\n<li>Werkm\u00e4ster, Barbro, professor (illustrat\u00f6rer)<\/li>\n<li>Wik\u00e9n Bonde, Ingrid, docent (nederl\u00e4ndsk och belgisk litteratur, afrikaansspr\u00e5kig litteratur)<\/li>\n<li>Vinge, Louise, professor<\/li>\n<li>Wirth, Michael, fil.kand. (verkf\u00f6rteckningar)<\/li>\n<li>Witt-Brattstr\u00f6m, Ebba, professor (kvinnolitteratur)<\/li>\n<li>Wopenka, Johan, redakt\u00f6r (kriminallitteratur)<\/li>\n<li>Wret\u00f6, Tore, docent<\/li>\n<li>W\u00e5hlin, Kristian, docent (litteraturtermer)<\/li>\n<li>W\u00e4stberg, Per, f\u00f6rfattare (afrikansk litteratur)<\/li>\n<\/ul>\n<h3>Y<\/h3>\n<ul>\n<li>Yrlid, Rolf, universitetslektor (marxistisk litteraturforskning)<\/li>\n<\/ul>\n<h3>Z<\/h3>\n<ul>\n<li>Zamrazilov\u00e1-Jakmyr, Jitka, fil.dr (turkisk litteratur)<\/li>\n<li>Zeidler-Blomberg, Beatrice, redakt\u00f6r (palestinsk litteratur)<\/li>\n<li>Zetterholm, Finn, fil.kand. (visor)<\/li>\n<li>Zola Christensen, Robert, universitetsadjunkt (dansk litteratur)<\/li>\n<\/ul>\n<h3>\u00c5<\/h3>\n<ul>\n<li>\u00c5kesson, Joyce, fil.kand. (arabisk litteratur)<\/li>\n<li>\u00c5sberg, Christer, teol.dr (religi\u00f6s litteratur)<\/li>\n<\/ul>\n<h3>\u00d6<\/h3>\n<ul>\n<li>\u00d6stlund, Cecilia, bibliotekarie (barnlitteratur)<\/li>\n<\/ul>\n                    <\/div>\n    <\/div>\n<\/section>\n\n\n\n\n\n\n<section  class=\"big-header bg-gray \">\n    <div class=\"container\">\n        <div class=\"inner  pt-5 pb-5\">\n\n            \n\n<div class=\"big-header-center\">\n                \n<h3 class=\"h3\"> Redaktionen <\/h3>                \n<p class=\"ample\">\n    Har du en allm\u00e4n fr\u00e5ga eller synpunkt g\u00e4llande inneh\u00e5llet i v\u00e5ra tj\u00e4nster \u00e4r du v\u00e4lkommen att h\u00f6ra av dig till oss p\u00e5 redaktionen.<\/p>    \n    \n            <div class=\"btn-container\">\n                            \n<a href=\"https:\/\/www.ne.se\/info\/kontaktsida\/?tab=Redaktion\" target=\"_blank\" aria-label=\"Kontakta oss\" class=\"button button-blue\">\n    Kontakta oss            <svg width=\"16\" height=\"16\" viewBox=\"0 0 16 16\" fill=\"none\" xmlns=\"http:\/\/www.w3.org\/2000\/svg\">\n<path d=\"M14 6.00001L14 2.00001M14 2.00001H9.99999M14 2.00001L8 8M6.66667 2H5.2C4.0799 2 3.51984 2 3.09202 2.21799C2.71569 2.40973 2.40973 2.71569 2.21799 3.09202C2 3.51984 2 4.07989 2 5.2V10.8C2 11.9201 2 12.4802 2.21799 12.908C2.40973 13.2843 2.71569 13.5903 3.09202 13.782C3.51984 14 4.07989 14 5.2 14H10.8C11.9201 14 12.4802 14 12.908 13.782C13.2843 13.5903 13.5903 13.2843 13.782 12.908C14 12.4802 14 11.9201 14 10.8V9.33333\" stroke=\"#F2F5F8\" stroke-width=\"2\" stroke-linecap=\"round\" stroke-linejoin=\"round\"\/>\n<\/svg>\n    <\/a>                                <\/div>\n    <\/div>\n        <\/div>\n    <\/div>\n<\/section>","protected":false},"excerpt":{"rendered":"","protected":false},"author":6,"featured_media":0,"parent":5420,"menu_order":0,"comment_status":"closed","ping_status":"closed","template":"","meta":{"inline_featured_image":false,"footnotes":""},"subject":[],"class_list":["post-5627","page","type-page","status-publish","hentry"],"acf":[],"_links":{"self":[{"href":"https:\/\/www.ne.se\/info\/wp-json\/wp\/v2\/pages\/5627","targetHints":{"allow":["GET"]}}],"collection":[{"href":"https:\/\/www.ne.se\/info\/wp-json\/wp\/v2\/pages"}],"about":[{"href":"https:\/\/www.ne.se\/info\/wp-json\/wp\/v2\/types\/page"}],"author":[{"embeddable":true,"href":"https:\/\/www.ne.se\/info\/wp-json\/wp\/v2\/users\/6"}],"replies":[{"embeddable":true,"href":"https:\/\/www.ne.se\/info\/wp-json\/wp\/v2\/comments?post=5627"}],"version-history":[{"count":2,"href":"https:\/\/www.ne.se\/info\/wp-json\/wp\/v2\/pages\/5627\/revisions"}],"predecessor-version":[{"id":5629,"href":"https:\/\/www.ne.se\/info\/wp-json\/wp\/v2\/pages\/5627\/revisions\/5629"}],"up":[{"embeddable":true,"href":"https:\/\/www.ne.se\/info\/wp-json\/wp\/v2\/pages\/5420"}],"wp:attachment":[{"href":"https:\/\/www.ne.se\/info\/wp-json\/wp\/v2\/media?parent=5627"}],"wp:term":[{"taxonomy":"subject","embeddable":true,"href":"https:\/\/www.ne.se\/info\/wp-json\/wp\/v2\/subject?post=5627"}],"curies":[{"name":"wp","href":"https:\/\/api.w.org\/{rel}","templated":true}]}}