{"id":5693,"date":"2023-04-27T19:57:16","date_gmt":"2023-04-27T19:57:16","guid":{"rendered":"https:\/\/www.ne.se\/info\/?page_id=5693"},"modified":"2024-10-16T13:47:12","modified_gmt":"2024-10-16T13:47:12","slug":"socialpolitik-socialt-arbete-halso-och-sjukvard","status":"publish","type":"page","link":"https:\/\/www.ne.se\/info\/experter-och-skribenter\/socialpolitik-socialt-arbete-halso-och-sjukvard\/","title":{"rendered":"Socialpolitik, socialt arbete, h\u00e4lso- och sjukv\u00e5rd"},"content":{"rendered":"\n\n<section  class=\"big-header bg-gradient-top \">\n    <div class=\"container\">\n        <div class=\"inner   \">\n\n            \n\n<div class=\"big-header-center\">\n            \n<p class=\"uptext center\">\n    Experter och skribenter    <span class=\"line\"><\/span>\n<\/p>                \n<h2 class=\"h2\"> Socialpolitik, socialt arbete, h\u00e4lso- och sjukv\u00e5rd <\/h2>        \n    \n    <\/div>\n        <\/div>\n    <\/div>\n<\/section>\n\n\n\n<section  class=\"blog-text\">\n    <div class=\"container\">\n        <div class=\"inner  pt-0 pb-5\">\n                            \n<h3 class=\"h3\"> Redakt\u00f6r: Melina Solc\u00e0 <\/h3>                                        <h3>A<\/h3>\n<ul>\n<li>Agn\u00e9us, Hans, avdelningsdirekt\u00f6r<\/li>\n<li>Alm-M\u00e5rding, Britta, f\u00f6rest\u00e5ndare<\/li>\n<li>Anderberg, Stefan, fil.dr<\/li>\n<li>Andersson, Agnes, fil.kand.<\/li>\n<li>Andersson, Bengt, psykolog<\/li>\n<li>Andersson, Gunvor, docent, universitetslektor<\/li>\n<li>Andersson, Kerstin, inf.sekr.<\/li>\n<\/ul>\n<h3>B<\/h3>\n<ul>\n<li>Bakk, Ann, leg.psykolog<\/li>\n<li>Batel, Amadeu, lektor<\/li>\n<li>Bentzer, Mikael, jurist<\/li>\n<li>Bj\u00f6rvell, Hj\u00f6rdis, professor<\/li>\n<li>Boalt Bo\u00ebthius, Siv, docent<\/li>\n<li>Bodin, Gunilla, direkt\u00f6r<\/li>\n<li>Bohm, Eva, fil.lic.<\/li>\n<li>Bonair, Ann, avdelningsdirekt\u00f6r<\/li>\n<li>Book, Tommy, docent<\/li>\n<li>Borgenhammar, Edgar, professor<\/li>\n<li>Brodd, Sven-Erik, docent<\/li>\n<li>Brundenius, Claes, docent<\/li>\n<li>Burman, Ingemar, avdelningsdirekt\u00f6r<\/li>\n<\/ul>\n<h3>C<\/h3>\n<ul>\n<li>Carlberg, Ann-Charlotte, leg.psykolog<\/li>\n<li>Carlgren, Frans, fil.lic.<\/li>\n<li>Carlson, Dorrit, redakt\u00f6r<\/li>\n<li>Cederblom, Staffan, leg.l\u00e4kare<\/li>\n<li>Cedersund, Elisabet, professor<\/li>\n<li>Cederqvist, Siv, avdelningsdirekt\u00f6r<\/li>\n<li>Clemens, Annika, informat\u00f6r<\/li>\n<li>Crafoord, Clarence, \u00f6verl\u00e4kare<\/li>\n<li>Cullberg, Johan, professor<\/li>\n<\/ul>\n<h3>D<\/h3>\n<ul>\n<li>Dahlberg, Anita, universitetslektor<\/li>\n<li>Dahl\u00f6f, Lars-G\u00f6sta, docent<\/li>\n<li>Denvall, Verner, universitetslektor<\/li>\n<li>Djurfeldt, G\u00f6ran, docent<\/li>\n<\/ul>\n<h3>E<\/h3>\n<ul>\n<li>Edlund, Claes, professor<\/li>\n<li>Ehnfors, Margareta, docent, universitetslektor<\/li>\n<li>Ekensteen, Vilhelm, utredningssekr.<\/li>\n<li>Ekman, Martin, docent<\/li>\n<li>Elgemyr, G\u00f6ran, redakt\u00f6r<\/li>\n<li>Elm\u00e9r, \u00c5ke, professor<\/li>\n<li>Engstr\u00f6m, Gunnar, kriminalv\u00e5rdsdirekt\u00f6r<\/li>\n<li>Envall, Elis, handl\u00e4ggare<\/li>\n<li>Eriksson, Robert, professor<\/li>\n<li>Erlandsson, Ulf, universitetslektor<\/li>\n<li>Evander, Carl Johan, redakt\u00f6r<\/li>\n<\/ul>\n<h3>F<\/h3>\n<ul>\n<li>Flinck, Rune, docent<\/li>\n<li>Frete, Alicia, fil.mag., M.A.<\/li>\n<\/ul>\n<h3>G<\/h3>\n<ul>\n<li>Gerner, Kristian, professor<\/li>\n<li>Gesser, Bengt, professor<\/li>\n<li>Grenholm, Carl-Henric, docent<\/li>\n<li>Gustafson, Ingvar, \u00f6verl\u00e4kare<\/li>\n<\/ul>\n<h3>H<\/h3>\n<ul>\n<li>Hagstr\u00f6m, Bj\u00f6rn, professor<\/li>\n<li>Hamrin, Elisabeth, professor<\/li>\n<li>H\u00e6llquist, Karl-Reinhold, fil.lic.<\/li>\n<li>Henriksson, Evert, h\u00f6rselv\u00e5rdskonsulent<\/li>\n<li>Henrysson, Sara, fil.kand.<\/li>\n<li>Hermeren, G\u00f6ran, professor<\/li>\n<li>Hessle, Sven, professor<\/li>\n<li>Hibell, Bj\u00f6rn, fil.dr<\/li>\n<li>Hilte, Mats, docent, universitetslektor<\/li>\n<li>Holmberg, Barbro, socionom (e)<\/li>\n<li>Holm\u00e9n, Hans, fil.dr<\/li>\n<li>Holmer, Nils-Gunnar, professor<\/li>\n<li>Hovelius, Birgitta, professor<\/li>\n<li>Hultin, Mats, skolr\u00e5d<\/li>\n<li>H\u00e4gerstrand, Torsten, professor<\/li>\n<li>H\u00f6jeberg, Pia, leg.barnmorska<\/li>\n<li>H\u00f6jer, Bengt, docent<\/li>\n<\/ul>\n<h3>I<\/h3>\n<ul>\n<li>Ingvar, David H., professor<\/li>\n<li>Ingvar, Lars, byr\u00e5chef<\/li>\n<li>Isacsson, Sven-Olof, professor (e)<\/li>\n<\/ul>\n<h3>J<\/h3>\n<ul>\n<li>Jacobsson, Eva, direkt\u00f6r<\/li>\n<li>Jakobsson, Arne, docent<\/li>\n<li>Jansson, Eivor, v\u00e5rdl\u00e4rare (e)<\/li>\n<li>Janzon, Lars, professor<\/li>\n<li>Johansson, Gunnel, avd.direkt\u00f6r<\/li>\n<li>Johansson, Lars, f\u00f6rvaltningschef<\/li>\n<li>Jonsson, Lars, ambassadr\u00e5d<\/li>\n<li>Jonsson, Nils, professor<\/li>\n<\/ul>\n<h3>K<\/h3>\n<ul>\n<li>Karlefors, Christina, v\u00e5rdgymn.l\u00e4rare<\/li>\n<li>Kebbon, Lars, docent<\/li>\n<li>Kellner, Joakim, departementssekreterare<\/li>\n<li>Kristj\u00e1nsson, Gu\u00f0mundur, byr\u00e5direkt\u00f6r<\/li>\n<li>Krokfors, Christer, universitetsadjunkt<\/li>\n<li>Kyle, Gunhild, professor<\/li>\n<li>K\u00fcng, Andres, f\u00f6rfattare<\/li>\n<li>K\u00e4rrby, Gunni, docent<\/li>\n<\/ul>\n<h3>L<\/h3>\n<ul>\n<li>Larsson, Stig, professor (e)<\/li>\n<li>Lema, Antoine, fil.dr<\/li>\n<li>Levenstam, Anna-Karin, fil.kand., fil.mag.<\/li>\n<li>Lid\u00e9n, Doris, rektor<\/li>\n<li>Lindahl, Katarina, generalsekreterare<\/li>\n<li>Lindberg, Jakob, departementsr\u00e5d<\/li>\n<li>Linde, Gunnel, f\u00f6rfattare<\/li>\n<li>Lind\u00e9n, Gunilla, psykolog<\/li>\n<li>Lindholm, Micael, journalist<\/li>\n<li>Lindqvist, Bengt, f.d. statsr\u00e5d<\/li>\n<li>Lindstr\u00f6m, Inga-Britt, arbetsterapeut<\/li>\n<li>Lindstr\u00f6m, Nils-Anders, bitr\u00e4dande skoldirekt\u00f6r<\/li>\n<li>Ling\u00e5s, Lars Gunnar, fil.dr<\/li>\n<li>Lorentzon, Peter, utredare<\/li>\n<li>Lund, J\u00f8rgen, fuldm\u00e6gtig<\/li>\n<li>Lundberg, Svante, fil.dr<\/li>\n<li>Lundh, Bengt, docent<\/li>\n<li>Lundh, Tina, journalist<\/li>\n<li>L\u00f6tmarker, Ruth, universitetslektor<\/li>\n<\/ul>\n<h3>M<\/h3>\n<ul>\n<li>Macek, Ivana, fil.kand.<\/li>\n<li>Malaki, Akhil<\/li>\n<li>Meeuwisse, Anna, universitetslektor<\/li>\n<li>Mo\u00ebll, Hans, docent<\/li>\n<li>Moritz, Ulrich, professor<\/li>\n<li>Morris, Christine, leg. l\u00e4kare<\/li>\n<li>M\u00e5rtensson, Solveig, docent<\/li>\n<\/ul>\n<h3>N<\/h3>\n<ul>\n<li>Naranjo, Eduardo, fil.dr<\/li>\n<li>Nergaard, Anders, fil.dr<\/li>\n<li>Nilsson, Gunnar, universitetsl\u00e4rare<\/li>\n<li>Norberg, Siv, universitetsadjunkt<\/li>\n<li>Numhauser-Henning, Ann, professor<\/li>\n<li>Nyholm, Monica, ekon.mag.<\/li>\n<li>Nystr\u00f6m, Anne, v\u00e5rdh\u00f6gskolel\u00e4rare<\/li>\n<\/ul>\n<h3>O<\/h3>\n<ul>\n<li>Oderstedt, Ingemar, konsult (e)<\/li>\n<li>Olofsson, Gunnar, professor<\/li>\n<li>Olofsson, Joakim, civilekonom<\/li>\n<li>Olsson, Anita, informationssekreterare<\/li>\n<li>Olsson, Maj-Lis, barnav\u00e5rdsl\u00e4rare<\/li>\n<li>Olsson Hort, Sven E., docent<\/li>\n<li>Ottosson, Jan-Otto, professor (e)<\/li>\n<\/ul>\n<h3>P<\/h3>\n<ul>\n<li>Parke, Jan, f\u00f6retagsl\u00e4kare<\/li>\n<li>Petersson, Jan, docent<\/li>\n<li>Pettersson Engstr\u00f6m, Gun-Gerd, rektor<\/li>\n<\/ul>\n<h3>Q<\/h3>\n<ul>\n<li>Quarsell, Roger, professor<\/li>\n<\/ul>\n<h3>R<\/h3>\n<ul>\n<li>Rahm Hallberg, Ingalill, professor<\/li>\n<li>Rets\u00f6, Dag, fil.kand.<\/li>\n<li>Rexed, Ingemar, hovr\u00e4ttsr\u00e5d<\/li>\n<li>Riemenschneider, Enid, konsulent<\/li>\n<li>Ronnby, Alf, docent<\/li>\n<li>Rundquist, Franz-Michael A., fil.dr<\/li>\n<li>Rybo, G\u00f6ran, docent<\/li>\n<li>Rydberg, Ulf, professor<\/li>\n<li>Rystad, G\u00f6ran, professor<\/li>\n<li>R\u00f6nnberg, Jerker, docent<\/li>\n<\/ul>\n<h3>S<\/h3>\n<ul>\n<li>Sabatakakis, Vassilios, fil. kand.<\/li>\n<li>Schyl-Bjurman, Gertrud, fil.dr<\/li>\n<li>Sch\u00f6n-Ohlsson, Christina, leg. sjukgymnast<\/li>\n<li>Segesten, Kerstin, fil.dr<\/li>\n<li>Segr\u00e6us, Vera, fil.dr<\/li>\n<li>Sellstr\u00f6m, Tor, fil.kand.<\/li>\n<li>Sj\u00f6berg, \u00d6rjan, fil.dr<\/li>\n<li>Smedby, Bj\u00f6rn, professor<\/li>\n<li>Stenkula, Staffan, \u00f6verl\u00e4kare<\/li>\n<li>Strinnholm, Curt, h\u00f6gskoleadjunkt<\/li>\n<li>Str\u00e4ng, Gunnel, ombudsman<\/li>\n<li>Str\u00f6mberg, Ingrid, informat\u00f6r<\/li>\n<li>Sundstr\u00f6m, Niclas, fil.kand.<\/li>\n<li>Svanberg, Ingvar, fil.lic.<\/li>\n<li>Sw\u00e4rd, Hans, docent<\/li>\n<li>Sylvander, Inga, fil.dr<\/li>\n<\/ul>\n<h3>T<\/h3>\n<ul>\n<li>Ternestedt \u00d6stman, Britt-Marie, dr med.vet.<\/li>\n<li>Teveborg, Lennart, generaldirekt\u00f6r<\/li>\n<li>Thulin, Ola, \u00f6verl\u00e4kare<\/li>\n<li>Tibblin, G\u00f6sta, professor<\/li>\n<li>Tunving, Kerstin, \u00f6verl\u00e4kare<\/li>\n<\/ul>\n<h3>U<\/h3>\n<ul>\n<li>Utberg, Rolf, socionom<\/li>\n<\/ul>\n<h3>VW<\/h3>\n<ul>\n<li>Wachtmeister, Claes-Adam, redakt\u00f6r<\/li>\n<li>Wadensj\u00f6, Eskil, professor<\/li>\n<li>Weibull, Lennart, professor<\/li>\n<li>Wengraf, Ulla, sjuksk\u00f6terska<\/li>\n<li>Werk\u00f6, Lars, professor<\/li>\n<li>Westin, Rolf, enhetschef (handikappfr\u00e5gor)<\/li>\n<li>Widmalm, Sven, fil.dr<\/li>\n<li>Wigzell, Hans, professor<\/li>\n<li>Wilde Larsson, Bodil<\/li>\n<li>Willman, Ania, fil.dr, universitetslektor<\/li>\n<li>Wilz\u00e9n, Monica, leg. sjuksk\u00f6terska<\/li>\n<li>Vogel, Margareta, h\u00f6rselv\u00e5rdsassistent<\/li>\n<li>Wollbrand, Sigbrit, undervisningsr\u00e5d<\/li>\n<\/ul>\n<h3>\u00d6<\/h3>\n<ul>\n<li>\u00d6stlinder, Gerthrud, leg.sjuksk\u00f6terska<\/li>\n<\/ul>\n                    <\/div>\n    <\/div>\n<\/section>\n\n\n\n\n\n\n<section  class=\"big-header bg-gray \">\n    <div class=\"container\">\n        <div class=\"inner  pt-5 pb-5\">\n\n            \n\n<div class=\"big-header-center\">\n                \n<h3 class=\"h3\"> Redaktionen <\/h3>                \n<p class=\"ample\">\n    Har du en allm\u00e4n fr\u00e5ga eller synpunkt g\u00e4llande inneh\u00e5llet i v\u00e5ra tj\u00e4nster \u00e4r du v\u00e4lkommen att h\u00f6ra av dig till oss p\u00e5 redaktionen.<\/p>    \n    \n            <div class=\"btn-container\">\n                            \n<a href=\"https:\/\/www.ne.se\/info\/kontaktsida\/?tab=Redaktion\" target=\"_blank\" aria-label=\"Kontakta oss\" class=\"button button-blue\">\n    Kontakta oss            <svg width=\"16\" height=\"16\" viewBox=\"0 0 16 16\" fill=\"none\" xmlns=\"http:\/\/www.w3.org\/2000\/svg\">\n<path d=\"M14 6.00001L14 2.00001M14 2.00001H9.99999M14 2.00001L8 8M6.66667 2H5.2C4.0799 2 3.51984 2 3.09202 2.21799C2.71569 2.40973 2.40973 2.71569 2.21799 3.09202C2 3.51984 2 4.07989 2 5.2V10.8C2 11.9201 2 12.4802 2.21799 12.908C2.40973 13.2843 2.71569 13.5903 3.09202 13.782C3.51984 14 4.07989 14 5.2 14H10.8C11.9201 14 12.4802 14 12.908 13.782C13.2843 13.5903 13.5903 13.2843 13.782 12.908C14 12.4802 14 11.9201 14 10.8V9.33333\" stroke=\"#F2F5F8\" stroke-width=\"2\" stroke-linecap=\"round\" stroke-linejoin=\"round\"\/>\n<\/svg>\n    <\/a>                                <\/div>\n    <\/div>\n        <\/div>\n    <\/div>\n<\/section>","protected":false},"excerpt":{"rendered":"","protected":false},"author":6,"featured_media":0,"parent":5420,"menu_order":0,"comment_status":"closed","ping_status":"closed","template":"","meta":{"inline_featured_image":false,"footnotes":""},"subject":[],"class_list":["post-5693","page","type-page","status-publish","hentry"],"acf":[],"_links":{"self":[{"href":"https:\/\/www.ne.se\/info\/wp-json\/wp\/v2\/pages\/5693","targetHints":{"allow":["GET"]}}],"collection":[{"href":"https:\/\/www.ne.se\/info\/wp-json\/wp\/v2\/pages"}],"about":[{"href":"https:\/\/www.ne.se\/info\/wp-json\/wp\/v2\/types\/page"}],"author":[{"embeddable":true,"href":"https:\/\/www.ne.se\/info\/wp-json\/wp\/v2\/users\/6"}],"replies":[{"embeddable":true,"href":"https:\/\/www.ne.se\/info\/wp-json\/wp\/v2\/comments?post=5693"}],"version-history":[{"count":6,"href":"https:\/\/www.ne.se\/info\/wp-json\/wp\/v2\/pages\/5693\/revisions"}],"predecessor-version":[{"id":16513,"href":"https:\/\/www.ne.se\/info\/wp-json\/wp\/v2\/pages\/5693\/revisions\/16513"}],"up":[{"embeddable":true,"href":"https:\/\/www.ne.se\/info\/wp-json\/wp\/v2\/pages\/5420"}],"wp:attachment":[{"href":"https:\/\/www.ne.se\/info\/wp-json\/wp\/v2\/media?parent=5693"}],"wp:term":[{"taxonomy":"subject","embeddable":true,"href":"https:\/\/www.ne.se\/info\/wp-json\/wp\/v2\/subject?post=5693"}],"curies":[{"name":"wp","href":"https:\/\/api.w.org\/{rel}","templated":true}]}}