{"id":5729,"date":"2023-04-27T20:12:57","date_gmt":"2023-04-27T20:12:57","guid":{"rendered":"https:\/\/www.ne.se\/info\/?page_id=5729"},"modified":"2023-04-27T20:12:59","modified_gmt":"2023-04-27T20:12:59","slug":"bok-och-biblioteksvasen","status":"publish","type":"page","link":"https:\/\/www.ne.se\/info\/experter-och-skribenter\/bok-och-biblioteksvasen\/","title":{"rendered":"Bok- och biblioteksv\u00e4sen"},"content":{"rendered":"\n\n<section  class=\"big-header bg-gradient-top \">\n    <div class=\"container\">\n        <div class=\"inner   \">\n\n            \n\n<div class=\"big-header-center\">\n            \n<p class=\"uptext center\">\n    Experter och skribenter    <span class=\"line\"><\/span>\n<\/p>                \n<h2 class=\"h2\"> Bok- och biblioteksv\u00e4sen <\/h2>        \n    \n    <\/div>\n        <\/div>\n    <\/div>\n<\/section>\n\n\n\n<section  class=\"blog-text\">\n    <div class=\"container\">\n        <div class=\"inner  pt-0 pb-5\">\n                            \n<h3 class=\"h3\"> Redakt\u00f6r: Rebecka Randler <\/h3>                                        <div id=\"content\" class=\"\">\n<div id=\"primary\" class=\"page\"><main id=\"main\" class=\"site-main\"><\/p>\n<article id=\"post-940\" class=\"post-940 page type-page status-publish\">\n<div id=\"page-header-container\" class=\"simple-template\">\n<div class=\"site-inner\">\n<header class=\"entry-header text-align-center\">\n<div class=\"lead-content text-align-center\">\n<h3>A<\/h3>\n<ul>\n<li>Andersson, Lars Gustaf, fil.dr<\/li>\n<li>Andersson, Per A.J., redakt\u00f6r<\/li>\n<li>Antonsson, Birgit, fil.dr, f.d. riksbibliotekarie<\/li>\n<li>Attius, H\u00e5kan, fil.dr (bokf\u00f6rlag)<\/li>\n<li>Attius Sohlman, Margareta, fil.lic.<\/li>\n<\/ul>\n<h3>B<\/h3>\n<ul>\n<li>Bernstrup, Margit<\/li>\n<li>Bj\u00f6rck, Eva B., bibliotekarie<\/li>\n<li>Broberg, Gunnar, professor<\/li>\n<\/ul>\n<h3>C<\/h3>\n<ul>\n<li>Carlquist, Erik, fil.dr (bibliotek)<\/li>\n<\/ul>\n<h3>D<\/h3>\n<ul>\n<li>Danell, Karl Johan, professor<\/li>\n<li>Donn\u00e9r, Margareta, fil.kand. (bokauktion)<\/li>\n<\/ul>\n<h3>E<\/h3>\n<ul>\n<li>Edling, Inga, fil.dr<\/li>\n<li>Elleg\u00e5rd, Alvar, professor<\/li>\n<li>Eriksson, Gunnar, professor<\/li>\n<\/ul>\n<h3>F<\/h3>\n<ul>\n<li>Frick, Bertil, journalist<\/li>\n<li>Fristr\u00f6m, Jan-Olof, fil.lic., 1:e bibliotekarie<\/li>\n<li>Frykman, Erik, professor<\/li>\n<li>Fr\u00e4ngsmyr, Tore, professor<\/li>\n<li>Furuland, Lars, professor<\/li>\n<\/ul>\n<h3>H<\/h3>\n<ul>\n<li>Hallberg, Peter, professor<\/li>\n<li>Hed\u00e9n, Stig J.<\/li>\n<li>Herslow-Fex, Anna, 1:e bibliotekarie<\/li>\n<li>Hjerppe, Roland, \u00f6verbibliotekarie<\/li>\n<li>Hultqvist, Lennart, redakt\u00f6r<\/li>\n<li>H\u00f6glund, Lars, professor<\/li>\n<\/ul>\n<h3>J<\/h3>\n<ul>\n<li>J\u00e4rv, Harry, fil.dr<\/li>\n<\/ul>\n<h3>K<\/h3>\n<ul>\n<li>Karlsson, Lena, kulturjournalist<\/li>\n<li>Klebom, Anita, bibliotekarie<\/li>\n<\/ul>\n<h3>L<\/h3>\n<ul>\n<li>Lehtil\u00e4-Olsson, Mayre, biblioteksr\u00e5d<\/li>\n<li>Lidman, Tomas, fil.dr, riksbibliotekarie<\/li>\n<li>Lindstr\u00f6m, H\u00e5kan, professor<\/li>\n<li>Lundstr\u00f6m, Stig, konsult<\/li>\n<\/ul>\n<h3>M<\/h3>\n<ul>\n<li>Marklund, Kari, docent<\/li>\n<\/ul>\n<h3>N<\/h3>\n<ul>\n<li>Norberg, Erik, riksarkivarie<\/li>\n<\/ul>\n<h3>O<\/h3>\n<ul>\n<li>Oker-Blom, Theodora, \u00f6verbibliotekarie<\/li>\n<\/ul>\n<h3>P<\/h3>\n<ul>\n<li>Persson, Olle, universitetslektor (bibliometri)<\/li>\n<li>Pettersson, Lars, fil.kand. (bokhandel)<\/li>\n<li>Pettersson, Rune, professor<\/li>\n<\/ul>\n<h3>R<\/h3>\n<ul>\n<li>Ridderstad, Per S., professor<\/li>\n<li>Rinne Mendes, Harriet, bibliotekschef<\/li>\n<li>Ryberg, Anders, bibliotekschef, fil.lic.<\/li>\n<\/ul>\n<h3>S<\/h3>\n<ul>\n<li>Sahlin, Gunnar, docent<\/li>\n<li>Sanner, Lars-Erik, fil.lic.<\/li>\n<li>Selander, Inger, universitetslektor<\/li>\n<li>Sj\u00f6gren, Per A., bokf\u00f6rl\u00e4ggare<\/li>\n<li>Sj\u00f6gren, Peter A., huvudredakt\u00f6r<\/li>\n<li>Sundkvist, Leif, byr\u00e5direkt\u00f6r<\/li>\n<li>Sundstr\u00f6m, Bengt, docent<\/li>\n<li>Sundstr\u00f6m, Hans, redakt\u00f6r<\/li>\n<li>Swahn, Jan-\u00d6jvind, professor<\/li>\n<li>Svedjedal, Johan, professor<\/li>\n<li>Svensson, Gunnar, chefredakt\u00f6r<\/li>\n<li>Svensson, Sonja, docent<\/li>\n<\/ul>\n<h3>T<\/h3>\n<ul>\n<li>Tell, Bj\u00f6rn, \u00f6verbibliotekarie<\/li>\n<li>Tj\u00e4der, Jan-Olof, professor<\/li>\n<li>T\u00f6rnqvist, Lena, bibliotekarie<\/li>\n<\/ul>\n<h3>U<\/h3>\n<ul>\n<li>Ulfsparre, Anna Christina, professor<\/li>\n<\/ul>\n<h3>WV<\/h3>\n<ul>\n<li>Wallin, Marie, avdelningsdirekt\u00f6r<\/li>\n<li>Werkm\u00e4ster, Barbro, fil.kand.<\/li>\n<li>Wessman, Lars, arkivchef<\/li>\n<li>Wid\u00e9n, Solveig, fil.dr<\/li>\n<li>Vinge, Louise, professor<\/li>\n<\/ul>\n<\/div>\n<\/header>\n<\/div>\n<\/div>\n<div class=\"site-inner simple-template\">\n<div class=\"entry-content\"><\/div>\n<\/div>\n<\/article>\n<p><\/main><\/div>\n<\/div>\n<footer id=\"colophon\" class=\"site-footer\">\n<div class=\"site-footer-inner\"><\/div>\n<\/footer>\n                    <\/div>\n    <\/div>\n<\/section>\n\n\n\n\n\n\n<section  class=\"big-header bg-gray \">\n    <div class=\"container\">\n        <div class=\"inner  pt-5 pb-5\">\n\n            \n\n<div class=\"big-header-center\">\n                \n<h3 class=\"h3\"> Redaktionen <\/h3>                \n<p class=\"ample\">\n    Har du en allm\u00e4n fr\u00e5ga eller synpunkt g\u00e4llande inneh\u00e5llet i v\u00e5ra tj\u00e4nster \u00e4r du v\u00e4lkommen att h\u00f6ra av dig till oss p\u00e5 redaktionen.<\/p>    \n    \n            <div class=\"btn-container\">\n                            \n<a href=\"https:\/\/www.ne.se\/info\/kontaktsida\/?tab=Redaktion\" target=\"_blank\" aria-label=\"Kontakta oss\" class=\"button button-blue\">\n    Kontakta oss            <svg width=\"16\" height=\"16\" viewBox=\"0 0 16 16\" fill=\"none\" xmlns=\"http:\/\/www.w3.org\/2000\/svg\">\n<path d=\"M14 6.00001L14 2.00001M14 2.00001H9.99999M14 2.00001L8 8M6.66667 2H5.2C4.0799 2 3.51984 2 3.09202 2.21799C2.71569 2.40973 2.40973 2.71569 2.21799 3.09202C2 3.51984 2 4.07989 2 5.2V10.8C2 11.9201 2 12.4802 2.21799 12.908C2.40973 13.2843 2.71569 13.5903 3.09202 13.782C3.51984 14 4.07989 14 5.2 14H10.8C11.9201 14 12.4802 14 12.908 13.782C13.2843 13.5903 13.5903 13.2843 13.782 12.908C14 12.4802 14 11.9201 14 10.8V9.33333\" stroke=\"#F2F5F8\" stroke-width=\"2\" stroke-linecap=\"round\" stroke-linejoin=\"round\"\/>\n<\/svg>\n    <\/a>                                <\/div>\n    <\/div>\n        <\/div>\n    <\/div>\n<\/section>","protected":false},"excerpt":{"rendered":"","protected":false},"author":6,"featured_media":0,"parent":5420,"menu_order":0,"comment_status":"closed","ping_status":"closed","template":"","meta":{"inline_featured_image":false,"footnotes":""},"subject":[],"class_list":["post-5729","page","type-page","status-publish","hentry"],"acf":[],"_links":{"self":[{"href":"https:\/\/www.ne.se\/info\/wp-json\/wp\/v2\/pages\/5729","targetHints":{"allow":["GET"]}}],"collection":[{"href":"https:\/\/www.ne.se\/info\/wp-json\/wp\/v2\/pages"}],"about":[{"href":"https:\/\/www.ne.se\/info\/wp-json\/wp\/v2\/types\/page"}],"author":[{"embeddable":true,"href":"https:\/\/www.ne.se\/info\/wp-json\/wp\/v2\/users\/6"}],"replies":[{"embeddable":true,"href":"https:\/\/www.ne.se\/info\/wp-json\/wp\/v2\/comments?post=5729"}],"version-history":[{"count":2,"href":"https:\/\/www.ne.se\/info\/wp-json\/wp\/v2\/pages\/5729\/revisions"}],"predecessor-version":[{"id":5731,"href":"https:\/\/www.ne.se\/info\/wp-json\/wp\/v2\/pages\/5729\/revisions\/5731"}],"up":[{"embeddable":true,"href":"https:\/\/www.ne.se\/info\/wp-json\/wp\/v2\/pages\/5420"}],"wp:attachment":[{"href":"https:\/\/www.ne.se\/info\/wp-json\/wp\/v2\/media?parent=5729"}],"wp:term":[{"taxonomy":"subject","embeddable":true,"href":"https:\/\/www.ne.se\/info\/wp-json\/wp\/v2\/subject?post=5729"}],"curies":[{"name":"wp","href":"https:\/\/api.w.org\/{rel}","templated":true}]}}