{"id":7864,"date":"2023-08-08T08:21:33","date_gmt":"2023-08-08T08:21:33","guid":{"rendered":"https:\/\/www.ne.se\/info\/?page_id=7864"},"modified":"2025-11-03T18:36:15","modified_gmt":"2025-11-03T18:36:15","slug":"varldens-lander-2","status":"publish","type":"page","link":"https:\/\/www.ne.se\/info\/skola\/kunskapstjanster\/varldens-lander-2\/","title":{"rendered":"V\u00e4rldens l\u00e4nder"},"content":{"rendered":"\n\n\n<section  class=\"header-big-pic\">\n    <div class=\"container\">\n        <div class=\"inner  teaching-padding\">\n                            \n<div class=\"badges\">\n            <p class=\"badge\">Kunskapstj\u00e4nst<\/p>\n    <\/div>                                        \n<h1 class=\"h1\"> V\u00e4rldens l\u00e4nder <\/h1>                                        <p class=\"ingress\">Tj\u00e4nsten ger dig kartor, bilder, texter och diagram med relevanta och aktuella fakta om alla v\u00e4rldens l\u00e4nder.<\/p>\n            \n                    <\/div>\n    <\/div>\n\n    <div class=\"background-image\">\n        <img decoding=\"async\" src=\"https:\/\/www.ne.se\/info\/wp-content\/uploads\/2023\/07\/sca10416-scaled.jpg\" srcset=\"https:\/\/www.ne.se\/info\/wp-content\/uploads\/2023\/07\/sca10416-scaled.jpg 2560w, https:\/\/www.ne.se\/info\/wp-content\/uploads\/2023\/07\/sca10416-300x202.jpg 300w, https:\/\/www.ne.se\/info\/wp-content\/uploads\/2023\/07\/sca10416-1024x688.jpg 1024w, https:\/\/www.ne.se\/info\/wp-content\/uploads\/2023\/07\/sca10416-768x516.jpg 768w, https:\/\/www.ne.se\/info\/wp-content\/uploads\/2023\/07\/sca10416-1536x1033.jpg 1536w, https:\/\/www.ne.se\/info\/wp-content\/uploads\/2023\/07\/sca10416-2048x1377.jpg 2048w, https:\/\/www.ne.se\/info\/wp-content\/uploads\/2023\/07\/sca10416-354x238.jpg 354w\" sizes=\"(max-width: 2560px) 100vw, 2560px\" alt=\"V\u00e4rldens l\u00e4nder\" title=\"Elever i klassrum\" \/>\n    <\/div>\n\n    <div class=\"overlay-top\"><\/div>\n    <div class=\"overlay-bottom\"><\/div>\n<\/section>\n\n\n\n<section id=\"teaching_top\" class=\"left-right bg-white\">\n    <div class=\"container twelve-col\">\n        <div class=\"inner   \">\n                            <div class=\"grid\">\n                    <div class=\"col col-2\">\n                        \n\n<div class=\"content\">\n\n            \n<p class=\"uptext\">\n    <span class=\"line\"><\/span>\n    \u00d6versk\u00e5dliga presentationer <\/p>    \n    \n            \n<h2 class=\"h3\"> Landsfakta <\/h2>    \n            <p class=\"ingress\">Varje land presenteras p\u00e5 ett l\u00e4tt\u00f6versk\u00e5dligt s\u00e4tt f\u00f6r att ge dig allt fr\u00e5n bakgrundsfakta om befolkning, levnadsstandard, statsskick, handel och spr\u00e5k till kartor och flaggor. F\u00f6r den som vill f\u00f6rdjupa sig \u00e4nnu mer finns l\u00e4nkar till uppslagsverket.<\/p>\n    \n    \n            <div class=\"btn-container\">\n                            \n<a href=\"https:\/\/www.ne.se\/info\/skola\/priser-skola\/\" target=\"\" aria-label=\"Prova NE kostnadsfritt\" class=\"button button-blue\">\n    Prova NE kostnadsfritt    <\/a>                                <\/div>\n    \n    \n\n<\/div>                    <\/div>\n                    <div class=\"col col-2 img-right\">\n                                                                                                                        <div class=\"video-thumbnail-container\">\n                                        <img decoding=\"async\" data-block-id=\"block_2b4b1f5a277eb914e61e3ad136ab6939\" class=\"video-thumbnail\" src=\"https:\/\/www.ne.se\/info\/wp-content\/uploads\/2023\/04\/ne-se-ne-se-kyle-glenn-nxt5htlmlge-unsplash.jpg\" srcset=\"https:\/\/www.ne.se\/info\/wp-content\/uploads\/2023\/04\/ne-se-ne-se-kyle-glenn-nxt5htlmlge-unsplash.jpg 1200w, https:\/\/www.ne.se\/info\/wp-content\/uploads\/2023\/04\/ne-se-ne-se-kyle-glenn-nxt5htlmlge-unsplash-300x200.jpg 300w, https:\/\/www.ne.se\/info\/wp-content\/uploads\/2023\/04\/ne-se-ne-se-kyle-glenn-nxt5htlmlge-unsplash-1024x683.jpg 1024w, https:\/\/www.ne.se\/info\/wp-content\/uploads\/2023\/04\/ne-se-ne-se-kyle-glenn-nxt5htlmlge-unsplash-768x512.jpg 768w, https:\/\/www.ne.se\/info\/wp-content\/uploads\/2023\/04\/ne-se-ne-se-kyle-glenn-nxt5htlmlge-unsplash-354x236.jpg 354w\" sizes=\"(max-width: 1200px) 100vw, 1200px\" alt=\"\" title=\"ne-se-ne-se-kyle-glenn-nxt5htlmlge-unsplash\"  \/>\n                                        <svg width=\"80\" height=\"80\" viewBox=\"0 0 80 80\" fill=\"none\" xmlns=\"http:\/\/www.w3.org\/2000\/svg\">\n<g filter=\"url(#filter0_b_1398_23185)\">\n<path fill-rule=\"evenodd\" clip-rule=\"evenodd\" d=\"M40 80C62.0914 80 80 62.0914 80 40C80 17.9086 62.0914 0 40 0C17.9086 0 0 17.9086 0 40C0 62.0914 17.9086 80 40 80ZM33.75 54.6721L56.25 42.096C57.9167 41.1645 57.9167 38.8355 56.25 37.904L33.75 25.3279C32.0833 24.3963 30 25.5608 30 27.4239L30 52.5761C30 54.4392 32.0833 55.6037 33.75 54.6721Z\" fill=\"white\" fill-opacity=\"0.8\"\/>\n<\/g>\n<defs>\n<filter id=\"filter0_b_1398_23185\" x=\"-16\" y=\"-16\" width=\"112\" height=\"112\" filterUnits=\"userSpaceOnUse\" color-interpolation-filters=\"sRGB\">\n<feFlood flood-opacity=\"0\" result=\"BackgroundImageFix\"\/>\n<feGaussianBlur in=\"BackgroundImageFix\" stdDeviation=\"8\"\/>\n<feComposite in2=\"SourceAlpha\" operator=\"in\" result=\"effect1_backgroundBlur_1398_23185\"\/>\n<feBlend mode=\"normal\" in=\"SourceGraphic\" in2=\"effect1_backgroundBlur_1398_23185\" result=\"shape\"\/>\n<\/filter>\n<\/defs>\n<\/svg>\n                                    <\/div>\n                                                            \n                                            <\/div>\n                <\/div>\n                    <\/div>\n    <\/div>\n<\/section>\n\n\n      <div class=\"modal modal-video\" data-modal-id=\"block_2b4b1f5a277eb914e61e3ad136ab6939\">\n\n    <div class=\"modal-content\">\n      <div class=\"iframe-container\">\n        <div class=\"iframe-wrapper\">\n          <iframe class=\"iframe\" src=\"https:\/\/www.youtube.com\/embed\/fhTf9WmI4CI\" frameborder=\"0\" allow=\"accelerometer; autoplay; clipboard-write; encrypted-media; gyroscope; picture-in-picture; web-share\" allowfullscreen><\/iframe>\n        <\/div>\n      <\/div>\n    <\/div>\n\n  <\/div>\n\n\n\n\n<section  class=\"card-row bg-white\">\n    <div class=\"container\">\n        <div class=\"inner   \">\n                            <div class=\"grid card-row-grid three\">\n                                                                    <div class=\"col col-3 card-row-item\">\n                            \n<div class=\"card-medium\">\n            <picture>\n            <source media=\"(min-width:767px)\" srcset=\"https:\/\/www.ne.se\/info\/wp-content\/uploads\/2023\/03\/SO-1-800x432.jpg\">\n            <source media=\"(max-width:767px)\" srcset=\"https:\/\/www.ne.se\/info\/wp-content\/uploads\/2023\/03\/SO-1-1454x678.jpg\">\n            <img decoding=\"async\" src=\"https:\/\/www.ne.se\/info\/wp-content\/uploads\/2023\/03\/SO-1-800x432.jpg\" srcset=\"\" sizes=\"(max-width: 800px) 100vw, 800px\" alt=\"\" title=\"\"  \/>\n        <\/picture>\n        <div class=\"wrapper\">\n                            <h4 class=\"heading\">J\u00e4mf\u00f6relser<\/h4>\n                            <p class=\"text\">Hur skiljer sig Sveriges export fr\u00e5n grannl\u00e4ndernas? \u00c4r det lika t\u00e4ttbefolkat i alla asiatiska l\u00e4nder? J\u00e4mf\u00f6r enkelt l\u00e4nder med varandra och f\u00e5 en \u00f6versk\u00e5dlig bild av likheter och olikheter i bland annat levnadsniv\u00e5, demografi, ekonomi och handel. <\/p>\n            <\/div>\n                                    <\/div>                        <\/div>\n\n                                                                    <div class=\"col col-3 card-row-item\">\n                            \n<div class=\"card-medium\">\n            <picture>\n            <source media=\"(min-width:767px)\" srcset=\"https:\/\/www.ne.se\/info\/wp-content\/uploads\/2023\/07\/shutterstock_639949456-800x432.jpg\">\n            <source media=\"(max-width:767px)\" srcset=\"https:\/\/www.ne.se\/info\/wp-content\/uploads\/2023\/07\/shutterstock_639949456-1454x678.jpg\">\n            <img decoding=\"async\" src=\"https:\/\/www.ne.se\/info\/wp-content\/uploads\/2023\/07\/shutterstock_639949456-800x432.jpg\" srcset=\"\" sizes=\"(max-width: 800px) 100vw, 800px\" alt=\"\" title=\"Aerial,Top,View,Forest,Tree,,Rainforest,Ecosystem,And,Healthy,Environment\"  \/>\n        <\/picture>\n        <div class=\"wrapper\">\n                            <h4 class=\"heading\">Teman<\/h4>\n                            <p class=\"text\">Teman som synar v\u00e4rlden ur olika perspektiv s\u00e5som befolkning, klimat och milj\u00f6 och konflikter. F\u00e4rdiga \u00f6vningar som v\u00e4ssar elevernas f\u00f6rm\u00e5gor att tolka fakta och analysera situationer och skeenden. \u00c4mnes\u00f6vergripande och l\u00e4roplansanknutet \u2013 s\u00e5 klart!\r\n\r\n<\/p>\n            <\/div>\n                                    <\/div>                        <\/div>\n\n                                                                    <div class=\"col col-3 card-row-item\">\n                            \n<div class=\"card-medium\">\n            <picture>\n            <source media=\"(min-width:767px)\" srcset=\"https:\/\/www.ne.se\/info\/wp-content\/uploads\/2023\/07\/masma89129-800x432.jpg\">\n            <source media=\"(max-width:767px)\" srcset=\"https:\/\/www.ne.se\/info\/wp-content\/uploads\/2023\/07\/masma89129-1454x678.jpg\">\n            <img decoding=\"async\" src=\"https:\/\/www.ne.se\/info\/wp-content\/uploads\/2023\/07\/masma89129-800x432.jpg\" srcset=\"\" sizes=\"(max-width: 800px) 100vw, 800px\" alt=\"\" title=\"masma89129\"  \/>\n        <\/picture>\n        <div class=\"wrapper\">\n                            <h4 class=\"heading\">Begrepp<\/h4>\n                            <p class=\"text\">Det \u00e4r m\u00e5nga begrepp och namn man ska l\u00e4ra sig n\u00e4r man ska studera v\u00e4rlden. Utan tillg\u00e5ng till dessa blir inl\u00e4rningen sv\u00e5r. I V\u00e4rldens l\u00e4nder f\u00e5r eleverna kunskap om de viktiga begreppen genom tydliga f\u00f6rklaringar.<\/p>\n            <\/div>\n                                    <\/div>                        <\/div>\n\n                                    <\/div>\n                    <\/div>\n    <\/div>\n<\/section>\n\n\n\n<section  class=\"left-right bg-gray\">\n    <div class=\"container twelve-col\">\n        <div class=\"inner   \">\n                            <div class=\"grid\">\n                    <div class=\"col col-2\">\n                        \n\n<div class=\"content\">\n\n    \n    \n            \n<h2 class=\"h2\"> Kom ig\u00e5ng direkt <\/h2>    \n            <p class=\"ingress\">Att komma ig\u00e5ng med NE \u00e4r enkelt. Vill du veta mer om hur du optimerar ditt anv\u00e4ndande kan du alltid st\u00e4lla en fr\u00e5ga till v\u00e5r support eller delta i n\u00e5gon av de utbildningar vi erbjuder.<\/p>\n    \n    \n            <div class=\"btn-container\">\n                            \n<a href=\"https:\/\/www.ne.se\/info\/prova-ne-kostnadsfritt-i-30-dagar\/\" target=\"\" aria-label=\"Prova NE kostnadsfritt i 30 dagar\" class=\"button button-blue\">\n    Prova NE kostnadsfritt i 30 dagar    <\/a>                                <\/div>\n    \n    \n\n<\/div>                    <\/div>\n                    <div class=\"col col-2 img-right\">\n                                                                                                                        <picture>\n                                        <source media=\"(min-width:767px)\" srcset=\"https:\/\/www.ne.se\/info\/wp-content\/uploads\/2024\/02\/Kontaktcircklar-Blandad-2.png\">\n                                        <source media=\"(max-width:767px)\" srcset=\"https:\/\/www.ne.se\/info\/wp-content\/uploads\/2024\/02\/Kontaktcircklar-Blandad-2.png\">\n                                        <img decoding=\"async\" src=\"https:\/\/www.ne.se\/info\/wp-content\/uploads\/2024\/02\/Kontaktcircklar-Blandad-2.png\" srcset=\"https:\/\/www.ne.se\/info\/wp-content\/uploads\/2024\/02\/Kontaktcircklar-Blandad-2.png 979w, https:\/\/www.ne.se\/info\/wp-content\/uploads\/2024\/02\/Kontaktcircklar-Blandad-2-300x245.png 300w, https:\/\/www.ne.se\/info\/wp-content\/uploads\/2024\/02\/Kontaktcircklar-Blandad-2-768x628.png 768w, https:\/\/www.ne.se\/info\/wp-content\/uploads\/2024\/02\/Kontaktcircklar-Blandad-2-354x289.png 354w\" sizes=\"(max-width: 979px) 100vw, 979px\" alt=\"\" title=\"Kontaktcircklar &#8211; Blandad 2\"  \/>\n                                    <\/picture>\n                                                            \n                                            <\/div>\n                <\/div>\n                    <\/div>\n    <\/div>\n<\/section>\n\n\n","protected":false},"excerpt":{"rendered":"","protected":false},"author":13,"featured_media":0,"parent":1045,"menu_order":1,"comment_status":"closed","ping_status":"closed","template":"page-teaching-material.php","meta":{"inline_featured_image":false,"footnotes":""},"subject":[],"class_list":["post-7864","page","type-page","status-publish","hentry"],"acf":[],"_links":{"self":[{"href":"https:\/\/www.ne.se\/info\/wp-json\/wp\/v2\/pages\/7864","targetHints":{"allow":["GET"]}}],"collection":[{"href":"https:\/\/www.ne.se\/info\/wp-json\/wp\/v2\/pages"}],"about":[{"href":"https:\/\/www.ne.se\/info\/wp-json\/wp\/v2\/types\/page"}],"author":[{"embeddable":true,"href":"https:\/\/www.ne.se\/info\/wp-json\/wp\/v2\/users\/13"}],"replies":[{"embeddable":true,"href":"https:\/\/www.ne.se\/info\/wp-json\/wp\/v2\/comments?post=7864"}],"version-history":[{"count":29,"href":"https:\/\/www.ne.se\/info\/wp-json\/wp\/v2\/pages\/7864\/revisions"}],"predecessor-version":[{"id":24190,"href":"https:\/\/www.ne.se\/info\/wp-json\/wp\/v2\/pages\/7864\/revisions\/24190"}],"up":[{"embeddable":true,"href":"https:\/\/www.ne.se\/info\/wp-json\/wp\/v2\/pages\/1045"}],"wp:attachment":[{"href":"https:\/\/www.ne.se\/info\/wp-json\/wp\/v2\/media?parent=7864"}],"wp:term":[{"taxonomy":"subject","embeddable":true,"href":"https:\/\/www.ne.se\/info\/wp-json\/wp\/v2\/subject?post=7864"}],"curies":[{"name":"wp","href":"https:\/\/api.w.org\/{rel}","templated":true}]}}

Världens länder

<section  class="header-big-pic">
    <div class="container">
        <div class="inner  teaching-padding">
                            
<div class="badges">
            <p class="badge">Kunskapstjänst</p>
    </div>                                        
<h1 class="h1"> Världens länder </h1>                                        <p class="ingress">Tjänsten ger dig kartor, bilder, texter och diagram med relevanta och aktuella fakta om alla världens länder.</p>
            
                    </div>
    </div>

    <div class="background-image">
        <img decoding="async" src="https://www.ne.se/info/wp-content/uploads/2023/07/sca10416-scaled.jpg" srcset="https://www.ne.se/info/wp-content/uploads/2023/07/sca10416-scaled.jpg 2560w, https://www.ne.se/info/wp-content/uploads/2023/07/sca10416-300x202.jpg 300w, https://www.ne.se/info/wp-content/uploads/2023/07/sca10416-1024x688.jpg 1024w, https://www.ne.se/info/wp-content/uploads/2023/07/sca10416-768x516.jpg 768w, https://www.ne.se/info/wp-content/uploads/2023/07/sca10416-1536x1033.jpg 1536w, https://www.ne.se/info/wp-content/uploads/2023/07/sca10416-2048x1377.jpg 2048w, https://www.ne.se/info/wp-content/uploads/2023/07/sca10416-354x238.jpg 354w" sizes="(max-width: 2560px) 100vw, 2560px" alt="Världens länder" title="Elever i klassrum" />
    </div>

    <div class="overlay-top"></div>
    <div class="overlay-bottom"></div>
</section>



<section id="teaching_top" class="left-right bg-white">
    <div class="container twelve-col">
        <div class="inner   ">
                            <div class="grid">
                    <div class="col col-2">
                        

<div class="content">

            
<p class="uptext">
    <span class="line"></span>
    Överskådliga presentationer </p>    
    
            
<h2 class="h3"> Landsfakta </h2>    
            <p class="ingress">Varje land presenteras på ett lättöverskådligt sätt för att ge dig allt från bakgrundsfakta om befolkning, levnadsstandard, statsskick, handel och språk till kartor och flaggor. För den som vill fördjupa sig ännu mer finns länkar till uppslagsverket.</p>
    
    
            <div class="btn-container">
                            
<a href="https://www.ne.se/info/skola/priser-skola/" target="" aria-label="Prova NE kostnadsfritt" class="button button-blue">
    Prova NE kostnadsfritt    </a>                                </div>
    
    

</div>                    </div>
                    <div class="col col-2 img-right">
                                                                                                                        <div class="video-thumbnail-container">
                                        <img decoding="async" data-block-id="block_2b4b1f5a277eb914e61e3ad136ab6939" class="video-thumbnail" src="https://www.ne.se/info/wp-content/uploads/2023/04/ne-se-ne-se-kyle-glenn-nxt5htlmlge-unsplash.jpg" srcset="https://www.ne.se/info/wp-content/uploads/2023/04/ne-se-ne-se-kyle-glenn-nxt5htlmlge-unsplash.jpg 1200w, https://www.ne.se/info/wp-content/uploads/2023/04/ne-se-ne-se-kyle-glenn-nxt5htlmlge-unsplash-300x200.jpg 300w, https://www.ne.se/info/wp-content/uploads/2023/04/ne-se-ne-se-kyle-glenn-nxt5htlmlge-unsplash-1024x683.jpg 1024w, https://www.ne.se/info/wp-content/uploads/2023/04/ne-se-ne-se-kyle-glenn-nxt5htlmlge-unsplash-768x512.jpg 768w, https://www.ne.se/info/wp-content/uploads/2023/04/ne-se-ne-se-kyle-glenn-nxt5htlmlge-unsplash-354x236.jpg 354w" sizes="(max-width: 1200px) 100vw, 1200px" alt="" title="ne-se-ne-se-kyle-glenn-nxt5htlmlge-unsplash"  />
                                        <svg width="80" height="80" viewBox="0 0 80 80" fill="none" xmlns="http://www.w3.org/2000/svg">
<g filter="url(#filter0_b_1398_23185)">
<path fill-rule="evenodd" clip-rule="evenodd" d="M40 80C62.0914 80 80 62.0914 80 40C80 17.9086 62.0914 0 40 0C17.9086 0 0 17.9086 0 40C0 62.0914 17.9086 80 40 80ZM33.75 54.6721L56.25 42.096C57.9167 41.1645 57.9167 38.8355 56.25 37.904L33.75 25.3279C32.0833 24.3963 30 25.5608 30 27.4239L30 52.5761C30 54.4392 32.0833 55.6037 33.75 54.6721Z" fill="white" fill-opacity="0.8"/>
</g>
<defs>
<filter id="filter0_b_1398_23185" x="-16" y="-16" width="112" height="112" filterUnits="userSpaceOnUse" color-interpolation-filters="sRGB">
<feFlood flood-opacity="0" result="BackgroundImageFix"/>
<feGaussianBlur in="BackgroundImageFix" stdDeviation="8"/>
<feComposite in2="SourceAlpha" operator="in" result="effect1_backgroundBlur_1398_23185"/>
<feBlend mode="normal" in="SourceGraphic" in2="effect1_backgroundBlur_1398_23185" result="shape"/>
</filter>
</defs>
</svg>
                                    </div>
                                                            
                                            </div>
                </div>
                    </div>
    </div>
</section>


      <div class="modal modal-video" data-modal-id="block_2b4b1f5a277eb914e61e3ad136ab6939">

    <div class="modal-content">
      <div class="iframe-container">
        <div class="iframe-wrapper">
          <iframe class="iframe" src="https://www.youtube.com/embed/fhTf9WmI4CI" frameborder="0" allow="accelerometer; autoplay; clipboard-write; encrypted-media; gyroscope; picture-in-picture; web-share" allowfullscreen></iframe>
        </div>
      </div>
    </div>

  </div>




<section  class="card-row bg-white">
    <div class="container">
        <div class="inner   ">
                            <div class="grid card-row-grid three">
                                                                    <div class="col col-3 card-row-item">
                            
<div class="card-medium">
            <picture>
            <source media="(min-width:767px)" srcset="https://www.ne.se/info/wp-content/uploads/2023/03/SO-1-800x432.jpg">
            <source media="(max-width:767px)" srcset="https://www.ne.se/info/wp-content/uploads/2023/03/SO-1-1454x678.jpg">
            <img decoding="async" src="https://www.ne.se/info/wp-content/uploads/2023/03/SO-1-800x432.jpg" srcset="" sizes="(max-width: 800px) 100vw, 800px" alt="" title=""  />
        </picture>
        <div class="wrapper">
                            <h4 class="heading">Jämförelser</h4>
                            <p class="text">Hur skiljer sig Sveriges export från grannländernas? Är det lika tättbefolkat i alla asiatiska länder? Jämför enkelt länder med varandra och få en överskådlig bild av likheter och olikheter i bland annat levnadsnivå, demografi, ekonomi och handel. </p>
            </div>
                                    </div>                        </div>

                                                                    <div class="col col-3 card-row-item">
                            
<div class="card-medium">
            <picture>
            <source media="(min-width:767px)" srcset="https://www.ne.se/info/wp-content/uploads/2023/07/shutterstock_639949456-800x432.jpg">
            <source media="(max-width:767px)" srcset="https://www.ne.se/info/wp-content/uploads/2023/07/shutterstock_639949456-1454x678.jpg">
            <img decoding="async" src="https://www.ne.se/info/wp-content/uploads/2023/07/shutterstock_639949456-800x432.jpg" srcset="" sizes="(max-width: 800px) 100vw, 800px" alt="" title="Aerial,Top,View,Forest,Tree,,Rainforest,Ecosystem,And,Healthy,Environment"  />
        </picture>
        <div class="wrapper">
                            <h4 class="heading">Teman</h4>
                            <p class="text">Teman som synar världen ur olika perspektiv såsom befolkning, klimat och miljö och konflikter. Färdiga övningar som vässar elevernas förmågor att tolka fakta och analysera situationer och skeenden. Ämnesövergripande och läroplansanknutet – så klart!

</p>
            </div>
                                    </div>                        </div>

                                                                    <div class="col col-3 card-row-item">
                            
<div class="card-medium">
            <picture>
            <source media="(min-width:767px)" srcset="https://www.ne.se/info/wp-content/uploads/2023/07/masma89129-800x432.jpg">
            <source media="(max-width:767px)" srcset="https://www.ne.se/info/wp-content/uploads/2023/07/masma89129-1454x678.jpg">
            <img decoding="async" src="https://www.ne.se/info/wp-content/uploads/2023/07/masma89129-800x432.jpg" srcset="" sizes="(max-width: 800px) 100vw, 800px" alt="" title="masma89129"  />
        </picture>
        <div class="wrapper">
                            <h4 class="heading">Begrepp</h4>
                            <p class="text">Det är många begrepp och namn man ska lära sig när man ska studera världen. Utan tillgång till dessa blir inlärningen svår. I Världens länder får eleverna kunskap om de viktiga begreppen genom tydliga förklaringar.</p>
            </div>
                                    </div>                        </div>

                                    </div>
                    </div>
    </div>
</section>



<section  class="left-right bg-gray">
    <div class="container twelve-col">
        <div class="inner   ">
                            <div class="grid">
                    <div class="col col-2">
                        

<div class="content">

    
    
            
<h2 class="h2"> Kom igång direkt </h2>    
            <p class="ingress">Att komma igång med NE är enkelt. Vill du veta mer om hur du optimerar ditt användande kan du alltid ställa en fråga till vår support eller delta i någon av de utbildningar vi erbjuder.</p>
    
    
            <div class="btn-container">
                            
<a href="https://www.ne.se/info/prova-ne-kostnadsfritt-i-30-dagar/" target="" aria-label="Prova NE kostnadsfritt i 30 dagar" class="button button-blue">
    Prova NE kostnadsfritt i 30 dagar    </a>                                </div>
    
    

</div>                    </div>
                    <div class="col col-2 img-right">
                                                                                                                        <picture>
                                        <source media="(min-width:767px)" srcset="https://www.ne.se/info/wp-content/uploads/2024/02/Kontaktcircklar-Blandad-2.png">
                                        <source media="(max-width:767px)" srcset="https://www.ne.se/info/wp-content/uploads/2024/02/Kontaktcircklar-Blandad-2.png">
                                        <img decoding="async" src="https://www.ne.se/info/wp-content/uploads/2024/02/Kontaktcircklar-Blandad-2.png" srcset="https://www.ne.se/info/wp-content/uploads/2024/02/Kontaktcircklar-Blandad-2.png 979w, https://www.ne.se/info/wp-content/uploads/2024/02/Kontaktcircklar-Blandad-2-300x245.png 300w, https://www.ne.se/info/wp-content/uploads/2024/02/Kontaktcircklar-Blandad-2-768x628.png 768w, https://www.ne.se/info/wp-content/uploads/2024/02/Kontaktcircklar-Blandad-2-354x289.png 354w" sizes="(max-width: 979px) 100vw, 979px" alt="" title="Kontaktcircklar &#8211; Blandad 2"  />
                                    </picture>
                                                            
                                            </div>
                </div>
                    </div>
    </div>
</section>
