{"id":7953,"date":"2023-08-03T13:32:04","date_gmt":"2023-08-03T13:32:04","guid":{"rendered":"https:\/\/www.ne.se\/info\/?page_id=7953"},"modified":"2023-10-19T09:34:52","modified_gmt":"2023-10-19T09:34:52","slug":"varldens-religioner","status":"publish","type":"page","link":"https:\/\/www.ne.se\/info\/privatpersoner\/varldens-religioner\/","title":{"rendered":"V\u00e4rldens religioner"},"content":{"rendered":"\n\n\n<section  class=\"header-big-pic\">\n    <div class=\"container\">\n        <div class=\"inner  teaching-padding\">\n                            \n<div class=\"badges\">\n            <p class=\"badge\">Kunskapstj\u00e4nst<\/p>\n    <\/div>                                        \n<h1 class=\"h1\"> V\u00e4rldens religioner <\/h1>                                        <p class=\"ingress\">Utforska hela v\u00e4rlden ur ett religions- och livs\u00e5sk\u00e5dningsperspektiv. <\/p>\n            \n                            <ul class=\"usps\">\n            <li class=\"usp\">\n            <svg width=\"24\" height=\"24\" viewBox=\"0 0 24 24\" fill=\"none\" xmlns=\"http:\/\/www.w3.org\/2000\/svg\">\n    <path d=\"M9 16.17 5.53 12.7a.996.996 0 1 0-1.41 1.41l4.18 4.18c.39.39 1.02.39 1.41 0L20.29 7.71a.996.996 0 1 0-1.41-1.41L9 16.17z\" fill=\"#007DB8\"\/>\n<\/svg>\n            Kartor och texter         <\/li>\n            <li class=\"usp\">\n            <svg width=\"24\" height=\"24\" viewBox=\"0 0 24 24\" fill=\"none\" xmlns=\"http:\/\/www.w3.org\/2000\/svg\">\n    <path d=\"M9 16.17 5.53 12.7a.996.996 0 1 0-1.41 1.41l4.18 4.18c.39.39 1.02.39 1.41 0L20.29 7.71a.996.996 0 1 0-1.41-1.41L9 16.17z\" fill=\"#007DB8\"\/>\n<\/svg>\n            Aktuell statistik        <\/li>\n    <\/ul>                    <\/div>\n    <\/div>\n\n    <div class=\"background-image\">\n        <img decoding=\"async\" src=\"https:\/\/www.ne.se\/info\/wp-content\/uploads\/2023\/07\/pexels-iconcom-236530-scaled.jpg\" srcset=\"https:\/\/www.ne.se\/info\/wp-content\/uploads\/2023\/07\/pexels-iconcom-236530-scaled.jpg 2560w, https:\/\/www.ne.se\/info\/wp-content\/uploads\/2023\/07\/pexels-iconcom-236530-300x225.jpg 300w, https:\/\/www.ne.se\/info\/wp-content\/uploads\/2023\/07\/pexels-iconcom-236530-1024x768.jpg 1024w, https:\/\/www.ne.se\/info\/wp-content\/uploads\/2023\/07\/pexels-iconcom-236530-768x576.jpg 768w, https:\/\/www.ne.se\/info\/wp-content\/uploads\/2023\/07\/pexels-iconcom-236530-1536x1152.jpg 1536w, https:\/\/www.ne.se\/info\/wp-content\/uploads\/2023\/07\/pexels-iconcom-236530-2048x1536.jpg 2048w, https:\/\/www.ne.se\/info\/wp-content\/uploads\/2023\/07\/pexels-iconcom-236530-354x266.jpg 354w\" sizes=\"(max-width: 2560px) 100vw, 2560px\" alt=\"V\u00e4rldens religioner\" title=\"pexels-iconcom-236530\" \/>\n    <\/div>\n\n    <div class=\"overlay-top\"><\/div>\n    <div class=\"overlay-bottom\"><\/div>\n<\/section>\n\n\n\n<section id=\"teaching_top\" class=\"left-right bg-gray\">\n    <div class=\"container twelve-col\">\n        <div class=\"inner   \">\n                            <div class=\"grid\">\n                    <div class=\"col col-2 img-left\">\n                                                                                                                        <picture>\n                                        <source media=\"(min-width:767px)\" srcset=\"https:\/\/www.ne.se\/info\/wp-content\/uploads\/2023\/07\/masma86521-1240x992.jpg\">\n                                        <source media=\"(max-width:767px)\" srcset=\"https:\/\/www.ne.se\/info\/wp-content\/uploads\/2023\/07\/masma86521-1460x920.jpg\">\n                                        <img decoding=\"async\" src=\"https:\/\/www.ne.se\/info\/wp-content\/uploads\/2023\/07\/masma86521-1240x992.jpg\" srcset=\"https:\/\/www.ne.se\/info\/wp-content\/uploads\/2023\/07\/masma86521-1240x992.jpg 1240w, https:\/\/www.ne.se\/info\/wp-content\/uploads\/2023\/07\/masma86521-800x640.jpg 800w\" sizes=\"(max-width: 1240px) 100vw, 1240px\" alt=\"\" title=\"masma86521\"  \/>\n                                    <\/picture>\n                                                            \n                                            <\/div>\n                    <div class=\"col col-2\">\n                        \n\n<div class=\"content\">\n\n            \n<p class=\"uptext\">\n    <span class=\"line\"><\/span>\n    F\u00f6rdjupad kunskap<\/p>    \n    \n            \n<h2 class=\"h3\"> Kartan tar dig med p\u00e5 kunskapsresan <\/h2>    \n            <p class=\"ingress\">I V\u00e4rldens religioner kan du utforska v\u00e4rlden ur perspektivet religion och livs\u00e5sk\u00e5dningar. Den interaktiva kartan visar v\u00e4rldsreligionernas utbredning och leder vidare till statistik, viktiga platser, j\u00e4mf\u00f6relser och f\u00f6rdjupningar.<\/p>\n    \n    \n            <div class=\"btn-container\">\n                            \n<a href=\"https:\/\/www.ne.se\/info\/privatpersoner\/priser-privatpersoner\/\" target=\"\" aria-label=\"Prova gratis i 7 dagar\" class=\"button button-blue\">\n    Prova gratis i 7 dagar    <\/a>                                <\/div>\n    \n    \n\n<\/div>                    <\/div>\n                <\/div>\n                    <\/div>\n    <\/div>\n<\/section>\n\n\n\n\n\n\n<section  class=\"left-right bg-white\">\n    <div class=\"container twelve-col\">\n        <div class=\"inner   \">\n                            <div class=\"grid\">\n                    <div class=\"col col-2\">\n                        \n\n<div class=\"content\">\n\n            \n<p class=\"uptext\">\n    <span class=\"line\"><\/span>\n    Uppt\u00e4ck mer<\/p>    \n    \n            \n<h2 class=\"h3\"> Utforska utbredning och inriktningar <\/h2>    \n            <p class=\"ingress\">Hur utbredd \u00e4r buddhismen? Var i v\u00e4rlden dominerar olika inriktningar inom islam? <\/p>\n    \n            <ul class=\"usps\">\n            <li class=\"usp\">\n            <svg width=\"24\" height=\"24\" viewBox=\"0 0 24 24\" fill=\"none\" xmlns=\"http:\/\/www.w3.org\/2000\/svg\">\n    <path d=\"M9 16.17 5.53 12.7a.996.996 0 1 0-1.41 1.41l4.18 4.18c.39.39 1.02.39 1.41 0L20.29 7.71a.996.996 0 1 0-1.41-1.41L9 16.17z\" fill=\"#007DB8\"\/>\n<\/svg>\n            Genom att panorera och zooma i den interaktiva kartan kan du n\u00e4rstudera s\u00e4rskilt intressanta f\u00f6rh\u00e5llanden i ett visst land eller en viss region.         <\/li>\n            <li class=\"usp\">\n            <svg width=\"24\" height=\"24\" viewBox=\"0 0 24 24\" fill=\"none\" xmlns=\"http:\/\/www.w3.org\/2000\/svg\">\n    <path d=\"M9 16.17 5.53 12.7a.996.996 0 1 0-1.41 1.41l4.18 4.18c.39.39 1.02.39 1.41 0L20.29 7.71a.996.996 0 1 0-1.41-1.41L9 16.17z\" fill=\"#007DB8\"\/>\n<\/svg>\n            Under Inriktningar kan man med hj\u00e4lp av cirklar i olika f\u00e4rger enkelt j\u00e4mf\u00f6ra till exempel hur m\u00e5nga anh\u00e4ngare buddhismen har i relation till kristendomen.        <\/li>\n    <\/ul>    \n    \n    \n\n<\/div>                    <\/div>\n                    <div class=\"col col-2 img-right\">\n                                                                                                                        <picture>\n                                        <source media=\"(min-width:767px)\" srcset=\"https:\/\/www.ne.se\/info\/wp-content\/uploads\/2023\/07\/University_of_Al_Qaraouiyine-1080x992.jpg\">\n                                        <source media=\"(max-width:767px)\" srcset=\"https:\/\/www.ne.se\/info\/wp-content\/uploads\/2023\/07\/University_of_Al_Qaraouiyine-1080x920.jpg\">\n                                        <img decoding=\"async\" src=\"https:\/\/www.ne.se\/info\/wp-content\/uploads\/2023\/07\/University_of_Al_Qaraouiyine-1080x992.jpg\" srcset=\"\" sizes=\"(max-width: 1080px) 100vw, 1080px\" alt=\"\" title=\"University_of_Al_Qaraouiyine\"  \/>\n                                    <\/picture>\n                                                            \n                                            <\/div>\n                <\/div>\n                    <\/div>\n    <\/div>\n<\/section>\n\n\n\n\n\n\n<section  class=\"left-right bg-gray\">\n    <div class=\"container twelve-col\">\n        <div class=\"inner   \">\n                            <div class=\"grid\">\n                    <div class=\"col col-2 img-left\">\n                                                                                                                        <picture>\n                                        <source media=\"(min-width:767px)\" srcset=\"https:\/\/www.ne.se\/info\/wp-content\/uploads\/2023\/07\/ima240193-1240x992.jpg\">\n                                        <source media=\"(max-width:767px)\" srcset=\"https:\/\/www.ne.se\/info\/wp-content\/uploads\/2023\/07\/ima240193-1460x920.jpg\">\n                                        <img decoding=\"async\" src=\"https:\/\/www.ne.se\/info\/wp-content\/uploads\/2023\/07\/ima240193-1240x992.jpg\" srcset=\"https:\/\/www.ne.se\/info\/wp-content\/uploads\/2023\/07\/ima240193-1240x992.jpg 1240w, https:\/\/www.ne.se\/info\/wp-content\/uploads\/2023\/07\/ima240193-800x640.jpg 800w\" sizes=\"(max-width: 1240px) 100vw, 1240px\" alt=\"\" title=\"\u00c4ldre personer sitter vid dator och surfplatta\"  \/>\n                                    <\/picture>\n                                                            \n                                            <\/div>\n                    <div class=\"col col-2\">\n                        \n\n<div class=\"content\">\n\n            \n<p class=\"uptext\">\n    <span class=\"line\"><\/span>\n    Sp\u00e4nnande samband <\/p>    \n    \n            \n<h2 class=\"h3\"> Studera f\u00f6rh\u00e5llanden <\/h2>    \n            <p class=\"ingress\">Genom att laborera med kartans funktioner kan du hitta intressanta korrelationer. Till exempel \u00e4r Israel det enda land i v\u00e4rlden d\u00e4r judendomen dominerar, men det bor ungef\u00e4r lika m\u00e5nga judar i USA. Vad beror det p\u00e5? \u00c4r v\u00e4rldsreligionernas viktigaste platser spridda j\u00e4mnt \u00f6ver v\u00e4rlden eller inte?<\/p>\n    \n    \n    \n    \n\n<\/div>                    <\/div>\n                <\/div>\n                    <\/div>\n    <\/div>\n<\/section>\n\n\n\n\n\n\n<section  class=\"left-right bg-white\">\n    <div class=\"container twelve-col\">\n        <div class=\"inner   \">\n                            <div class=\"grid\">\n                    <div class=\"col col-2\">\n                        \n\n<div class=\"content\">\n\n            \n<p class=\"uptext\">\n    <span class=\"line\"><\/span>\n    J\u00e4mf\u00f6relser och f\u00f6rdjupning<\/p>    \n    \n            \n<h2 class=\"h3\"> F\u00f6rdjupa dig i de stora fr\u00e5gorna <\/h2>    \n            <p class=\"ingress\">Hur ser v\u00e4rldsreligionernas gudssyn ut, vilka olika s\u00e4tt att se p\u00e5 tid finns det och vad h\u00e4nder efter d\u00f6den? I V\u00e4rldens religioner kan du p\u00e5 ett enkelt s\u00e4tt utforska s\u00e5v\u00e4l ber\u00f6ringspunkter som skillnader mellan v\u00e4rldsreligionerna. I tj\u00e4nsten finns f\u00f6rdjupningstexter om kristendom, judendom, islam, hinduism och buddhism fr\u00e5n Sveriges nationella uppslagsverk.<\/p>\n    \n    \n            <div class=\"btn-container\">\n                            \n<a href=\"https:\/\/www.ne.se\/info\/experter-och-skribenter\/religion\/\" target=\"\" aria-label=\"Experter och skribenter\" class=\"button button-blue\">\n    Experter och skribenter    <\/a>                                <\/div>\n    \n    \n\n<\/div>                    <\/div>\n                    <div class=\"col col-2 img-right\">\n                                                                                                                        <picture>\n                                        <source media=\"(min-width:767px)\" srcset=\"https:\/\/www.ne.se\/info\/wp-content\/uploads\/2023\/07\/pexels-pixabay-159862-1240x992.jpg\">\n                                        <source media=\"(max-width:767px)\" srcset=\"https:\/\/www.ne.se\/info\/wp-content\/uploads\/2023\/07\/pexels-pixabay-159862-1460x920.jpg\">\n                                        <img decoding=\"async\" src=\"https:\/\/www.ne.se\/info\/wp-content\/uploads\/2023\/07\/pexels-pixabay-159862-1240x992.jpg\" srcset=\"https:\/\/www.ne.se\/info\/wp-content\/uploads\/2023\/07\/pexels-pixabay-159862-1240x992.jpg 1240w, https:\/\/www.ne.se\/info\/wp-content\/uploads\/2023\/07\/pexels-pixabay-159862-800x640.jpg 800w\" sizes=\"(max-width: 1240px) 100vw, 1240px\" alt=\"\" title=\"pexels-pixabay-159862\"  \/>\n                                    <\/picture>\n                                                            \n                                            <\/div>\n                <\/div>\n                    <\/div>\n    <\/div>\n<\/section>\n\n\n\n\n\n\n<section  class=\"left-right bg-gray\">\n    <div class=\"container twelve-col\">\n        <div class=\"inner   \">\n                            <div class=\"grid\">\n                    <div class=\"col col-2\">\n                        \n\n<div class=\"content\">\n\n    \n    \n            \n<h2 class=\"h2\"> Kom ig\u00e5ng direkt <\/h2>    \n            <p class=\"ingress\">Att komma ig\u00e5ng med NE \u00e4r enkelt. Skaffa inspirerande, faktasp\u00e4ckade och p\u00e5litliga kunskapstj\u00e4nster fr\u00e5n 59 kr\/m\u00e5n. Du \u00e4r ig\u00e5ng p\u00e5 ett par minuter och f\u00e5r tillg\u00e5ng direkt. Avsluta n\u00e4r du vill.<br \/>\r\n<\/p>\n    \n    \n            <div class=\"btn-container\">\n                            \n<a href=\"https:\/\/www.ne.se\/info\/privatpersoner\/priser-privatpersoner\/\" target=\"\" aria-label=\"Prova NE gratis i 7 dagar\" class=\"button button-blue\">\n    Prova NE gratis i 7 dagar    <\/a>                                <\/div>\n    \n    \n\n<\/div>                    <\/div>\n                    <div class=\"col col-2 img-right\">\n                                                                                                                        <picture>\n                                        <source media=\"(min-width:767px)\" srcset=\"https:\/\/www.ne.se\/info\/wp-content\/uploads\/2023\/04\/Cirklar-NE-1240x992.png\">\n                                        <source media=\"(max-width:767px)\" srcset=\"https:\/\/www.ne.se\/info\/wp-content\/uploads\/2023\/04\/Cirklar-NE-1240x920.png\">\n                                        <img decoding=\"async\" src=\"https:\/\/www.ne.se\/info\/wp-content\/uploads\/2023\/04\/Cirklar-NE-1240x992.png\" srcset=\"https:\/\/www.ne.se\/info\/wp-content\/uploads\/2023\/04\/Cirklar-NE-1240x992.png 1240w, https:\/\/www.ne.se\/info\/wp-content\/uploads\/2023\/04\/Cirklar-NE-800x640.png 800w\" sizes=\"(max-width: 1240px) 100vw, 1240px\" alt=\"\" title=\"Cirklar NE\"  \/>\n                                    <\/picture>\n                                                            \n                                            <\/div>\n                <\/div>\n                    <\/div>\n    <\/div>\n<\/section>\n\n\n","protected":false},"excerpt":{"rendered":"","protected":false},"author":13,"featured_media":0,"parent":1425,"menu_order":1,"comment_status":"closed","ping_status":"closed","template":"page-teaching-material.php","meta":{"inline_featured_image":false,"footnotes":""},"subject":[],"class_list":["post-7953","page","type-page","status-publish","hentry"],"acf":[],"_links":{"self":[{"href":"https:\/\/www.ne.se\/info\/wp-json\/wp\/v2\/pages\/7953","targetHints":{"allow":["GET"]}}],"collection":[{"href":"https:\/\/www.ne.se\/info\/wp-json\/wp\/v2\/pages"}],"about":[{"href":"https:\/\/www.ne.se\/info\/wp-json\/wp\/v2\/types\/page"}],"author":[{"embeddable":true,"href":"https:\/\/www.ne.se\/info\/wp-json\/wp\/v2\/users\/13"}],"replies":[{"embeddable":true,"href":"https:\/\/www.ne.se\/info\/wp-json\/wp\/v2\/comments?post=7953"}],"version-history":[{"count":23,"href":"https:\/\/www.ne.se\/info\/wp-json\/wp\/v2\/pages\/7953\/revisions"}],"predecessor-version":[{"id":8398,"href":"https:\/\/www.ne.se\/info\/wp-json\/wp\/v2\/pages\/7953\/revisions\/8398"}],"up":[{"embeddable":true,"href":"https:\/\/www.ne.se\/info\/wp-json\/wp\/v2\/pages\/1425"}],"wp:attachment":[{"href":"https:\/\/www.ne.se\/info\/wp-json\/wp\/v2\/media?parent=7953"}],"wp:term":[{"taxonomy":"subject","embeddable":true,"href":"https:\/\/www.ne.se\/info\/wp-json\/wp\/v2\/subject?post=7953"}],"curies":[{"name":"wp","href":"https:\/\/api.w.org\/{rel}","templated":true}]}}