{"id":8774,"date":"2024-08-22T07:06:41","date_gmt":"2024-08-22T07:06:41","guid":{"rendered":"https:\/\/www.ne.se\/info\/?page_id=8774"},"modified":"2024-09-12T13:04:25","modified_gmt":"2024-09-12T13:04:25","slug":"guide-elevaktiva-samtal-for-meningsfull-och-demokratisk-undervisning","status":"publish","type":"page","link":"https:\/\/www.ne.se\/info\/skola\/guide-elevaktiva-samtal-for-meningsfull-och-demokratisk-undervisning\/","title":{"rendered":"Guide: 7 tips f\u00f6r en demokratisk undervisning med elevaktiva samtal"},"content":{"rendered":"\n\n<section  class=\"blog-header\">\n    <div class=\"container\">\n        <div class=\"inner  pt-5 pb-2\">\n        \n            <div class=\"content\">\n                \n                \n                \n                            <\/div>\n\n                            <img decoding=\"async\" src=\"https:\/\/www.ne.se\/info\/wp-content\/uploads\/2024\/09\/Blog-header_guide-kooperativt-1280x516.png\" srcset=\"https:\/\/www.ne.se\/info\/wp-content\/uploads\/2024\/09\/Blog-header_guide-kooperativt-1280x516.png 1280w, https:\/\/www.ne.se\/info\/wp-content\/uploads\/2024\/09\/Blog-header_guide-kooperativt-300x121.png 300w, https:\/\/www.ne.se\/info\/wp-content\/uploads\/2024\/09\/Blog-header_guide-kooperativt-1024x413.png 1024w, https:\/\/www.ne.se\/info\/wp-content\/uploads\/2024\/09\/Blog-header_guide-kooperativt-768x310.png 768w, https:\/\/www.ne.se\/info\/wp-content\/uploads\/2024\/09\/Blog-header_guide-kooperativt-1536x619.png 1536w, https:\/\/www.ne.se\/info\/wp-content\/uploads\/2024\/09\/Blog-header_guide-kooperativt-2048x826.png 2048w, https:\/\/www.ne.se\/info\/wp-content\/uploads\/2024\/09\/Blog-header_guide-kooperativt-354x143.png 354w\" sizes=\"(max-width: 1280px) 100vw, 1280px\" alt=\"\" title=\"Blog header_guide kooperativt\" \/>\n                                    <\/div>\n    <\/div>\n<\/section>\n\n\n\n<section  class=\"hubspot-form-block\">\n    <div class=\"container\">\n        <div class=\"inner  pt-3 pb-5\">\n                            <div class=\"grid\">\n                    <div class=\"col col-2\">\n                        \n\n<div class=\"content\">\n\n            \n<p class=\"uptext\">\n    <span class=\"line\"><\/span>\n    Ladda ner helt kostnadsfritt<\/p>    \n            \n<h2 class=\"\"> Guide: 7 tips f\u00f6r en demokratisk undervisning med elevaktiva samtal  <\/h2>    \n            <p class=\"ingress\">\u00c4r du nyfiken p\u00e5 kooperativt l\u00e4rande? Niclas Fohlin och Jennie Wilson ger dig tips p\u00e5 hur elevaktiva samtal fr\u00e4mjar elevernas m\u00f6jlighet till aktivitet, samarbete och utbyte av varandra i klassrummet.<\/p>\n    \n    \n    \n<\/div>                    <\/div>\n                    <div class=\"col col-2 form-right\">\n                        <div class=\"hubspot-form\">\n                            <script charset=\"utf-8\" type=\"text\/javascript\" src=\"\/\/js.hsforms.net\/forms\/embed\/v2.js\"><\/script>\r\n<script>\r\n  hbspt.forms.create({\r\n    region: \"na1\",\r\n    portalId: \"4069921\",\r\n    formId: \"8099db78-6fba-46d7-856b-20ece479167d\"\r\n  });\r\n<\/script>                        <\/div>\n                    <\/div>\n                <\/div>\n                    <\/div>\n    <\/div>\n<\/section>","protected":false},"excerpt":{"rendered":"","protected":false},"author":13,"featured_media":0,"parent":751,"menu_order":0,"comment_status":"closed","ping_status":"closed","template":"","meta":{"inline_featured_image":false,"footnotes":""},"subject":[],"class_list":["post-8774","page","type-page","status-publish","hentry"],"acf":[],"_links":{"self":[{"href":"https:\/\/www.ne.se\/info\/wp-json\/wp\/v2\/pages\/8774","targetHints":{"allow":["GET"]}}],"collection":[{"href":"https:\/\/www.ne.se\/info\/wp-json\/wp\/v2\/pages"}],"about":[{"href":"https:\/\/www.ne.se\/info\/wp-json\/wp\/v2\/types\/page"}],"author":[{"embeddable":true,"href":"https:\/\/www.ne.se\/info\/wp-json\/wp\/v2\/users\/13"}],"replies":[{"embeddable":true,"href":"https:\/\/www.ne.se\/info\/wp-json\/wp\/v2\/comments?post=8774"}],"version-history":[{"count":23,"href":"https:\/\/www.ne.se\/info\/wp-json\/wp\/v2\/pages\/8774\/revisions"}],"predecessor-version":[{"id":15769,"href":"https:\/\/www.ne.se\/info\/wp-json\/wp\/v2\/pages\/8774\/revisions\/15769"}],"up":[{"embeddable":true,"href":"https:\/\/www.ne.se\/info\/wp-json\/wp\/v2\/pages\/751"}],"wp:attachment":[{"href":"https:\/\/www.ne.se\/info\/wp-json\/wp\/v2\/media?parent=8774"}],"wp:term":[{"taxonomy":"subject","embeddable":true,"href":"https:\/\/www.ne.se\/info\/wp-json\/wp\/v2\/subject?post=8774"}],"curies":[{"name":"wp","href":"https:\/\/api.w.org\/{rel}","templated":true}]}}