{"id":9432,"date":"2023-10-11T08:54:27","date_gmt":"2023-10-11T08:54:27","guid":{"rendered":"https:\/\/www.ne.se\/info\/?page_id=9432"},"modified":"2025-10-09T14:17:50","modified_gmt":"2025-10-09T14:17:50","slug":"tipsrunda-halloween","status":"publish","type":"page","link":"https:\/\/www.ne.se\/info\/skola\/tipsrunda-halloween\/","title":{"rendered":"Tipsrunda: Halloween"},"content":{"rendered":"\n\n<section  class=\"blog-header\">\n    <div class=\"container\">\n        <div class=\"inner  pt-5 pb-2\">\n        \n            <div class=\"content\">\n                \n                \n                \n                            <\/div>\n\n                            <img decoding=\"async\" src=\"https:\/\/www.ne.se\/info\/wp-content\/uploads\/2023\/10\/Bloggbild-tipsrunda-1280x516.png\" srcset=\"https:\/\/www.ne.se\/info\/wp-content\/uploads\/2023\/10\/Bloggbild-tipsrunda-1280x516.png 1280w, https:\/\/www.ne.se\/info\/wp-content\/uploads\/2023\/10\/Bloggbild-tipsrunda-300x121.png 300w, https:\/\/www.ne.se\/info\/wp-content\/uploads\/2023\/10\/Bloggbild-tipsrunda-1024x413.png 1024w, https:\/\/www.ne.se\/info\/wp-content\/uploads\/2023\/10\/Bloggbild-tipsrunda-768x310.png 768w, https:\/\/www.ne.se\/info\/wp-content\/uploads\/2023\/10\/Bloggbild-tipsrunda-1536x619.png 1536w, https:\/\/www.ne.se\/info\/wp-content\/uploads\/2023\/10\/Bloggbild-tipsrunda-2048x826.png 2048w, https:\/\/www.ne.se\/info\/wp-content\/uploads\/2023\/10\/Bloggbild-tipsrunda-354x143.png 354w\" sizes=\"(max-width: 1280px) 100vw, 1280px\" alt=\"\" title=\"Bloggbild tipsrunda\" \/>\n                                    <\/div>\n    <\/div>\n<\/section>\n\n\n\n<section  class=\"hubspot-form-block\">\n    <div class=\"container\">\n        <div class=\"inner  pt-3 pb-5\">\n                            <div class=\"grid\">\n                    <div class=\"col col-2\">\n                        \n\n<div class=\"content\">\n\n            \n<p class=\"uptext\">\n    <span class=\"line\"><\/span>\n    Lektionstips inf\u00f6r l\u00e4slovet<\/p>    \n            \n<h2 class=\"\"> Tipsrunda: Halloween <\/h2>    \n            <p class=\"ingress\">Fyll i formul\u00e4ret s\u00e5 f\u00e5r du en kuslig tipsrunda direkt i din inkorg. Efter det kan du enkelt skriva ut tipsfr\u00e5gorna. Givetvis f\u00e5r du \u00e4ven svarsblad och facit, allt f\u00e4rdigt f\u00f6r en rolig aktivitet i Halloween-tider.<\/p>\n    \n            <ul class=\"usps\">\n            <li class=\"usp\">\n            <svg width=\"24\" height=\"24\" viewBox=\"0 0 24 24\" fill=\"none\" xmlns=\"http:\/\/www.w3.org\/2000\/svg\">\n    <path d=\"M9 16.17 5.53 12.7a.996.996 0 1 0-1.41 1.41l4.18 4.18c.39.39 1.02.39 1.41 0L20.29 7.71a.996.996 0 1 0-1.41-1.41L9 16.17z\" fill=\"#007DB8\"\/>\n<\/svg>\n            F\u00e4rdiga tipsfr\u00e5gor med facit och svarsblad        <\/li>\n            <li class=\"usp\">\n            <svg width=\"24\" height=\"24\" viewBox=\"0 0 24 24\" fill=\"none\" xmlns=\"http:\/\/www.w3.org\/2000\/svg\">\n    <path d=\"M9 16.17 5.53 12.7a.996.996 0 1 0-1.41 1.41l4.18 4.18c.39.39 1.02.39 1.41 0L20.29 7.71a.996.996 0 1 0-1.41-1.41L9 16.17z\" fill=\"#007DB8\"\/>\n<\/svg>\n            Blandade temafr\u00e5gor        <\/li>\n            <li class=\"usp\">\n            <svg width=\"24\" height=\"24\" viewBox=\"0 0 24 24\" fill=\"none\" xmlns=\"http:\/\/www.w3.org\/2000\/svg\">\n    <path d=\"M9 16.17 5.53 12.7a.996.996 0 1 0-1.41 1.41l4.18 4.18c.39.39 1.02.39 1.41 0L20.29 7.71a.996.996 0 1 0-1.41-1.41L9 16.17z\" fill=\"#007DB8\"\/>\n<\/svg>\n            Gratis att ladda ner        <\/li>\n    <\/ul>    \n    \n<\/div>                    <\/div>\n                    <div class=\"col col-2 form-right\">\n                        <div class=\"hubspot-form\">\n                            <script charset=\"utf-8\" type=\"text\/javascript\" src=\"\/\/js.hsforms.net\/forms\/embed\/v2.js\"><\/script>\r\n<script>\r\n  hbspt.forms.create({\r\n    region: \"na1\",\r\n    portalId: \"4069921\",\r\n    formId: \"d3a186f0-84a8-46cd-9c09-980b48f522dc\"\r\n  });\r\n<\/script>                        <\/div>\n                    <\/div>\n                <\/div>\n                    <\/div>\n    <\/div>\n<\/section>\n\n\n\n<section  class=\"left-right bg-white\">\n    <div class=\"container twelve-col\">\n        <div class=\"inner   \">\n                            <div class=\"grid\">\n                    <div class=\"col col-2\">\n                        \n\n<div class=\"content\">\n\n    \n    \n            \n<h2 class=\"h2\"> \u00c4mnespaket i SO och NO <\/h2>    \n            <p class=\"ingress\">\u00c4mnespaketet ger en stabil grund och s\u00e4kerst\u00e4ller en elevanpassad undervisning med st\u00f6dfunktioner, filmer, uppgifter och l\u00e4rarst\u00f6d. Med b\u00e5de tryckta och digitala l\u00e4romedel i alla fyra SO- eller<br \/>\r\nNO-\u00e4mnen f\u00e5r du en helhetsl\u00f6sning d\u00e4r formaten speglar varandra \u2013 s\u00e5 att eleverna kan arbeta med det format som passar dem b\u00e4st.<br \/>\r\n<br \/>\r\nPaketen inneh\u00e5ller fyra b\u00f6cker och fyra digitala l\u00e4romedel f\u00f6r \u00e5rskurs 4\u20136 och 7\u20139.<\/p>\n    \n    \n            <div class=\"btn-container\">\n                            \n<a href=\"https:\/\/www.ne.se\/info\/skola\/laromedel\/amnespaket\/\" target=\"\" aria-label=\"Uppt\u00e4ck \u00e4mnespaketen\" class=\"button button-blue\">\n    Uppt\u00e4ck \u00e4mnespaketen    <\/a>                                <\/div>\n    \n    \n\n<\/div>                    <\/div>\n                    <div class=\"col col-2 img-right\">\n                                                                                                                        <picture>\n                                        <source media=\"(min-width:767px)\" srcset=\"https:\/\/www.ne.se\/info\/wp-content\/uploads\/2025\/10\/Amnespaket-Generell-med-pris-kopiera.png\">\n                                        <source media=\"(max-width:767px)\" srcset=\"https:\/\/www.ne.se\/info\/wp-content\/uploads\/2025\/10\/Amnespaket-Generell-med-pris-kopiera.png\">\n                                        <img decoding=\"async\" src=\"https:\/\/www.ne.se\/info\/wp-content\/uploads\/2025\/10\/Amnespaket-Generell-med-pris-kopiera.png\" srcset=\"https:\/\/www.ne.se\/info\/wp-content\/uploads\/2025\/10\/Amnespaket-Generell-med-pris-kopiera.png 1200w, https:\/\/www.ne.se\/info\/wp-content\/uploads\/2025\/10\/Amnespaket-Generell-med-pris-kopiera-300x176.png 300w, https:\/\/www.ne.se\/info\/wp-content\/uploads\/2025\/10\/Amnespaket-Generell-med-pris-kopiera-1024x599.png 1024w, https:\/\/www.ne.se\/info\/wp-content\/uploads\/2025\/10\/Amnespaket-Generell-med-pris-kopiera-768x449.png 768w, https:\/\/www.ne.se\/info\/wp-content\/uploads\/2025\/10\/Amnespaket-Generell-med-pris-kopiera-354x207.png 354w, https:\/\/www.ne.se\/info\/wp-content\/uploads\/2025\/10\/Amnespaket-Generell-med-pris-kopiera-1044x610.png 1044w\" sizes=\"(max-width: 1200px) 100vw, 1200px\" alt=\"\" title=\"A\u0308mnespaket &#8211; Generell &#8211; med pris kopiera\"  \/>\n                                    <\/picture>\n                                                            \n                                            <\/div>\n                <\/div>\n                    <\/div>\n    <\/div>\n<\/section>\n\n\n","protected":false},"excerpt":{"rendered":"","protected":false},"author":13,"featured_media":0,"parent":751,"menu_order":0,"comment_status":"closed","ping_status":"closed","template":"","meta":{"inline_featured_image":false,"footnotes":""},"subject":[],"class_list":["post-9432","page","type-page","status-publish","hentry"],"acf":[],"_links":{"self":[{"href":"https:\/\/www.ne.se\/info\/wp-json\/wp\/v2\/pages\/9432","targetHints":{"allow":["GET"]}}],"collection":[{"href":"https:\/\/www.ne.se\/info\/wp-json\/wp\/v2\/pages"}],"about":[{"href":"https:\/\/www.ne.se\/info\/wp-json\/wp\/v2\/types\/page"}],"author":[{"embeddable":true,"href":"https:\/\/www.ne.se\/info\/wp-json\/wp\/v2\/users\/13"}],"replies":[{"embeddable":true,"href":"https:\/\/www.ne.se\/info\/wp-json\/wp\/v2\/comments?post=9432"}],"version-history":[{"count":18,"href":"https:\/\/www.ne.se\/info\/wp-json\/wp\/v2\/pages\/9432\/revisions"}],"predecessor-version":[{"id":23991,"href":"https:\/\/www.ne.se\/info\/wp-json\/wp\/v2\/pages\/9432\/revisions\/23991"}],"up":[{"embeddable":true,"href":"https:\/\/www.ne.se\/info\/wp-json\/wp\/v2\/pages\/751"}],"wp:attachment":[{"href":"https:\/\/www.ne.se\/info\/wp-json\/wp\/v2\/media?parent=9432"}],"wp:term":[{"taxonomy":"subject","embeddable":true,"href":"https:\/\/www.ne.se\/info\/wp-json\/wp\/v2\/subject?post=9432"}],"curies":[{"name":"wp","href":"https:\/\/api.w.org\/{rel}","templated":true}]}}