{"id":1238,"date":"2023-03-21T09:05:02","date_gmt":"2023-03-21T09:05:02","guid":{"rendered":"https:\/\/www.ne.se\/info\/?post_type=webinar&#038;p=1238"},"modified":"2025-05-22T09:45:31","modified_gmt":"2025-05-22T09:45:31","slug":"minnestraning-vagen-mot-ny-kunskap-och-okad-maluppfyllelse","status":"publish","type":"webinar","link":"https:\/\/www.ne.se\/info\/webbinarier\/minnestraning-vagen-mot-ny-kunskap-och-okad-maluppfyllelse\/","title":{"rendered":"Minnestr\u00e4ning \u2013 v\u00e4gen mot ny kunskap och \u00f6kad m\u00e5luppfyllelse"},"content":{"rendered":"","protected":false},"author":8,"parent":0,"menu_order":14,"template":"","meta":{"inline_featured_image":false},"subject":[12,15,19,18],"class_list":["post-1238","webinar","type-webinar","status-publish","hentry"],"acf":[],"_links":{"self":[{"href":"https:\/\/www.ne.se\/info\/wp-json\/wp\/v2\/webinar\/1238","targetHints":{"allow":["GET"]}}],"collection":[{"href":"https:\/\/www.ne.se\/info\/wp-json\/wp\/v2\/webinar"}],"about":[{"href":"https:\/\/www.ne.se\/info\/wp-json\/wp\/v2\/types\/webinar"}],"author":[{"embeddable":true,"href":"https:\/\/www.ne.se\/info\/wp-json\/wp\/v2\/users\/8"}],"wp:attachment":[{"href":"https:\/\/www.ne.se\/info\/wp-json\/wp\/v2\/media?parent=1238"}],"wp:term":[{"taxonomy":"subject","embeddable":true,"href":"https:\/\/www.ne.se\/info\/wp-json\/wp\/v2\/subject?post=1238"}],"curies":[{"name":"wp","href":"https:\/\/api.w.org\/{rel}","templated":true}]}}

Minnesträning – vägen mot ny kunskap och ökad måluppfyllelse
